000
CDUS46 KLOX 210914
CLIPMD


CLIMATE REPORT
NATIONAL WEATHER SERVICE LOS ANGELES/OXNARD CA
112 AM PST SUN JAN 21 2018


...................................

...THE PALMDALE AIRPORT CA CLIMATE SUMMARY FOR JANUARY 20 2018...

CLIMATE NORMAL PERIOD 1981 TO 2010
CLIMATE RECORD PERIOD 1931 TO 2018


WEATHER ITEM   OBSERVED TIME   RECORD YEAR NORMAL DEPARTURE LAST
                VALUE   (LST)  VALUE       VALUE  FROM      YEAR
                                                  NORMAL
..................................................................
TEMPERATURE (F)
 YESTERDAY
  MAXIMUM         49    209 PM  81    1971  59    -10       52
  MINIMUM         37   1159 PM  12    1963  32      5       43
  AVERAGE         43                        45     -2       48

PRECIPITATION (IN)
  YESTERDAY        0.00          1.00 1933   0.04  -0.04     0.49
  MONTH TO DATE    0.60                      1.13  -0.53     1.51
  SINCE OCT 1      0.60                      3.58  -2.98     3.30
  SINCE JAN 1      0.60                      1.13  -0.53     1.51

SNOWFALL (IN)
  YESTERDAY        0.0           0.0  1974  MM              MM
  MONTH TO DATE    0.0                      MM               0.0
  SINCE DEC 1      0.0                      MM               0.0
  SINCE JUL 1      0.0                      MM               0.0
  SNOW DEPTH       0

DEGREE DAYS
 HEATING
  YESTERDAY       22                        20      2       17
  MONTH TO DATE  241                       409   -168      374
  SINCE DEC 1    770                      1046   -276      946
  SINCE JUL 1   1055                      1573   -518     1329

 COOLING
  YESTERDAY        0                         0      0        0
  MONTH TO DATE    0                         0      0        0
  SINCE DEC 1      0                         0      0        0
  SINCE JAN 1      0                         0      0        0
..................................................................


WIND (MPH)
  HIGHEST WIND SPEED    38   HIGHEST WIND DIRECTION    NW (300)
  HIGHEST GUST SPEED    43   HIGHEST GUST DIRECTION    NW (300)
  AVERAGE WIND SPEED    16.8


SKY COVER
  POSSIBLE SUNSHINE  MM
  AVERAGE SKY COVER 0.1


WEATHER CONDITIONS
 THE FOLLOWING WEATHER WAS RECORDED YESTERDAY.
  NO SIGNIFICANT WEATHER WAS OBSERVED.


RELATIVE HUMIDITY (PERCENT)
 HIGHEST    70           300 AM
 LOWEST     42          1100 AM
 AVERAGE    56

..........................................................


THE PALMDALE AIRPORT CA CLIMATE NORMALS FOR TODAY
                         NORMAL    RECORD    YEAR
 MAXIMUM TEMPERATURE (F)   59        74      1950
 MINIMUM TEMPERATURE (F)   32         9      1937


SUNRISE AND SUNSET
JANUARY 21 2018.......SUNRISE   657 AM PST   SUNSET   511 PM PST
JANUARY 22 2018.......SUNRISE   656 AM PST   SUNSET   512 PM PST


-  INDICATES NEGATIVE NUMBERS.
R  INDICATES RECORD WAS SET OR TIED.
MM INDICATES DATA IS MISSING.
T  INDICATES TRACE AMOUNT.




$$
