138
CDUS46 KLOX 240123
CLIPMD


CLIMATE REPORT
NATIONAL WEATHER SERVICE LOS ANGELES/OXNARD CA
623 PM PDT TUE MAY 23 2017


...................................

...THE PALMDALE AIRPORT CA CLIMATE SUMMARY FOR MAY 23 2017...
VALID TODAY AS OF 0600 PM LOCAL TIME.

CLIMATE NORMAL PERIOD 1981 TO 2010
CLIMATE RECORD PERIOD 1931 TO 2017


WEATHER ITEM   OBSERVED TIME   RECORD YEAR NORMAL DEPARTURE LAST
                VALUE   (LST)  VALUE       VALUE  FROM      YEAR
                                                  NORMAL
..................................................................
TEMPERATURE (F)
 TODAY
  MAXIMUM         99    156 PM 102    2000  85     14       71
  MINIMUM         63    454 AM  42    2010  54      9       50
  AVERAGE         81                        70     11       61

PRECIPITATION (IN)
  TODAY            0.00          0.18 1999   0.00   0.00     0.00
  MONTH TO DATE    0.02                      0.22  -0.20      T
  SINCE OCT 1      5.93                      7.65  -1.72     4.28
  SINCE JAN 1      4.14                      5.20  -1.06     2.47

SNOWFALL (IN)
  TODAY            0.0          MM      MM  MM               0.0
  MONTH TO DATE    0.0                      MM               0.0
  SINCE MAR 1      0.0                      MM               0.0
  SINCE JUL 1      0.0                      MM                T
  SNOW DEPTH       0

DEGREE DAYS
 HEATING
  TODAY            0                         2     -2        4
  MONTH TO DATE   58                        60     -2       51
  SINCE MAR 1    411                       665   -254      434
  SINCE JUL 1   2320                      2910   -590     2595

 COOLING
  TODAY           16                         6     10        0
  MONTH TO DATE  107                        91     16       72
  SINCE MAR 1    121                       114      7       92
  SINCE JAN 1    121                       114      7       92
..................................................................


WIND (MPH)
  HIGHEST WIND SPEED    28   HIGHEST WIND DIRECTION     W (250)
  HIGHEST GUST SPEED    33   HIGHEST GUST DIRECTION    SW (240)
  AVERAGE WIND SPEED     9.8


SKY COVER
  POSSIBLE SUNSHINE  MM
  AVERAGE SKY COVER 0.0


WEATHER CONDITIONS
 THE FOLLOWING WEATHER WAS RECORDED TODAY.
  NO SIGNIFICANT WEATHER WAS OBSERVED.


RELATIVE HUMIDITY (PERCENT)
 HIGHEST    43           500 AM
 LOWEST     10           100 PM
 AVERAGE    27

..........................................................


THE PALMDALE AIRPORT CA CLIMATE NORMALS FOR TOMORROW
                         NORMAL    RECORD    YEAR
 MAXIMUM TEMPERATURE (F)   86        98      2001
 MINIMUM TEMPERATURE (F)   54        39      1980


SUNRISE AND SUNSET
MAY 23 2017...........SUNRISE   544 AM PDT   SUNSET   754 PM PDT
MAY 24 2017...........SUNRISE   544 AM PDT   SUNSET   755 PM PDT


-  INDICATES NEGATIVE NUMBERS.
R  INDICATES RECORD WAS SET OR TIED.
MM INDICATES DATA IS MISSING.
T  INDICATES TRACE AMOUNT.




$$
