000
CDUS46 KLOX 231025
CLIPMD


CLIMATE REPORT
NATIONAL WEATHER SERVICE LOS ANGELES/OXNARD CA
225 AM PST SUN NOV 23 2014


...................................

...THE PALMDALE AIRPORT CA CLIMATE SUMMARY FOR NOVEMBER 22 2014...

CLIMATE NORMAL PERIOD 1981 TO 2010
CLIMATE RECORD PERIOD 1931 TO 2014


WEATHER ITEM   OBSERVED TIME   RECORD YEAR NORMAL DEPARTURE LAST
                VALUE   (LST)  VALUE       VALUE  FROM      YEAR
                                                  NORMAL
..................................................................
TEMPERATURE (F)
 YESTERDAY
  MAXIMUM         71   1134 AM  80    1962  64      7       45
  MINIMUM         37    513 AM  11    1937  34      3       41
  AVERAGE         54                        49      5       43

PRECIPITATION (IN)
  YESTERDAY        0.00          2.52 1965   0.02  -0.02     0.36
  MONTH TO DATE    T                         0.55  -0.55     1.78
  SINCE JUL 1      0.16                      1.68  -1.52     1.99
  SINCE JAN 1      3.21                      7.00  -3.79     2.85

SNOWFALL (IN)
  YESTERDAY        0.0           0.0  1973  MM              MM
  MONTH TO DATE    0.0                      MM               0.0
  SINCE SEP 1      0.0                      MM               0.0
  SINCE JUL 1      0.0                      MM               0.0
  SNOW DEPTH       0

DEGREE DAYS
 HEATING
  YESTERDAY       11                        16     -5       22
  MONTH TO DATE  194                       261    -67      218
  SINCE SEP 1    220                       388   -168      379
  SINCE JUL 1    220                       388   -168      379

 COOLING
  YESTERDAY        0                         0      0        0
  MONTH TO DATE    1                         0      1        0
  SINCE SEP 1    510                       332    178      361
  SINCE JAN 1   2223                      1814    409     2126
..................................................................


WIND (MPH)
  HIGHEST WIND SPEED    40   HIGHEST WIND DIRECTION     W (290)
  HIGHEST GUST SPEED    49   HIGHEST GUST DIRECTION     W (280)
  AVERAGE WIND SPEED    17.3


SKY COVER
  POSSIBLE SUNSHINE  MM
  AVERAGE SKY COVER 0.0


WEATHER CONDITIONS
 THE FOLLOWING WEATHER WAS RECORDED YESTERDAY.
  HAZE


RELATIVE HUMIDITY (PERCENT)
 HIGHEST    76           500 AM
 LOWEST     28          1200 PM
 AVERAGE    52

..........................................................


THE PALMDALE AIRPORT CA CLIMATE NORMALS FOR TODAY
                         NORMAL    RECORD    YEAR
 MAXIMUM TEMPERATURE (F)   64        79      1981
 MINIMUM TEMPERATURE (F)   34        16      1941


SUNRISE AND SUNSET
NOVEMBER 23 2014......SUNRISE   634 AM PST   SUNSET   444 PM PST
NOVEMBER 24 2014......SUNRISE   635 AM PST   SUNSET   443 PM PST


-  INDICATES NEGATIVE NUMBERS.
R  INDICATES RECORD WAS SET OR TIED.
MM INDICATES DATA IS MISSING.
T  INDICATES TRACE AMOUNT.




$$
