000
CDUS46 KLOX 230901
CLIPMD


CLIMATE REPORT
NATIONAL WEATHER SERVICE LOS ANGELES/OXNARD CA
200 AM PDT MON OCT 23 2017


...................................

...THE PALMDALE AIRPORT CA CLIMATE SUMMARY FOR OCTOBER 22 2017...

CLIMATE NORMAL PERIOD 1981 TO 2010
CLIMATE RECORD PERIOD 1931 TO 2017


WEATHER ITEM   OBSERVED TIME   RECORD YEAR NORMAL DEPARTURE LAST
                VALUE   (LST)  VALUE       VALUE  FROM      YEAR
                                                  NORMAL
..................................................................
TEMPERATURE (F)
 YESTERDAY
  MAXIMUM         84    311 PM  95    2003  76      8       86
  MINIMUM         42    611 AM  30    1935  46     -4       47
  AVERAGE         63                        61      2       67

PRECIPITATION (IN)
  YESTERDAY        0.00          0.41 1941   0.03  -0.03     0.00
  MONTH TO DATE    0.00                      0.39  -0.39      T
  SINCE OCT 1      0.00                      0.39  -0.39      T
  SINCE JAN 1      4.56                      6.24  -1.68     2.47

SNOWFALL (IN)
  YESTERDAY        0.0           0.0  1973  MM               0.0
  MONTH TO DATE    0.0                      MM               0.0
  SINCE SEP 1      0.0                      MM               0.0
  SINCE JUL 1      0.0                      MM               0.0
  SNOW DEPTH       0

DEGREE DAYS
 HEATING
  YESTERDAY        2                         5     -3        0
  MONTH TO DATE   50                        59     -9       29
  SINCE SEP 1     69                        71     -2       34
  SINCE JUL 1     69                        71     -2       34

 COOLING
  YESTERDAY        0                         1     -1        2
  MONTH TO DATE   37                        54    -17       38
  SINCE SEP 1    324                       329     -5      314
  SINCE JAN 1   2237                      1811    426     2078
..................................................................


WIND (MPH)
  HIGHEST WIND SPEED    16   HIGHEST WIND DIRECTION    NE (30)
  HIGHEST GUST SPEED    20   HIGHEST GUST DIRECTION    NE (40)
  AVERAGE WIND SPEED     4.6


SKY COVER
  POSSIBLE SUNSHINE  MM
  AVERAGE SKY COVER 0.0


WEATHER CONDITIONS
 THE FOLLOWING WEATHER WAS RECORDED YESTERDAY.
  NO SIGNIFICANT WEATHER WAS OBSERVED.


RELATIVE HUMIDITY (PERCENT)
 HIGHEST    53           500 AM
 LOWEST     11           200 PM
 AVERAGE    32

..........................................................


THE PALMDALE AIRPORT CA CLIMATE NORMALS FOR TODAY
                         NORMAL    RECORD    YEAR
 MAXIMUM TEMPERATURE (F)   76        92      1959
 MINIMUM TEMPERATURE (F)   46        30      1953


SUNRISE AND SUNSET
OCTOBER 23 2017.......SUNRISE   705 AM PDT   SUNSET   608 PM PDT
OCTOBER 24 2017.......SUNRISE   706 AM PDT   SUNSET   607 PM PDT


-  INDICATES NEGATIVE NUMBERS.
R  INDICATES RECORD WAS SET OR TIED.
MM INDICATES DATA IS MISSING.
T  INDICATES TRACE AMOUNT.




$$
