000
CDUS44 KMOB 280645
CLIPNS


CLIMATE REPORT
NATIONAL WEATHER SERVICE MOBILE AL
1245 AM CST FRI NOV 28 2014


...................................

...THE PENSACOLA CLIMATE SUMMARY FOR NOVEMBER 27 2014...

CLIMATE NORMAL PERIOD 1981 TO 2010
CLIMATE RECORD PERIOD 1879 TO 2014


WEATHER ITEM   OBSERVED TIME   RECORD YEAR NORMAL DEPARTURE LAST
                VALUE   (LST)  VALUE       VALUE  FROM      YEAR
                                                  NORMAL
..................................................................
TEMPERATURE (F)
 YESTERDAY
  MAXIMUM         60    135 PM  84    1973  67     -7       50
  MINIMUM         41   1159 PM  28    1903  48     -7       34
  AVERAGE         51                        58     -7       42

PRECIPITATION (IN)
  YESTERDAY        0.00          2.95 2005   0.15  -0.15     0.03
  MONTH TO DATE    1.20                      4.24  -3.04     5.30
  SINCE MAR 1     68.34                     50.54  17.80    56.58
  SINCE JAN 1     79.67                     60.23  19.44    70.85

SNOWFALL (IN)
  YESTERDAY        0.0           0.0  2002   0.0    0.0      0.0
                                      2001
                                      2000
  MONTH TO DATE    0.0                       0.0    0.0      0.0
  SINCE MAR 1      0.0                       0.0    0.0      0.0
  SINCE JUL 1      0.0                       0.0    0.0      0.0
  SNOW DEPTH       0

DEGREE DAYS
 HEATING
  YESTERDAY       14                         8      6       23
  MONTH TO DATE  287                       146    141      135
  SINCE SEP 1    299                       184    115      150
  SINCE JUL 1    299                       184    115      150

 COOLING
  YESTERDAY        0                         1     -1        0
  MONTH TO DATE   14                        43    -29       29
  SINCE SEP 1    588                       626    -38      736
  SINCE JAN 1   2544                      2593    -49     2718
..................................................................


WIND (MPH)
  HIGHEST WIND SPEED    20   HIGHEST WIND DIRECTION    NW (330)
  HIGHEST GUST SPEED    26   HIGHEST GUST DIRECTION     N (340)
  AVERAGE WIND SPEED    10.5


SKY COVER
  POSSIBLE SUNSHINE  MM
  AVERAGE SKY COVER 0.0


WEATHER CONDITIONS
 THE FOLLOWING WEATHER WAS RECORDED YESTERDAY.
  NO SIGNIFICANT WEATHER WAS OBSERVED.


RELATIVE HUMIDITY (PERCENT)
 HIGHEST    83           600 AM
 LOWEST     31           100 PM
 AVERAGE    57

..........................................................


THE PENSACOLA CLIMATE NORMALS FOR TODAY
                         NORMAL    RECORD    YEAR
 MAXIMUM TEMPERATURE (F)   67        82      2005
                                             1990
 MINIMUM TEMPERATURE (F)   48        26      1938


SUNRISE AND SUNSET
NOVEMBER 28 2014......SUNRISE   626 AM CST   SUNSET   448 PM CST
NOVEMBER 29 2014......SUNRISE   626 AM CST   SUNSET   448 PM CST


-  INDICATES NEGATIVE NUMBERS.
R  INDICATES RECORD WAS SET OR TIED.
MM INDICATES DATA IS MISSING.
T  INDICATES TRACE AMOUNT.




$$
