000
CDUS44 KMOB 300645
CLIPNS


CLIMATE REPORT
NATIONAL WEATHER SERVICE MOBILE AL
145 AM CDT MON MAY 30 2016


...................................

...THE PENSACOLA CLIMATE SUMMARY FOR MAY 29 2016...

CLIMATE NORMAL PERIOD 1981 TO 2010
CLIMATE RECORD PERIOD 1879 TO 2016


WEATHER ITEM   OBSERVED TIME   RECORD YEAR NORMAL DEPARTURE LAST
                VALUE   (LST)  VALUE       VALUE  FROM      YEAR
                                                  NORMAL
..................................................................
TEMPERATURE (F)
 YESTERDAY
  MAXIMUM         91   1157 AM  98    2012  86      5       84
  MINIMUM         70    435 AM  58    1988  69      1       70
                                      1984
  AVERAGE         81                        78      3       77

PRECIPITATION (IN)
  YESTERDAY        0.08          2.02 1975   0.15  -0.07     0.00
  MONTH TO DATE    1.96                      3.88  -1.92     5.13
  SINCE MAR 1     15.61                     14.01   1.60    17.49
  SINCE JAN 1     24.26                     23.70   0.56    27.90

DEGREE DAYS
 COOLING
  YESTERDAY       16                        13      3       12
  MONTH TO DATE  317                       272     45      320
  SINCE MAR 1    544                       406    138      621
  SINCE JAN 1    562                       420    142      628
..................................................................


WIND (MPH)
  HIGHEST WIND SPEED    15   HIGHEST WIND DIRECTION    SW (230)
  HIGHEST GUST SPEED    19   HIGHEST GUST DIRECTION     S (180)
  AVERAGE WIND SPEED     6.1


SKY COVER
  POSSIBLE SUNSHINE  MM
  AVERAGE SKY COVER 0.2


WEATHER CONDITIONS
 THE FOLLOWING WEATHER WAS RECORDED YESTERDAY.
  THUNDERSTORM
  HEAVY RAIN
  LIGHT RAIN


RELATIVE HUMIDITY (PERCENT)
 HIGHEST    84           200 AM
 LOWEST     44           200 PM
 AVERAGE    64

..........................................................


THE PENSACOLA CLIMATE NORMALS FOR TODAY
                         NORMAL    RECORD    YEAR
 MAXIMUM TEMPERATURE (F)   86        94      1945
                                             1921
 MINIMUM TEMPERATURE (F)   70        52      1984


SUNRISE AND SUNSET
MAY 30 2016...........SUNRISE   548 AM CDT   SUNSET   746 PM CDT
MAY 31 2016...........SUNRISE   547 AM CDT   SUNSET   746 PM CDT


-  INDICATES NEGATIVE NUMBERS.
R  INDICATES RECORD WAS SET OR TIED.
MM INDICATES DATA IS MISSING.
T  INDICATES TRACE AMOUNT.




$$
