000
CDUS44 KMOB 220645
CLIPNS


CLIMATE REPORT
NATIONAL WEATHER SERVICE MOBILE AL
145 AM CDT TUE JUL 22 2014


...................................

...THE PENSACOLA CLIMATE SUMMARY FOR JULY 21 2014...

CLIMATE NORMAL PERIOD 1981 TO 2010
CLIMATE RECORD PERIOD 1879 TO 2014


WEATHER ITEM   OBSERVED TIME   RECORD YEAR NORMAL DEPARTURE LAST
                VALUE   (LST)  VALUE       VALUE  FROM      YEAR
                                                  NORMAL
..................................................................
TEMPERATURE (F)
 YESTERDAY
  MAXIMUM         85    220 PM 100    1942  90     -5       89
  MINIMUM         75   1149 PM  68    2009  75      0       77
  AVERAGE         80                        82     -2       83

PRECIPITATION (IN)
  YESTERDAY        0.51          2.92 1975   0.24   0.27     0.06
  MONTH TO DATE    6.19                      4.98   1.21    13.25
  SINCE MAR 1     54.60                     25.89  28.71    29.37
  SINCE JAN 1     65.93                     35.58  30.35    43.64

DEGREE DAYS
 COOLING
  YESTERDAY       15                        17     -2       18
  MONTH TO DATE  341                       357    -16      326
  SINCE JUN 1    820                       822     -2      840
  SINCE JAN 1   1271                      1270      1     1282
..................................................................


WIND (MPH)
  HIGHEST WIND SPEED    21   HIGHEST WIND DIRECTION     W (290)
  HIGHEST GUST SPEED    24   HIGHEST GUST DIRECTION     W (270)
  AVERAGE WIND SPEED     4.9


SKY COVER
  POSSIBLE SUNSHINE  MM
  AVERAGE SKY COVER 0.6


WEATHER CONDITIONS
 THE FOLLOWING WEATHER WAS RECORDED YESTERDAY.
  THUNDERSTORM
  HEAVY RAIN
  RAIN
  LIGHT RAIN
  FOG


RELATIVE HUMIDITY (PERCENT)
 HIGHEST   100           300 AM
 LOWEST     65           200 PM
 AVERAGE    83

..........................................................


THE PENSACOLA CLIMATE NORMALS FOR TODAY
                         NORMAL    RECORD    YEAR
 MAXIMUM TEMPERATURE (F)   90        97      1898
 MINIMUM TEMPERATURE (F)   75        67      1893


SUNRISE AND SUNSET
JULY 22 2014..........SUNRISE   601 AM CDT   SUNSET   749 PM CDT
JULY 23 2014..........SUNRISE   602 AM CDT   SUNSET   749 PM CDT


-  INDICATES NEGATIVE NUMBERS.
R  INDICATES RECORD WAS SET OR TIED.
MM INDICATES DATA IS MISSING.
T  INDICATES TRACE AMOUNT.




$$
