000
CDUS44 KMOB 210645
CLIPNS


CLIMATE REPORT
NATIONAL WEATHER SERVICE MOBILE AL
145 AM CDT THU SEP 21 2017


...................................

...THE PENSACOLA CLIMATE SUMMARY FOR SEPTEMBER 20 2017...

CLIMATE NORMAL PERIOD 1981 TO 2010
CLIMATE RECORD PERIOD 1879 TO 2017


WEATHER ITEM   OBSERVED TIME   RECORD YEAR NORMAL DEPARTURE LAST
                VALUE   (LST)  VALUE       VALUE  FROM      YEAR
                                                  NORMAL
..................................................................
TEMPERATURE (F)
 YESTERDAY
  MAXIMUM         91   1149 AM  98    1925  86      5       94
  MINIMUM         77   1159 PM  51    1981  69      8       75
  AVERAGE         84                        78      6       85

PRECIPITATION (IN)
  YESTERDAY        1.00          8.31 1926   0.21   0.79     0.00
  MONTH TO DATE    2.72                      4.00  -1.28     3.31
  SINCE MAR 1     62.22                     39.08  23.14    45.44
  SINCE JAN 1     77.57                     48.77  28.80    54.09

DEGREE DAYS
 COOLING
  YESTERDAY       19                        13      6       20
  MONTH TO DATE  294                       292      2      351
  SINCE SEP 1    294                       292      2      351
  SINCE JAN 1   2773                      2259    514     2654
..................................................................


WIND (MPH)
  HIGHEST WIND SPEED    14   HIGHEST WIND DIRECTION    SW (240)
  HIGHEST GUST SPEED    18   HIGHEST GUST DIRECTION    SW (220)
  AVERAGE WIND SPEED     4.2


SKY COVER
  POSSIBLE SUNSHINE  MM
  AVERAGE SKY COVER 0.2


WEATHER CONDITIONS
 THE FOLLOWING WEATHER WAS RECORDED YESTERDAY.
  THUNDERSTORM
  HEAVY RAIN
  RAIN
  LIGHT RAIN
  FOG
  HAZE


RELATIVE HUMIDITY (PERCENT)
 HIGHEST    88           600 AM
 LOWEST     56          1100 AM
 AVERAGE    72

..........................................................


THE PENSACOLA CLIMATE NORMALS FOR TODAY
                         NORMAL    RECORD    YEAR
 MAXIMUM TEMPERATURE (F)   86       100      1925
 MINIMUM TEMPERATURE (F)   69        52      1918


SUNRISE AND SUNSET
SEPTEMBER 21 2017.....SUNRISE   637 AM CDT   SUNSET   646 PM CDT
SEPTEMBER 22 2017.....SUNRISE   637 AM CDT   SUNSET   645 PM CDT


-  INDICATES NEGATIVE NUMBERS.
R  INDICATES RECORD WAS SET OR TIED.
MM INDICATES DATA IS MISSING.
T  INDICATES TRACE AMOUNT.




$$
