000
CDUS44 KMOB 270640
CLIPNS


CLIMATE REPORT
NATIONAL WEATHER SERVICE MOBILE AL
140 AM CDT WED AUG 27 2014


...................................

...THE PENSACOLA CLIMATE SUMMARY FOR AUGUST 26 2014...

CLIMATE NORMAL PERIOD 1981 TO 2010
CLIMATE RECORD PERIOD 1879 TO 2014


WEATHER ITEM   OBSERVED TIME   RECORD YEAR NORMAL DEPARTURE LAST
                VALUE   (LST)  VALUE       VALUE  FROM      YEAR
                                                  NORMAL
..................................................................
TEMPERATURE (F)
 YESTERDAY
  MAXIMUM         89    226 PM 100    2011  89      0       88
  MINIMUM         71    549 AM  66    1927  74     -3       72
                                      1891
  AVERAGE         80                        82     -2       80

PRECIPITATION (IN)
  YESTERDAY        0.00          2.71 1928   0.20  -0.20     0.00
  MONTH TO DATE    1.36                      5.81  -4.45     9.97
  SINCE MAR 1     57.41                     34.13  23.28    42.14
  SINCE JAN 1     68.74                     43.82  24.92    56.41

DEGREE DAYS
 COOLING
  YESTERDAY       15                        17     -2       15
  MONTH TO DATE  445                       442      3      440
  SINCE JUN 1   1418                      1440    -22     1455
  SINCE JAN 1   1869                      1888    -19     1897
..................................................................


WIND (MPH)
  HIGHEST WIND SPEED    13   HIGHEST WIND DIRECTION     S (170)
  HIGHEST GUST SPEED    20   HIGHEST GUST DIRECTION     S (180)
  AVERAGE WIND SPEED     6.3


SKY COVER
  POSSIBLE SUNSHINE  MM
  AVERAGE SKY COVER 0.1


WEATHER CONDITIONS
 THE FOLLOWING WEATHER WAS RECORDED YESTERDAY.
  NO SIGNIFICANT WEATHER WAS OBSERVED.


RELATIVE HUMIDITY (PERCENT)
 HIGHEST    82           900 PM
 LOWEST     50           200 PM
 AVERAGE    66

..........................................................


THE PENSACOLA CLIMATE NORMALS FOR TODAY
                         NORMAL    RECORD    YEAR
 MAXIMUM TEMPERATURE (F)   89        98      2011
 MINIMUM TEMPERATURE (F)   74        66      1958
                                             1927


SUNRISE AND SUNSET
AUGUST 27 2014........SUNRISE   623 AM CDT   SUNSET   717 PM CDT
AUGUST 28 2014........SUNRISE   623 AM CDT   SUNSET   716 PM CDT


-  INDICATES NEGATIVE NUMBERS.
R  INDICATES RECORD WAS SET OR TIED.
MM INDICATES DATA IS MISSING.
T  INDICATES TRACE AMOUNT.




$$
