000
CDUS44 KMOB 260645
CLIPNS


CLIMATE REPORT
NATIONAL WEATHER SERVICE MOBILE AL
145 AM CDT FRI MAY 26 2017


...................................

...THE PENSACOLA CLIMATE SUMMARY FOR MAY 25 2017...

CLIMATE NORMAL PERIOD 1981 TO 2010
CLIMATE RECORD PERIOD 1879 TO 2017


WEATHER ITEM   OBSERVED TIME   RECORD YEAR NORMAL DEPARTURE LAST
                VALUE   (LST)  VALUE       VALUE  FROM      YEAR
                                                  NORMAL
..................................................................
TEMPERATURE (F)
 YESTERDAY
  MAXIMUM         83    425 PM  94    2012  85     -2       86
                                      1996
                                      1953
  MINIMUM         61    533 AM  53    1979  68     -7       65
  AVERAGE         72                        77     -5       76

PRECIPITATION (IN)
  YESTERDAY        0.00          1.95 1997   0.14  -0.14     0.00
  MONTH TO DATE    5.92                      3.32   2.60     1.88
  SINCE MAR 1     11.99                     13.45  -1.46    15.53
  SINCE JAN 1     27.34                     23.14   4.20    24.18

DEGREE DAYS
 COOLING
  YESTERDAY        7                        12     -5       11
  MONTH TO DATE  260                       222     38      258
  SINCE MAR 1    598                       356    242      485
  SINCE JAN 1    708                       370    338      503
..................................................................


WIND (MPH)
  HIGHEST WIND SPEED    18   HIGHEST WIND DIRECTION     W (290)
  HIGHEST GUST SPEED    27   HIGHEST GUST DIRECTION     W (280)
  AVERAGE WIND SPEED     8.4


SKY COVER
  POSSIBLE SUNSHINE  MM
  AVERAGE SKY COVER 0.0


WEATHER CONDITIONS
 THE FOLLOWING WEATHER WAS RECORDED YESTERDAY.
  NO SIGNIFICANT WEATHER WAS OBSERVED.


RELATIVE HUMIDITY (PERCENT)
 HIGHEST    72           500 AM
 LOWEST     31           200 PM
 AVERAGE    52

..........................................................


THE PENSACOLA CLIMATE NORMALS FOR TODAY
                         NORMAL    RECORD    YEAR
 MAXIMUM TEMPERATURE (F)   86        98      2012
                                             1953
 MINIMUM TEMPERATURE (F)   69        48      1979


SUNRISE AND SUNSET
MAY 26 2017...........SUNRISE   549 AM CDT   SUNSET   743 PM CDT
MAY 27 2017...........SUNRISE   549 AM CDT   SUNSET   744 PM CDT


-  INDICATES NEGATIVE NUMBERS.
R  INDICATES RECORD WAS SET OR TIED.
MM INDICATES DATA IS MISSING.
T  INDICATES TRACE AMOUNT.




$$
