000
CDUS44 KMOB 122315
CLIPNS


CLIMATE REPORT
NATIONAL WEATHER SERVICE MOBILE AL
605 PM CDT SAT JUL 12 2014


...................................

...THE PENSACOLA CLIMATE SUMMARY FOR JULY 12 2014...
VALID TODAY AS OF 0500 PM LOCAL TIME.

CLIMATE NORMAL PERIOD 1981 TO 2010
CLIMATE RECORD PERIOD 1879 TO 2014


WEATHER ITEM   OBSERVED TIME   RECORD YEAR NORMAL DEPARTURE LAST
                VALUE   (LST)  VALUE       VALUE  FROM      YEAR
                                                  NORMAL
..................................................................
TEMPERATURE (F)
 TODAY
  MAXIMUM         88    127 PM 103    1980  90     -2       89
                                      1901
  MINIMUM         72    526 AM  68    1900  75     -3       72
  AVERAGE         80                        82     -2       81

PRECIPITATION (IN)
  TODAY            0.00          3.64 1900   0.23  -0.23     0.08
  MONTH TO DATE    0.73                      2.83  -2.10    10.96
  SINCE MAR 1     49.14                     23.74  25.40    27.08
  SINCE JAN 1     60.47                     33.43  27.04    41.35

DEGREE DAYS
 COOLING
  TODAY           15                        17     -2       16
  MONTH TO DATE  211                       204      7      177
  SINCE JUN 1    690                       669     21      691
  SINCE JAN 1   1141                      1117     24     1133
..................................................................


WIND (MPH)
  HIGHEST WIND SPEED    15   HIGHEST WIND DIRECTION     S (160)
  HIGHEST GUST SPEED    18   HIGHEST GUST DIRECTION    SE (140)
  AVERAGE WIND SPEED     4.8


SKY COVER
  POSSIBLE SUNSHINE  MM
  AVERAGE SKY COVER 0.2


WEATHER CONDITIONS
 THE FOLLOWING WEATHER WAS RECORDED TODAY.
  THUNDERSTORM


RELATIVE HUMIDITY (PERCENT)
 HIGHEST    93          1200 AM
 LOWEST     63           100 PM
 AVERAGE    78

..........................................................


THE PENSACOLA CLIMATE NORMALS FOR TOMORROW
                         NORMAL    RECORD    YEAR
 MAXIMUM TEMPERATURE (F)   90       104      1980
 MINIMUM TEMPERATURE (F)   75        65      1898


SUNRISE AND SUNSET
JULY 12 2014..........SUNRISE   555 AM CDT   SUNSET   753 PM CDT
JULY 13 2014..........SUNRISE   556 AM CDT   SUNSET   753 PM CDT


-  INDICATES NEGATIVE NUMBERS.
R  INDICATES RECORD WAS SET OR TIED.
MM INDICATES DATA IS MISSING.
T  INDICATES TRACE AMOUNT.




$$
