000
CDUS44 KMOB 061606 CCA
CLIPNS

CLIMATE REPORTCORRECTED SNOW AND PEAK WIND DATA
NATIONAL WEATHER SERVICE MOBILE AL
1006 AM CST FRI MAR 6 2015


...................................

...THE PENSACOLA CLIMATE SUMMARY FOR MARCH 5 2015...

CLIMATE NORMAL PERIOD 1981 TO 2010
CLIMATE RECORD PERIOD 1879 TO 2015


WEATHER ITEM   OBSERVED TIME   RECORD YEAR NORMAL DEPARTURE LAST
                VALUE   (LST)  VALUE       VALUE  FROM      YEAR
                                                  NORMAL
..................................................................
TEMPERATURE (F)
 YESTERDAY
  MAXIMUM         70    921 AM  80    1974  67      3       64
                                      1945
  MINIMUM         36   1159 PM  25    2002  49    -13       44
  AVERAGE         53                        58     -5       54

PRECIPITATION (IN)
  YESTERDAY        0.08          3.69 1984   0.19  -0.11     0.19
  MONTH TO DATE    0.08                      1.00  -0.92     0.28
  SINCE MAR 1      0.08                      1.00  -0.92     0.28
  SINCE JAN 1     10.49                     10.69  -0.20    11.61

SNOWFALL (IN)
  YESTERDAY        0.0          MM      MM   0.0    0.0      0.0
  MONTH TO DATE    0.0                       0.0    0.0      0.0
  SINCE MAR 1      0.0                       0.0    0.0      0.0
  SINCE JUL 1      0.0                       0.0    0.0      1.0
  SNOW DEPTH       0

DEGREE DAYS
 HEATING
  YESTERDAY       12                         7      5       11
  MONTH TO DATE   25                        39    -14       55
  SINCE MAR 1     25                        39    -14       55
  SINCE JUL 1   1468                      1347    121     1392

 COOLING
  YESTERDAY        0                         1     -1        0
  MONTH TO DATE    5                         4      1        0
  SINCE MAR 1      5                         4      1        0
  SINCE JAN 1     12                        18     -6       15
..................................................................


WIND (MPH)
  HIGHEST WIND SPEED    35   HIGHEST WIND DIRECTION    NW (330)
  HIGHEST GUST SPEED    41   HIGHEST GUST DIRECTION    NW (330)
  AVERAGE WIND SPEED    15.7


SKY COVER
  POSSIBLE SUNSHINE  MM
  AVERAGE SKY COVER 0.8


WEATHER CONDITIONS
 THE FOLLOWING WEATHER WAS RECORDED YESTERDAY.
  RAIN
  LIGHT RAIN
  FOG
  FOG W/VISIBILITY <= 1/4 MILE


RELATIVE HUMIDITY (PERCENT)
 HIGHEST   100           500 AM
 LOWEST     57           200 PM
 AVERAGE    79

..........................................................


THE PENSACOLA CLIMATE NORMALS FOR TODAY
                         NORMAL    RECORD    YEAR
 MAXIMUM TEMPERATURE (F)   68        83      2006
 MINIMUM TEMPERATURE (F)   49        28      1962
                                             1920


SUNRISE AND SUNSET
MARCH  6 2015.........SUNRISE   610 AM CST   SUNSET   551 PM CST
MARCH  7 2015.........SUNRISE   609 AM CST   SUNSET   552 PM CST


-  INDICATES NEGATIVE NUMBERS.
R  INDICATES RECORD WAS SET OR TIED.
MM INDICATES DATA IS MISSING.
T  INDICATES TRACE AMOUNT.




$$
