000
CDUS44 KMOB 240645
CLIPNS


CLIMATE REPORT
NATIONAL WEATHER SERVICE MOBILE AL
145 AM CDT MON JUL 24 2017


...................................

...THE PENSACOLA CLIMATE SUMMARY FOR JULY 23 2017...

CLIMATE NORMAL PERIOD 1981 TO 2010
CLIMATE RECORD PERIOD 1879 TO 2017


WEATHER ITEM   OBSERVED TIME   RECORD YEAR NORMAL DEPARTURE LAST
                VALUE   (LST)  VALUE       VALUE  FROM      YEAR
                                                  NORMAL
..................................................................
TEMPERATURE (F)
 YESTERDAY
  MAXIMUM         92    241 PM  98    2010  90      2       89
                                      1952
                                      1948
  MINIMUM         81   1058 PM  64    1947  75      6       79
  AVERAGE         87                        82      5       84

PRECIPITATION (IN)
  YESTERDAY        0.01          3.05 1890   0.24  -0.23     0.00
  MONTH TO DATE    3.74                      5.45  -1.71     6.27
  SINCE MAR 1     37.62                     26.36  11.26    29.53
  SINCE JAN 1     52.97                     36.05  16.92    38.18

DEGREE DAYS
 COOLING
  YESTERDAY       22                        17      5       19
  MONTH TO DATE  457                       391     66      453
  SINCE JUN 1    927                       856     71      974
  SINCE JAN 1   1723                      1304    419     1570
..................................................................


WIND (MPH)
  HIGHEST WIND SPEED    18   HIGHEST WIND DIRECTION    SW (230)
  HIGHEST GUST SPEED    23   HIGHEST GUST DIRECTION    SW (240)
  AVERAGE WIND SPEED     7.2


SKY COVER
  POSSIBLE SUNSHINE  MM
  AVERAGE SKY COVER 0.3


WEATHER CONDITIONS
 THE FOLLOWING WEATHER WAS RECORDED YESTERDAY.
  THUNDERSTORM
  LIGHT RAIN


RELATIVE HUMIDITY (PERCENT)
 HIGHEST    85           600 AM
 LOWEST     52           400 PM
 AVERAGE    69

..........................................................


THE PENSACOLA CLIMATE NORMALS FOR TODAY
                         NORMAL    RECORD    YEAR
 MAXIMUM TEMPERATURE (F)   90       102      1952
 MINIMUM TEMPERATURE (F)   75        68      2007
                                             1890


SUNRISE AND SUNSET
JULY 24 2017..........SUNRISE   602 AM CDT   SUNSET   748 PM CDT
JULY 25 2017..........SUNRISE   603 AM CDT   SUNSET   747 PM CDT


-  INDICATES NEGATIVE NUMBERS.
R  INDICATES RECORD WAS SET OR TIED.
MM INDICATES DATA IS MISSING.
T  INDICATES TRACE AMOUNT.




$$
