000
CDUS41 KALY 312048
CLIPOU


CLIMATE REPORT
NATIONAL WEATHER SERVICE ALBANY NY
448 PM EDT TUE MAY 31 2016


...................................

...THE POUGHKEEPSIE NY CLIMATE SUMMARY FOR MAY 31 2016...
VALID TODAY AS OF 0400 PM LOCAL TIME.

CLIMATE NORMAL PERIOD 1981 TO 2010
CLIMATE RECORD PERIOD 1949 TO 2016


WEATHER ITEM   OBSERVED TIME   RECORD YEAR NORMAL DEPARTURE LAST
                VALUE   (LST)  VALUE       VALUE  FROM      YEAR
                                                  NORMAL
..................................................................
TEMPERATURE (F)
 TODAY
  MAXIMUM         87    331 PM  93    2013  75     12       75
  MINIMUM         65    505 AM  35    1961  51     14       54
  AVERAGE         76                        63     13       65

PRECIPITATION (IN)
  TODAY            0.00          2.79 1972   0.15  -0.15     0.56
  MONTH TO DATE    3.21                      4.41  -1.20     1.97
  SINCE MAR 1      6.48                     11.76  -5.28     6.37
  SINCE JAN 1     12.16                     17.50  -5.34    10.67

DEGREE DAYS
 HEATING
  TODAY            0                         4     -4        0
  MONTH TO DATE  184                       223    -39       94
  SINCE MAR 1   1237                      1591   -354     1560
  SINCE JUL 1   4769                      6162  -1393     6245

 COOLING
  TODAY           11                         2      9        0
  MONTH TO DATE   77                        31     46      113
  SINCE MAR 1     81                        36     45      113
  SINCE JAN 1     81                        36     45      113
..................................................................


WIND (MPH)
  HIGHEST WIND SPEED     7   HIGHEST WIND DIRECTION     N (360)
  HIGHEST GUST SPEED    MM   HIGHEST GUST DIRECTION    MM
  AVERAGE WIND SPEED     1.9


SKY COVER
  AVERAGE SKY COVER 0.2



RELATIVE HUMIDITY (PERCENT)
 HIGHEST    93           500 AM
 LOWEST     31           300 PM
 AVERAGE    62

..........................................................


THE POUGHKEEPSIE NY CLIMATE NORMALS FOR TOMORROW
                         NORMAL    RECORD    YEAR
 MAXIMUM TEMPERATURE (F)   76        91      2013
 MINIMUM TEMPERATURE (F)   52        35      2001


SUNRISE AND SUNSET
MAY 31 2016...........SUNRISE   524 AM EDT   SUNSET   823 PM EDT
JUNE  1 2016..........SUNRISE   524 AM EDT   SUNSET   824 PM EDT


-  INDICATES NEGATIVE NUMBERS.
R  INDICATES RECORD WAS SET OR TIED.
MM INDICATES DATA IS MISSING.
T  INDICATES TRACE AMOUNT.




RECORDS FOR KPOU DATE BACK TO 1949...
HOWEVER...DATA IS MISSING FROM JANUARY 1993 - JULY 2000.
$$
