000
CDUS41 KALY 280626
CLIPOU


CLIMATE REPORT
NATIONAL WEATHER SERVICE ALBANY NY
223 AM EDT FRI APR 28 2017


...................................

...THE POUGHKEEPSIE NY CLIMATE SUMMARY FOR APRIL 27 2017...

CLIMATE NORMAL PERIOD 1981 TO 2010
CLIMATE RECORD PERIOD 1949 TO 2017


WEATHER ITEM   OBSERVED TIME   RECORD YEAR NORMAL DEPARTURE LAST
                VALUE   (LST)  VALUE       VALUE  FROM      YEAR
                                                  NORMAL
..................................................................
TEMPERATURE (F)
 YESTERDAY
  MAXIMUM         69    340 PM  91    1990  66      3       66
  MINIMUM         57    458 AM  25    2002  40     17       42
  AVERAGE         63                        53     10       54

PRECIPITATION (IN)
  YESTERDAY        0.00          0.72 1979   0.13  -0.13     0.00
  MONTH TO DATE    2.37                      3.38  -1.01     1.94
  SINCE MAR 1      7.68                      6.95   0.73     2.98
  SINCE JAN 1     12.55                     12.69  -0.14     8.66

DEGREE DAYS
 HEATING
  YESTERDAY        2                        12    -10       11
  MONTH TO DATE  356                       458   -102      433
  SINCE MAR 1   1351                      1332     19     1016
  SINCE JUL 1   5393                      5903   -510     4548

 COOLING
  YESTERDAY        0                         0      0        0
  MONTH TO DATE    4                         0      4        4
  SINCE MAR 1      4                         0      4        4
  SINCE JAN 1      4                         0      4        4
..................................................................


WIND (MPH)
  HIGHEST WIND SPEED    13   HIGHEST WIND DIRECTION     S (160)
  HIGHEST GUST SPEED    20   HIGHEST GUST DIRECTION    SE (150)
  AVERAGE WIND SPEED     3.5


SKY COVER
  AVERAGE SKY COVER 1.0



RELATIVE HUMIDITY (PERCENT)
 HIGHEST   100           600 AM
 LOWEST     68           200 PM
 AVERAGE    84

..........................................................


THE POUGHKEEPSIE NY CLIMATE NORMALS FOR TODAY
                         NORMAL    RECORD    YEAR
 MAXIMUM TEMPERATURE (F)   66        93      1990
 MINIMUM TEMPERATURE (F)   41        29      2012


SUNRISE AND SUNSET
APRIL 28 2017.........SUNRISE   556 AM EDT   SUNSET   751 PM EDT
APRIL 29 2017.........SUNRISE   555 AM EDT   SUNSET   752 PM EDT


-  INDICATES NEGATIVE NUMBERS.
R  INDICATES RECORD WAS SET OR TIED.
MM INDICATES DATA IS MISSING.
T  INDICATES TRACE AMOUNT.




RECORDS FOR KPOU DATE BACK TO 1949...
HOWEVER...DATA IS MISSING FROM JANUARY 1993 - JULY 2000.
$$
