000
CDUS41 KALY 272152
CLIPOU


CLIMATE REPORT
NATIONAL WEATHER SERVICE ALBANY NY
451 PM EST MON FEB 27 2017


...................................

...THE POUGHKEEPSIE NY CLIMATE SUMMARY FOR FEBRUARY 27 2017...
VALID TODAY AS OF 0400 PM LOCAL TIME.

CLIMATE NORMAL PERIOD 1981 TO 2010
CLIMATE RECORD PERIOD 1949 TO 2017


WEATHER ITEM   OBSERVED TIME   RECORD YEAR NORMAL DEPARTURE LAST
                VALUE   (LST)  VALUE       VALUE  FROM      YEAR
                                                  NORMAL
..................................................................
TEMPERATURE (F)
 TODAY
  MAXIMUM         52    357 PM  64    1976  42     10       43
  MINIMUM         23    708 AM -14    1963  20      3       20
  AVERAGE         38                        31      7       32

PRECIPITATION (IN)
  TODAY            0.00          0.65 2013   0.11  -0.11     0.00
  MONTH TO DATE    1.20                      2.56  -1.36     4.43
  SINCE DEC 1      6.77                      9.17  -2.40     9.54
  SINCE JAN 1      4.17                      5.64  -1.47     5.64

DEGREE DAYS
 HEATING
  TODAY           27                        34     -7       33
  MONTH TO DATE  828                       985   -157      845
  SINCE DEC 1   2878                      3259   -381     2509
  SINCE JUL 1   4024                      4537   -513     3497

 COOLING
  TODAY            0                         0      0        0
  MONTH TO DATE    0                         0      0        0
  SINCE DEC 1      0                         0      0        0
  SINCE JAN 1      0                         0      0        0
..................................................................


WIND (MPH)
  HIGHEST WIND SPEED    18   HIGHEST WIND DIRECTION    SW (220)
  HIGHEST GUST SPEED    27   HIGHEST GUST DIRECTION    SW (230)
  AVERAGE WIND SPEED     6.5


SKY COVER
  AVERAGE SKY COVER 0.0



RELATIVE HUMIDITY (PERCENT)
 HIGHEST    88           400 AM
 LOWEST     26           200 PM
 AVERAGE    57

..........................................................


THE POUGHKEEPSIE NY CLIMATE NORMALS FOR TOMORROW
                         NORMAL    RECORD    YEAR
 MAXIMUM TEMPERATURE (F)   43        64      2016
 MINIMUM TEMPERATURE (F)   20        -7      2015


SUNRISE AND SUNSET
FEBRUARY 27 2017......SUNRISE   633 AM EST   SUNSET   544 PM EST
FEBRUARY 28 2017......SUNRISE   631 AM EST   SUNSET   545 PM EST


-  INDICATES NEGATIVE NUMBERS.
R  INDICATES RECORD WAS SET OR TIED.
MM INDICATES DATA IS MISSING.
T  INDICATES TRACE AMOUNT.




RECORDS FOR KPOU DATE BACK TO 1949...
HOWEVER...DATA IS MISSING FROM JANUARY 1993 - JULY 2000.
$$
