000
CDUS41 KALY 202155
CLIPOU


CLIMATE REPORT
NATIONAL WEATHER SERVICE ALBANY NY
454 PM EST TUE FEB 20 2018


...................................

...THE POUGHKEEPSIE NY CLIMATE SUMMARY FOR FEBRUARY 20 2018...
VALID TODAY AS OF 0400 PM LOCAL TIME.

CLIMATE NORMAL PERIOD 1981 TO 2010
CLIMATE RECORD PERIOD 1949 TO 2018


WEATHER ITEM   OBSERVED TIME   RECORD YEAR NORMAL DEPARTURE LAST
                VALUE   (LST)  VALUE       VALUE  FROM      YEAR
                                                  NORMAL
..................................................................
TEMPERATURE (F)
 TODAY
  MAXIMUM         67R   407 PM  63    2016  41     26       48
  MINIMUM         37    214 AM  -6    1978  19     18       26
  AVERAGE         52                        30     22       37

PRECIPITATION (IN)
  TODAY            0.00          1.19 1981   0.09  -0.09     0.00
  MONTH TO DATE    3.08                      1.85   1.23     1.46
  SINCE DEC 1      7.52                      8.46  -0.94     7.03
  SINCE JAN 1      5.96                      4.93   1.03     4.43

DEGREE DAYS
 HEATING
  TODAY           13                        35    -22       28
  MONTH TO DATE  670                       744    -74      684
  SINCE DEC 1   3050                      3018     32     2734
  SINCE JUL 1   4133                      4296   -163     3880

 COOLING
  TODAY            0                         0      0        0
  MONTH TO DATE    0                         0      0        0
  SINCE DEC 1      0                         0      0        0
  SINCE JAN 1      0                         0      0        0
..................................................................


WIND (MPH)
  HIGHEST WIND SPEED    12   HIGHEST WIND DIRECTION    SW (230)
  HIGHEST GUST SPEED    MM   HIGHEST GUST DIRECTION    MM
  AVERAGE WIND SPEED     4.8


SKY COVER
  AVERAGE SKY COVER 0.7



RELATIVE HUMIDITY (PERCENT)
 HIGHEST   100          1200 AM
 LOWEST     52           400 PM
 AVERAGE    76

..........................................................


THE POUGHKEEPSIE NY CLIMATE NORMALS FOR TOMORROW
                         NORMAL    RECORD    YEAR
 MAXIMUM TEMPERATURE (F)   41        67      1953
 MINIMUM TEMPERATURE (F)   19        -9      1972


SUNRISE AND SUNSET
FEBRUARY 20 2018......SUNRISE   644 AM EST   SUNSET   535 PM EST
FEBRUARY 21 2018......SUNRISE   642 AM EST   SUNSET   536 PM EST


-  INDICATES NEGATIVE NUMBERS.
R  INDICATES RECORD WAS SET OR TIED.
MM INDICATES DATA IS MISSING.
T  INDICATES TRACE AMOUNT.




RECORDS FOR KPOU DATE BACK TO 1949...
HOWEVER...DATA IS MISSING FROM JANUARY 1993 - JULY 2000.
$$
