000
CDUS46 KLOX 241000
CLIPRB


CLIMATE REPORT
NATIONAL WEATHER SERVICE LOS ANGELES/OXNARD CA
200 AM PST MON NOV 24 2014


...................................

...THE PASO ROBLES AIRPORT CA CLIMATE SUMMARY FOR NOVEMBER 23 2014...

CLIMATE NORMAL PERIOD 1981 TO 2010
CLIMATE RECORD PERIOD 1948 TO 2014


WEATHER ITEM   OBSERVED TIME   RECORD YEAR NORMAL DEPARTURE LAST
                VALUE   (LST)  VALUE       VALUE  FROM      YEAR
                                                  NORMAL
..................................................................
TEMPERATURE (F)
 YESTERDAY
  MAXIMUM         67    335 PM  79    2005  64      3       65
  MINIMUM         41   1157 PM  21    2003  36      5       35
  AVERAGE         54                        50      4       50

PRECIPITATION (IN)
  YESTERDAY        0.00          0.21 1965   0.04  -0.04     0.00
  MONTH TO DATE    0.20                      0.77  -0.57     0.27
  SINCE JUL 1      1.05                      1.72  -0.67     0.29
  SINCE JAN 1      5.51                     10.51  -5.00     1.75

SNOWFALL (IN)
  YESTERDAY        0.0
  MONTH TO DATE    0.0
  SINCE SEP 1      0.0
  SINCE JUL 1      0.0

DEGREE DAYS
 HEATING
  YESTERDAY       11                        15     -4       15
  MONTH TO DATE  160                       266   -106      218
  SINCE SEP 1    203                       428   -225      368
  SINCE JUL 1    203                       436   -233      368

 COOLING
  YESTERDAY        0                         0      0        0
  MONTH TO DATE    1                         0      1        0
  SINCE SEP 1    350                       193    157      199
  SINCE JAN 1   1357                       926    431     1173
..................................................................


WIND (MPH)
  HIGHEST WIND SPEED    14   HIGHEST WIND DIRECTION     E (110)
  HIGHEST GUST SPEED    16   HIGHEST GUST DIRECTION     E (100)
  AVERAGE WIND SPEED     3.2


SKY COVER
  POSSIBLE SUNSHINE  MM
  AVERAGE SKY COVER 0.3


WEATHER CONDITIONS
 THE FOLLOWING WEATHER WAS RECORDED YESTERDAY.
  FOG
  FOG W/VISIBILITY <= 1/4 MILE


RELATIVE HUMIDITY (PERCENT)
 HIGHEST   100           900 AM
 LOWEST     34           300 PM
 AVERAGE    67

..........................................................


THE PASO ROBLES AIRPORT CA CLIMATE NORMALS FOR TODAY
                         NORMAL    RECORD    YEAR
 MAXIMUM TEMPERATURE (F)   64        81      1959
 MINIMUM TEMPERATURE (F)   36        23      1993


SUNRISE AND SUNSET
NOVEMBER 24 2014......SUNRISE   647 AM PST   SUNSET   451 PM PST
NOVEMBER 25 2014......SUNRISE   648 AM PST   SUNSET   451 PM PST


-  INDICATES NEGATIVE NUMBERS.
R  INDICATES RECORD WAS SET OR TIED.
MM INDICATES DATA IS MISSING.
T  INDICATES TRACE AMOUNT.




$$
