000
CDUS46 KLOX 300902
CLIPRB


CLIMATE REPORT
NATIONAL WEATHER SERVICE LOS ANGELES/OXNARD CA
202 AM PDT TUE MAY 30 2017


...................................

...THE PASO ROBLES AIRPORT CA CLIMATE SUMMARY FOR MAY 29 2017...

CLIMATE NORMAL PERIOD 1981 TO 2010
CLIMATE RECORD PERIOD 1948 TO 2017


WEATHER ITEM   OBSERVED TIME   RECORD YEAR NORMAL DEPARTURE LAST
                VALUE   (LST)  VALUE       VALUE  FROM      YEAR
                                                  NORMAL
..................................................................
TEMPERATURE (F)
 YESTERDAY
  MAXIMUM         91    304 PM 102    1984  84      7       81
  MINIMUM         51    432 AM  40    2010  48      3       50
                                      1980
  AVERAGE         71                        66      5       66

PRECIPITATION (IN)
  YESTERDAY        0.00          0.01 2011   0.00   0.00     0.00
  MONTH TO DATE    0.18                      0.25  -0.07      T
  SINCE OCT 1     16.14                     12.42   3.72     8.06
  SINCE JAN 1     12.46                      8.76   3.70     6.00

SNOWFALL (IN)
  YESTERDAY        0.0
  MONTH TO DATE    0.0
  SINCE MAR 1      0.0
  SINCE JUL 1      0.0

DEGREE DAYS
 HEATING
  YESTERDAY        0                         2     -2        0
  MONTH TO DATE   75                       104    -29       69
  SINCE MAR 1    526                       723   -197      471
  SINCE JUL 1   2327                      2816   -489     2258

 COOLING
  YESTERDAY        6                         3      3        1
  MONTH TO DATE   81                        53     28       40
  SINCE MAR 1     82                        62     20       45
  SINCE JAN 1     82                        62     20       45
..................................................................


WIND (MPH)
  HIGHEST WIND SPEED    22   HIGHEST WIND DIRECTION    NW (300)
  HIGHEST GUST SPEED    28   HIGHEST GUST DIRECTION    NW (310)
  AVERAGE WIND SPEED    11.7


SKY COVER
  POSSIBLE SUNSHINE  MM
  AVERAGE SKY COVER 0.2


WEATHER CONDITIONS
 THE FOLLOWING WEATHER WAS RECORDED YESTERDAY.
  NO SIGNIFICANT WEATHER WAS OBSERVED.


RELATIVE HUMIDITY (PERCENT)
 HIGHEST   100           500 AM
 LOWEST     23           400 PM
 AVERAGE    62

..........................................................


THE PASO ROBLES AIRPORT CA CLIMATE NORMALS FOR TODAY
                         NORMAL    RECORD    YEAR
 MAXIMUM TEMPERATURE (F)   84       102      2001
 MINIMUM TEMPERATURE (F)   48        38      2011


SUNRISE AND SUNSET
MAY 30 2017...........SUNRISE   549 AM PDT   SUNSET   812 PM PDT
MAY 31 2017...........SUNRISE   548 AM PDT   SUNSET   813 PM PDT


-  INDICATES NEGATIVE NUMBERS.
R  INDICATES RECORD WAS SET OR TIED.
MM INDICATES DATA IS MISSING.
T  INDICATES TRACE AMOUNT.




$$
