000
CDUS45 KFGZ 260733
CLIPRC
CLIMATE REPORT
NATIONAL WEATHER SERVICE FLAGSTAFF, AZ
1232 AM MST TUE MAY 26 2015


...................................

...THE PRESCOTT AZ AIRPORT CLIMATE SUMMARY FOR MAY 25 2015...

CLIMATE NORMAL PERIOD 1981 TO 2010
CLIMATE RECORD PERIOD 1948 TO 2015


WEATHER ITEM   OBSERVED TIME   RECORD YEAR NORMAL DEPARTURE LAST
                VALUE   (LST)  VALUE       VALUE  FROM      YEAR
                                                  NORMAL
..................................................................
TEMPERATURE (F)
 YESTERDAY
  MAXIMUM         73    411 PM  94    1951  80     -7       81
  MINIMUM         50    217 AM  33    1980  49      1       47
  AVERAGE         62                        64     -2

PRECIPITATION (IN)
  YESTERDAY        0.00          0.24 1994   0.01  -0.01     0.00
  MONTH TO DATE    1.03                      0.37   0.66      T
  SINCE SEP 1      9.80                      8.76   1.04     5.69
  SINCE JAN 1      5.12                      4.45   0.67     0.97

DEGREE DAYS
 HEATING
  YESTERDAY        3                                0
  MONTH TO DATE  215                               84
  SINCE JUL 1   3474                             -776

 COOLING
  YESTERDAY        0                               -2
  MONTH TO DATE    2                              -23
  SINCE JAN 1      3                              -24
..................................................................


WIND (MPH)
  HIGHEST WIND SPEED    18   HIGHEST WIND DIRECTION     W (250)
  HIGHEST GUST SPEED    27   HIGHEST GUST DIRECTION     W (270)
  AVERAGE WIND SPEED     7.9


SKY COVER
  AVERAGE SKY COVER 0.6


WEATHER CONDITIONS
 THE FOLLOWING WEATHER WAS RECORDED YESTERDAY.
  NO SIGNIFICANT WEATHER WAS OBSERVED.


RELATIVE HUMIDITY (PERCENT)
 HIGHEST    59
 LOWEST     26

..........................................................


THE PRESCOTT AZ AIRPORT CLIMATE NORMALS FOR TODAY
                         NORMAL    RECORD    YEAR
 MAXIMUM TEMPERATURE (F)   80        97      1951
 MINIMUM TEMPERATURE (F)   49        33      1996


SUNRISE AND SUNSET
MAY 26 2015...........SUNRISE   520 AM MST   SUNSET   734 PM MST
MAY 27 2015...........SUNRISE   520 AM MST   SUNSET   734 PM MST


-  INDICATES NEGATIVE NUMBERS.
R  INDICATES RECORD WAS SET OR TIED.
MM INDICATES DATA IS MISSING.
T  INDICATES TRACE AMOUNT.




$$
