000
CDUS45 KFGZ 200809
CLIPRC
CLIMATE REPORT
NATIONAL WEATHER SERVICE FLAGSTAFF, AZ
108 AM MST MON NOV 20 2017


...................................

...THE PRESCOTT AZ AIRPORT CLIMATE SUMMARY FOR NOVEMBER 19 2017...

CLIMATE NORMAL PERIOD 1981 TO 2010
CLIMATE RECORD PERIOD 1948 TO 2017


WEATHER ITEM   OBSERVED TIME   RECORD YEAR NORMAL DEPARTURE LAST
                VALUE   (LST)  VALUE       VALUE  FROM      YEAR
                                                  NORMAL
..................................................................
TEMPERATURE (F)
 YESTERDAY
  MAXIMUM         63    350 PM  75    2007  59      4       71
  MINIMUM         22    727 AM  13    1964  30     -8       29
  AVERAGE         43                        45     -2

PRECIPITATION (IN)
  YESTERDAY        0.00          0.18 1984   0.03  -0.03     0.00
  MONTH TO DATE    T                         0.56  -0.56     0.08
  SINCE SEP 1      0.53                      2.99  -2.46     3.11
  SINCE JAN 1     12.38                     12.65  -0.27    13.87

DEGREE DAYS
 HEATING
  YESTERDAY       22                                2
  MONTH TO DATE  222                             -101
  SINCE JUL 1    432                             -197

 COOLING
  YESTERDAY        0                                0
  MONTH TO DATE    0                                0
  SINCE JAN 1   1145                              204
..................................................................


WIND (MPH)
  HIGHEST WIND SPEED    13   HIGHEST WIND DIRECTION     S (190)
  HIGHEST GUST SPEED    16   HIGHEST GUST DIRECTION     S (190)
  AVERAGE WIND SPEED     4.0


SKY COVER
  AVERAGE SKY COVER 0.0


WEATHER CONDITIONS
 THE FOLLOWING WEATHER WAS RECORDED YESTERDAY.
  NO SIGNIFICANT WEATHER WAS OBSERVED.


RELATIVE HUMIDITY (PERCENT)
 HIGHEST    42
 LOWEST     13

..........................................................


THE PRESCOTT AZ AIRPORT CLIMATE NORMALS FOR TODAY
                         NORMAL    RECORD    YEAR
 MAXIMUM TEMPERATURE (F)   59        75      1995
 MINIMUM TEMPERATURE (F)   30        10      1956


SUNRISE AND SUNSET
NOVEMBER 20 2017......SUNRISE   709 AM MST   SUNSET   522 PM MST
NOVEMBER 21 2017......SUNRISE   710 AM MST   SUNSET   522 PM MST


-  INDICATES NEGATIVE NUMBERS.
R  INDICATES RECORD WAS SET OR TIED.
MM INDICATES DATA IS MISSING.
T  INDICATES TRACE AMOUNT.




$$
