000
CDUS45 KFGZ 290739
CLIPRC
CLIMATE REPORT
NATIONAL WEATHER SERVICE FLAGSTAFF, AZ
1238 AM MST WED JUL 29 2015


...................................

...THE PRESCOTT AZ AIRPORT CLIMATE SUMMARY FOR JULY 28 2015...

CLIMATE NORMAL PERIOD 1981 TO 2010
CLIMATE RECORD PERIOD 1948 TO 2015


WEATHER ITEM   OBSERVED TIME   RECORD YEAR NORMAL DEPARTURE LAST
                VALUE   (LST)  VALUE       VALUE  FROM      YEAR
                                                  NORMAL
..................................................................
TEMPERATURE (F)
 YESTERDAY
  MAXIMUM         91    205 PM 104    1995  88      3       87
  MINIMUM         60    619 AM  52    1986  63     -3       65
  AVERAGE         76                        75      1

PRECIPITATION (IN)
  YESTERDAY        0.00          1.54 1985   0.09  -0.09     0.13
  MONTH TO DATE    3.17                      1.83   1.34     1.78
  SINCE SEP 1     15.14                     11.07   4.07     7.47
  SINCE JAN 1     10.46                      6.76   3.70     2.75

DEGREE DAYS
 HEATING
  YESTERDAY        0                                0
  MONTH TO DATE    0                                0
  SINCE JUL 1      0                                0

 COOLING
  YESTERDAY       11                                1
  MONTH TO DATE  253                              -46
  SINCE JAN 1    567                               40
..................................................................


WIND (MPH)
  HIGHEST WIND SPEED    16   HIGHEST WIND DIRECTION    NW (300)
  HIGHEST GUST SPEED    22   HIGHEST GUST DIRECTION    NW (300)
  AVERAGE WIND SPEED     5.5


SKY COVER
  AVERAGE SKY COVER 0.1


WEATHER CONDITIONS
 THE FOLLOWING WEATHER WAS RECORDED YESTERDAY.
  NO SIGNIFICANT WEATHER WAS OBSERVED.


RELATIVE HUMIDITY (PERCENT)
 HIGHEST    56
 LOWEST     16

..........................................................


THE PRESCOTT AZ AIRPORT CLIMATE NORMALS FOR TODAY
                         NORMAL    RECORD    YEAR
 MAXIMUM TEMPERATURE (F)   88       100      1995
 MINIMUM TEMPERATURE (F)   62        55      1990


SUNRISE AND SUNSET
JULY 29 2015..........SUNRISE   538 AM MST   SUNSET   734 PM MST
JULY 30 2015..........SUNRISE   538 AM MST   SUNSET   734 PM MST


-  INDICATES NEGATIVE NUMBERS.
R  INDICATES RECORD WAS SET OR TIED.
MM INDICATES DATA IS MISSING.
T  INDICATES TRACE AMOUNT.




$$
