387
CDUS45 KFGZ 180711
CLIPRC
CLIMATE REPORT
NATIONAL WEATHER SERVICE FLAGSTAFF, AZ
1210 AM MST THU JAN 18 2018


...................................

...THE PRESCOTT AZ AIRPORT CLIMATE SUMMARY FOR JANUARY 17 2018...

CLIMATE NORMAL PERIOD 1981 TO 2010
CLIMATE RECORD PERIOD 1948 TO 2018


WEATHER ITEM   OBSERVED TIME   RECORD YEAR NORMAL DEPARTURE LAST
                VALUE   (LST)  VALUE       VALUE  FROM      YEAR
                                                  NORMAL
..................................................................
TEMPERATURE (F)
 YESTERDAY
  MAXIMUM         62    444 PM  73    1971  52     10       51
  MINIMUM         30    743 AM   8    1987  26      4       30
  AVERAGE         46                        39      7

PRECIPITATION (IN)
  YESTERDAY        0.00          0.70 1990   0.04  -0.04     0.00
  MONTH TO DATE    0.63                      0.66  -0.03     0.65
  SINCE SEP 1      1.16                      4.97  -3.81     7.40
  SINCE JAN 1      0.63                      0.66  -0.03     0.65

DEGREE DAYS
 HEATING
  YESTERDAY       19                               -7
  MONTH TO DATE  322                             -132
  SINCE JUL 1   1521                             -636

 COOLING
  YESTERDAY        0                                0
  MONTH TO DATE    0                                0
  SINCE JAN 1      0                                0
..................................................................


WIND (MPH)
  HIGHEST WIND SPEED    13   HIGHEST WIND DIRECTION     N (340)
  HIGHEST GUST SPEED    17   HIGHEST GUST DIRECTION     N (340)
  AVERAGE WIND SPEED     4.1


SKY COVER
  AVERAGE SKY COVER 0.0


WEATHER CONDITIONS
 THE FOLLOWING WEATHER WAS RECORDED YESTERDAY.
  NO SIGNIFICANT WEATHER WAS OBSERVED.


RELATIVE HUMIDITY (PERCENT)
 HIGHEST    85
 LOWEST     23

..........................................................


THE PRESCOTT AZ AIRPORT CLIMATE NORMALS FOR TODAY
                         NORMAL    RECORD    YEAR
 MAXIMUM TEMPERATURE (F)   52        74      1971
 MINIMUM TEMPERATURE (F)   26         6      1960


SUNRISE AND SUNSET
JANUARY 18 2018.......SUNRISE   735 AM MST   SUNSET   545 PM MST
JANUARY 19 2018.......SUNRISE   735 AM MST   SUNSET   546 PM MST


-  INDICATES NEGATIVE NUMBERS.
R  INDICATES RECORD WAS SET OR TIED.
MM INDICATES DATA IS MISSING.
T  INDICATES TRACE AMOUNT.




$$
