000
CDUS45 KFGZ 120811
CLIPRC
CLIMATE REPORT
NATIONAL WEATHER SERVICE FLAGSTAFF, AZ
109 AM MST SAT JUL 12 2014


...................................

...THE PRESCOTT AZ AIRPORT CLIMATE SUMMARY FOR JULY 11 2014...

CLIMATE NORMAL PERIOD 1981 TO 2010
CLIMATE RECORD PERIOD 1948 TO 2014


WEATHER ITEM   OBSERVED TIME   RECORD YEAR NORMAL DEPARTURE LAST
                VALUE   (LST)  VALUE       VALUE  FROM      YEAR
                                                  NORMAL
..................................................................
TEMPERATURE (F)
 YESTERDAY
  MAXIMUM         89    416 PM 103    1958  90     -1       83
  MINIMUM         60    512 AM  52    1974  62     -2       68
  AVERAGE         75                        76     -1

PRECIPITATION (IN)
  YESTERDAY        0.00          1.16 1965   0.06  -0.06     0.02
  MONTH TO DATE    0.90                      0.51   0.39     0.12
  SINCE SEP 1      6.59                      9.75  -3.16     4.60
  SINCE JAN 1      1.87                      5.44  -3.57     2.64

DEGREE DAYS
 HEATING
  YESTERDAY        0                                0
  MONTH TO DATE    0                                0
  SINCE JUL 1      0                                0

 COOLING
  YESTERDAY       10                               -1
  MONTH TO DATE  121                                7
  SINCE JAN 1    427                               85
..................................................................


WIND (MPH)
  HIGHEST WIND SPEED    15   HIGHEST WIND DIRECTION     W (250)
  HIGHEST GUST SPEED    20   HIGHEST GUST DIRECTION     W (280)
  AVERAGE WIND SPEED     5.5


SKY COVER
  AVERAGE SKY COVER 0.3


WEATHER CONDITIONS
 THE FOLLOWING WEATHER WAS RECORDED YESTERDAY.
  NO SIGNIFICANT WEATHER WAS OBSERVED.


RELATIVE HUMIDITY (PERCENT)
 HIGHEST    87
 LOWEST     21

..........................................................


THE PRESCOTT AZ AIRPORT CLIMATE NORMALS FOR TODAY
                         NORMAL    RECORD    YEAR
 MAXIMUM TEMPERATURE (F)   90       100      2005
 MINIMUM TEMPERATURE (F)   62        55      2000


SUNRISE AND SUNSET
JULY 12 2014..........SUNRISE   526 AM MST   SUNSET   744 PM MST
JULY 13 2014..........SUNRISE   527 AM MST   SUNSET   744 PM MST


-  INDICATES NEGATIVE NUMBERS.
R  INDICATES RECORD WAS SET OR TIED.
MM INDICATES DATA IS MISSING.
T  INDICATES TRACE AMOUNT.




$$
