000
CDUS45 KFGZ 240851
CLIPRC
CLIMATE REPORT
NATIONAL WEATHER SERVICE FLAGSTAFF, AZ
149 AM MST TUE JAN 24 2017


...................................

...THE PRESCOTT AZ AIRPORT CLIMATE SUMMARY FOR JANUARY 23 2017...

CLIMATE NORMAL PERIOD 1981 TO 2010
CLIMATE RECORD PERIOD 1948 TO 2017


WEATHER ITEM   OBSERVED TIME   RECORD YEAR NORMAL DEPARTURE LAST
                VALUE   (LST)  VALUE       VALUE  FROM      YEAR
                                                  NORMAL
..................................................................
TEMPERATURE (F)
 YESTERDAY
  MAXIMUM         41   1143 AM  66    1999  52    -11       64
  MINIMUM         32   1159 PM   9    1996  26      6       30
  AVERAGE         37                        39     -2

PRECIPITATION (IN)
  YESTERDAY        0.29          0.48 1967   0.03   0.26     0.00
  MONTH TO DATE    1.90                      0.85   1.05     1.08
  SINCE SEP 1      8.65                      5.16   3.49     4.57
  SINCE JAN 1      1.90                      0.85   1.05     1.08

DEGREE DAYS
 HEATING
  YESTERDAY       28                                2
  MONTH TO DATE  554                              -56
  SINCE JUL 1   1941                             -372

 COOLING
  YESTERDAY        0                                0
  MONTH TO DATE    0                                0
  SINCE JAN 1      0                                0
..................................................................


WIND (MPH)
  HIGHEST WIND SPEED    24   HIGHEST WIND DIRECTION     S (200)
  HIGHEST GUST SPEED    33   HIGHEST GUST DIRECTION     S (200)
  AVERAGE WIND SPEED    13.9


SKY COVER
  AVERAGE SKY COVER 0.9


WEATHER CONDITIONS
 THE FOLLOWING WEATHER WAS RECORDED YESTERDAY.
  LIGHT RAIN
  LIGHT SNOW
  FOG


RELATIVE HUMIDITY (PERCENT)
 HIGHEST   100
 LOWEST     70

..........................................................


THE PRESCOTT AZ AIRPORT CLIMATE NORMALS FOR TODAY
                         NORMAL    RECORD    YEAR
 MAXIMUM TEMPERATURE (F)   53        67      1999
 MINIMUM TEMPERATURE (F)   26        13      2002


SUNRISE AND SUNSET
JANUARY 24 2017.......SUNRISE   733 AM MST   SUNSET   551 PM MST
JANUARY 25 2017.......SUNRISE   732 AM MST   SUNSET   552 PM MST


-  INDICATES NEGATIVE NUMBERS.
R  INDICATES RECORD WAS SET OR TIED.
MM INDICATES DATA IS MISSING.
T  INDICATES TRACE AMOUNT.




$$
