000
CDUS46 KPDT 190920
CLIPSC

CLIMATE REPORT
NATIONAL WEATHER SERVICE PENDLETON OR
206 AM PDT TUE SEP 19 2017


...................................

...THE PASCO WA CLIMATE SUMMARY FOR SEPTEMBER 18 2017...

CLIMATE NORMAL PERIOD 1981 TO 2010
CLIMATE RECORD PERIOD 1948 TO 2017


WEATHER ITEM   OBSERVED TIME   RECORD YEAR NORMAL DEPARTURE LAST
                VALUE   (LST)  VALUE       VALUE  FROM      YEAR
                                                  NORMAL
..................................................................
TEMPERATURE (F)
 YESTERDAY
  MAXIMUM         70    259 PM  97    1906  80    -10       79
  MINIMUM         55   1159 PM  30    1907  46      9       50
  AVERAGE         63                        63      0       65

PRECIPITATION (IN)
  YESTERDAY        0.03          0.31 1969   0.01   0.02     0.00
  MONTH TO DATE    0.04                      0.19  -0.15     0.24
  SINCE OCT 1     10.03                      8.62   1.41     8.38
  SINCE JAN 1      6.26                      5.67   0.59     5.62

SNOWFALL (IN)
  YESTERDAY        0.0
  SNOW DEPTH       0

DEGREE DAYS
 HEATING
  YESTERDAY        2                         3     -1        0
  MONTH TO DATE   20                        32    -12       32
  SINCE SEP 1     20                        32    -12       32
  SINCE JUL 1     20                        44    -24       32

 COOLING
  YESTERDAY        0                         1     -1        0
  MONTH TO DATE  101                        43     58       20
  SINCE SEP 1    101                        43     58       20
  SINCE JAN 1    979                       700    279      771
..................................................................


WIND (MPH)
  RESULTANT WIND SPEED  14   RESULTANT WIND DIRECTION  SW (230)
  HIGHEST WIND SPEED    29   HIGHEST WIND DIRECTION    SW (230)
  HIGHEST GUST SPEED    37   HIGHEST GUST DIRECTION    SW (240)


SKY COVER
  POSSIBLE SUNSHINE  MM
  AVERAGE SKY COVER 0.3


WEATHER CONDITIONS
 THE FOLLOWING WEATHER WAS RECORDED YESTERDAY.
  LIGHT RAIN
  HAZE


RELATIVE HUMIDITY (PERCENT)
 HIGHEST    93
 LOWEST     33
 AVERAGE    63

..........................................................


THE PASCO WA CLIMATE NORMALS FOR TODAY
                         NORMAL    RECORD    YEAR
 MAXIMUM TEMPERATURE (F)   79        97      1981
 MINIMUM TEMPERATURE (F)   45        32      1957


SUNRISE AND SUNSET
SEPTEMBER 19 2017.....SUNRISE   640 AM PDT   SUNSET   659 PM PDT
SEPTEMBER 20 2017.....SUNRISE   641 AM PDT   SUNSET   657 PM PDT


-  INDICATES NEGATIVE NUMBERS.
R  INDICATES RECORD WAS SET OR TIED.
MM INDICATES DATA IS MISSING.
T  INDICATES TRACE AMOUNT.




$$
