000
CDUS46 KPDT 010034
CLIPSC

CLIMATE REPORT
NATIONAL WEATHER SERVICE PENDLETON OR
534 PM PDT THU JUL 31 2014


...................................

...THE PASCO WA CLIMATE SUMMARY FOR JULY 31 2014...
VALID TODAY AS OF 0500 PM LOCAL TIME.

CLIMATE NORMAL PERIOD 1981 TO 2010
CLIMATE RECORD PERIOD 1948 TO 2014


WEATHER ITEM   OBSERVED TIME   RECORD YEAR NORMAL DEPARTURE LAST
                VALUE   (LST)  VALUE       VALUE  FROM      YEAR
                                                  NORMAL
..................................................................
TEMPERATURE (F)
 TODAY
  MAXIMUM        100    358 PM 107    2000  93      7       84
  MINIMUM         58    513 AM   1    2007  58      0       56
  AVERAGE         79                        75      4       70

PRECIPITATION (IN)
  TODAY            0.00          0.05 1952   0.00   0.00     0.00
                                      1952
                                      2010
  MONTH TO DATE    0.03                      0.28  -0.25      T
  SINCE OCT 1      3.17                      8.16  -4.99     6.30
  SINCE JAN 1      2.59                      5.21  -2.62     2.94

SNOWFALL (IN)
  TODAY            0.0
  SNOW DEPTH       0

DEGREE DAYS
 HEATING
  TODAY            0                         0      0        0
  MONTH TO DATE    0                         1     -1        0
  SINCE JUN 1     18                        37    -19       19
  SINCE JUL 1      0                         5     -5        0

 COOLING
  TODAY           14                        10      4        5
  MONTH TO DATE  436                       268    168      371
  SINCE JUN 1    547                       377    170      495
  SINCE JAN 1    581                       410    171      541
..................................................................


WIND (MPH)
  RESULTANT WIND SPEED   2   RESULTANT WIND DIRECTION  NE (40)
  HIGHEST WIND SPEED    13   HIGHEST WIND DIRECTION     E (110)
  HIGHEST GUST SPEED    16   HIGHEST GUST DIRECTION     E (100)


SKY COVER
  POSSIBLE SUNSHINE  MM
  AVERAGE SKY COVER 0.0


WEATHER CONDITIONS
 THE FOLLOWING WEATHER WAS RECORDED TODAY.
  NO SIGNIFICANT WEATHER WAS OBSERVED.


RELATIVE HUMIDITY (PERCENT)
 HIGHEST    93
 LOWEST     18
 AVERAGE    56

..........................................................


THE PASCO WA CLIMATE NORMALS FOR TOMORROW
                         NORMAL    RECORD    YEAR
 MAXIMUM TEMPERATURE (F)   93       109      2009
 MINIMUM TEMPERATURE (F)   58        45      2002


SUNRISE AND SUNSET
JULY 31 2014..........SUNRISE   537 AM PDT   SUNSET   828 PM PDT
AUGUST  1 2014........SUNRISE   538 AM PDT   SUNSET   827 PM PDT


-  INDICATES NEGATIVE NUMBERS.
R  INDICATES RECORD WAS SET OR TIED.
MM INDICATES DATA IS MISSING.
T  INDICATES TRACE AMOUNT.




$$
