719
CDUS46 KPDT 260844 RRA
CLIPSC

CLIMATE REPORT
NATIONAL WEATHER SERVICE PENDLETON OR
130 AM PDT WED APR 26 2017


...................................

...THE PASCO WA CLIMATE SUMMARY FOR APRIL 25 2017...

CLIMATE NORMAL PERIOD 1981 TO 2010
CLIMATE RECORD PERIOD 1948 TO 2017


WEATHER ITEM   OBSERVED TIME   RECORD YEAR NORMAL DEPARTURE LAST
                VALUE   (LST)  VALUE       VALUE  FROM      YEAR
                                                  NORMAL
..................................................................
TEMPERATURE (F)
 YESTERDAY
  MAXIMUM         66    304 PM  86    2001  70     -4       68
  MINIMUM         45    513 AM  31    2009  39      6       32
  AVERAGE         56                        55      1       50

PRECIPITATION (IN)
  YESTERDAY        0.06          0.16 2011   0.01   0.05     0.00
  MONTH TO DATE    0.97                      0.55   0.42     0.28
  SINCE OCT 1      8.74                      6.37   2.37     5.79
  SINCE JAN 1      4.97                      3.42   1.55     3.03

SNOWFALL (IN)
  YESTERDAY        0.0
  SNOW DEPTH       0

DEGREE DAYS
 HEATING
  YESTERDAY        9                        10     -1       15
  MONTH TO DATE  311                       314     -3      158
  SINCE MAR 1    844                       892    -48      687
  SINCE JUL 1   5166                      4775    391     4205

 COOLING
  YESTERDAY        0                         0      0        0
  MONTH TO DATE    0                         0      0        4
  SINCE MAR 1      0                         0      0        4
  SINCE JAN 1      0                         0      0        4
..................................................................


WIND (MPH)
  RESULTANT WIND SPEED  12   RESULTANT WIND DIRECTION  SW (210)
  HIGHEST WIND SPEED    24   HIGHEST WIND DIRECTION    SW (240)
  HIGHEST GUST SPEED    29   HIGHEST GUST DIRECTION    SW (210)


SKY COVER
  POSSIBLE SUNSHINE  MM
  AVERAGE SKY COVER 0.5


WEATHER CONDITIONS
 THE FOLLOWING WEATHER WAS RECORDED YESTERDAY.
  LIGHT RAIN


RELATIVE HUMIDITY (PERCENT)
 HIGHEST    83
 LOWEST     24
 AVERAGE    54

..........................................................


THE PASCO WA CLIMATE NORMALS FOR TODAY
                         NORMAL    RECORD    YEAR
 MAXIMUM TEMPERATURE (F)   70        87      2001
 MINIMUM TEMPERATURE (F)   40        26      2008


SUNRISE AND SUNSET
APRIL 26 2017.........SUNRISE   550 AM PDT   SUNSET   759 PM PDT
APRIL 27 2017.........SUNRISE   549 AM PDT   SUNSET   800 PM PDT


-  INDICATES NEGATIVE NUMBERS.
R  INDICATES RECORD WAS SET OR TIED.
MM INDICATES DATA IS MISSING.
T  INDICATES TRACE AMOUNT.




$$
