000
CDUS46 KPDT 160855
CLIPSC

CLIMATE REPORT
NATIONAL WEATHER SERVICE PENDLETON OR
155 AM PDT TUE SEP 16 2014


...................................

...THE PASCO WA CLIMATE SUMMARY FOR SEPTEMBER 15 2014...

CLIMATE NORMAL PERIOD 1981 TO 2010
CLIMATE RECORD PERIOD 1948 TO 2014


WEATHER ITEM   OBSERVED TIME   RECORD YEAR NORMAL DEPARTURE LAST
                VALUE   (LST)  VALUE       VALUE  FROM      YEAR
                                                  NORMAL
..................................................................
TEMPERATURE (F)
 YESTERDAY
  MAXIMUM         84    502 PM  96    2001  81      3       94
  MINIMUM         42    551 AM  41    2008  47     -5       57
  AVERAGE         63                        64     -1       76

PRECIPITATION (IN)
  YESTERDAY        0.00          0.60 1959   0.01  -0.01     0.27
  MONTH TO DATE    T                         0.15  -0.15     0.70
  SINCE OCT 1      3.64                      8.58  -4.94     7.38
  SINCE JAN 1      3.06                      5.63  -2.57     4.02

SNOWFALL (IN)
  YESTERDAY        0.0
  SNOW DEPTH       0

DEGREE DAYS
 HEATING
  YESTERDAY        2                         3     -1        0
  MONTH TO DATE   33                        23     10        1
  SINCE SEP 1     33                        23     10        1
  SINCE JUL 1     33                        35     -2        1

 COOLING
  YESTERDAY        0                         1     -1       11
  MONTH TO DATE   14                        40    -26      126
  SINCE SEP 1     14                        40    -26      126
  SINCE JAN 1    932                       697    235      988
..................................................................


WIND (MPH)
  RESULTANT WIND SPEED   4   RESULTANT WIND DIRECTION   N (340)
  HIGHEST WIND SPEED    12   HIGHEST WIND DIRECTION    NW (330)
  HIGHEST GUST SPEED    13   HIGHEST GUST DIRECTION    NW (330)


SKY COVER
  POSSIBLE SUNSHINE  MM
  AVERAGE SKY COVER 0.0


WEATHER CONDITIONS
THE FOLLOWING WEATHER WAS RECORDED YESTERDAY.
  NO SIGNIFICANT WEATHER WAS OBSERVED.


RELATIVE HUMIDITY (PERCENT)
 HIGHEST    89
 LOWEST     24
 AVERAGE    57

..........................................................


THE PASCO WA CLIMATE NORMALS FOR TODAY
                         NORMAL    RECORD    YEAR
 MAXIMUM TEMPERATURE (F)   80        97      1998
 MINIMUM TEMPERATURE (F)   46        38      2006


SUNRISE AND SUNSET
SEPTEMBER 16 2014.....SUNRISE   636 AM PDT   SUNSET   706 PM PDT
SEPTEMBER 17 2014.....SUNRISE   637 AM PDT   SUNSET   704 PM PDT


-  INDICATES NEGATIVE NUMBERS.
R  INDICATES RECORD WAS SET OR TIED.
MM INDICATES DATA IS MISSING.
T  INDICATES TRACE AMOUNT.

$$
