000
CDUS46 KPDT 290929
CLIPSC

CLIMATE REPORT
NATIONAL WEATHER SERVICE PENDLETON OR
129 AM PST THU JAN 29 2015


...................................

...THE PASCO WA CLIMATE SUMMARY FOR JANUARY 28 2015...

CLIMATE NORMAL PERIOD 1981 TO 2010
CLIMATE RECORD PERIOD 1948 TO 2015


WEATHER ITEM   OBSERVED TIME   RECORD YEAR NORMAL DEPARTURE LAST
                VALUE   (LST)  VALUE       VALUE  FROM      YEAR
                                                  NORMAL
..................................................................
TEMPERATURE (F)
 YESTERDAY
  MAXIMUM         41    318 PM  61    1999  44     -3       35
  MINIMUM         34    801 AM   3    2008  29      5       31
  AVERAGE         38                        36      2       33

PRECIPITATION (IN)
  YESTERDAY        0.00          0.23 1996   0.03  -0.03     0.07
  MONTH TO DATE    0.69                      1.14  -0.45     0.18
  SINCE OCT 1      3.06                      4.09  -1.03     0.76
  SINCE JAN 1      0.69                      1.14  -0.45     0.18

SNOWFALL (IN)
  YESTERDAY        0.0
  SNOW DEPTH       0

DEGREE DAYS
 HEATING
  YESTERDAY       27                        28     -1       32
  MONTH TO DATE  826                       850    -24      826
  SINCE DEC 1   1704                      1837   -133     1978
  SINCE JUL 1   2769                      3066   -297     3328

 COOLING
  YESTERDAY        0                         0      0        0
  MONTH TO DATE    0                         0      0        0
  SINCE DEC 1      0                         0      0        0
  SINCE JAN 1      0                         0      0        0
..................................................................


WIND (MPH)
  RESULTANT WIND SPEED   6   RESULTANT WIND DIRECTION  NW (330)
  HIGHEST WIND SPEED    12   HIGHEST WIND DIRECTION    NW (320)
  HIGHEST GUST SPEED    15   HIGHEST GUST DIRECTION     N (340)


SKY COVER
  POSSIBLE SUNSHINE  MM
  AVERAGE SKY COVER 1.0


WEATHER CONDITIONS
THE FOLLOWING WEATHER WAS RECORDED YESTERDAY.
  FOG


RELATIVE HUMIDITY (PERCENT)
 HIGHEST   100
 LOWEST     85
 AVERAGE    93

..........................................................


THE PASCO WA CLIMATE NORMALS FOR TODAY
                         NORMAL    RECORD    YEAR
 MAXIMUM TEMPERATURE (F)   44        62      1992
 MINIMUM TEMPERATURE (F)   29        -9      1996


SUNRISE AND SUNSET
JANUARY 29 2015.......SUNRISE   723 AM PST   SUNSET   457 PM PST
JANUARY 30 2015.......SUNRISE   722 AM PST   SUNSET   458 PM PST


-  INDICATES NEGATIVE NUMBERS.
R  INDICATES RECORD WAS SET OR TIED.
MM INDICATES DATA IS MISSING.
T  INDICATES TRACE AMOUNT.

$$
