067
CDUS46 KPDT 210027 RRA
CLIPSC

CLIMATE REPORT
NATIONAL WEATHER SERVICE PENDLETON OR
426 PM PST FRI JAN 20 2017


...................................

...THE PASCO WA CLIMATE SUMMARY FOR JANUARY 20 2017...
VALID TODAY AS OF 0400 PM LOCAL TIME.

CLIMATE NORMAL PERIOD 1981 TO 2010
CLIMATE RECORD PERIOD 1948 TO 2017


WEATHER ITEM   OBSERVED TIME   RECORD YEAR NORMAL DEPARTURE LAST
                VALUE   (LST)  VALUE       VALUE  FROM      YEAR
                                                  NORMAL
..................................................................
TEMPERATURE (F)
 TODAY
  MAXIMUM         37    117 PM  59    2005  42     -5       53
  MINIMUM         20   1256 AM   9    2007  29     -9       39
  AVERAGE         29                        36     -7       46

PRECIPITATION (IN)
  TODAY            0.00          0.34 1985   0.03  -0.03      T
  MONTH TO DATE    0.87                      0.89  -0.02     0.83
  SINCE OCT 1      4.64                      3.84   0.80     3.59
  SINCE JAN 1      0.87                      0.89  -0.02     0.83

SNOWFALL (IN)
  TODAY            0.0
  SNOW DEPTH      MM

DEGREE DAYS
 HEATING
  TODAY           36                        29      7       19
  MONTH TO DATE  964                       619    345      650
  SINCE DEC 1   2105                      1606    499     1533
  SINCE JUL 1   3051                      2835    216     2635

 COOLING
  TODAY            0                         0      0        0
  MONTH TO DATE    0                         0      0        0
  SINCE DEC 1      0                         0      0        0
  SINCE JAN 1      0                         0      0        0
..................................................................


WIND (MPH)
  RESULTANT WIND SPEED   2   RESULTANT WIND DIRECTION  NW (300)
  HIGHEST WIND SPEED     7   HIGHEST WIND DIRECTION    NW (300)
  HIGHEST GUST SPEED     7   HIGHEST GUST DIRECTION    NW (300)


SKY COVER
  POSSIBLE SUNSHINE  MM
  AVERAGE SKY COVER 1.0


WEATHER CONDITIONS
 THE FOLLOWING WEATHER WAS RECORDED TODAY.
  FOG
  FOG W/VISIBILITY <= 1/4 MILE


RELATIVE HUMIDITY (PERCENT)
 HIGHEST   100
 LOWEST     92
 AVERAGE    96

..........................................................


THE PASCO WA CLIMATE NORMALS FOR TOMORROW
                         NORMAL    RECORD    YEAR
 MAXIMUM TEMPERATURE (F)   43        54      2010
 MINIMUM TEMPERATURE (F)   29        10      2008


SUNRISE AND SUNSET
JANUARY 20 2017.......SUNRISE   731 AM PST   SUNSET   444 PM PST
JANUARY 21 2017.......SUNRISE   731 AM PST   SUNSET   446 PM PST


-  INDICATES NEGATIVE NUMBERS.
R  INDICATES RECORD WAS SET OR TIED.
MM INDICATES DATA IS MISSING.
T  INDICATES TRACE AMOUNT.




$$
