000
CDUS41 KALY 250626
CLIPSF


CLIMATE REPORT
NATIONAL WEATHER SERVICE ALBANY NY
226 AM EDT MON SEP 25 2017


...................................

...THE PITTSFIELD MA CLIMATE SUMMARY FOR SEPTEMBER 24 2017...

CLIMATE NORMAL PERIOD 1981 TO 2010
CLIMATE RECORD PERIOD 9999 TO 9999


WEATHER ITEM   OBSERVED TIME   NORMAL DEPARTURE LAST
                VALUE   (LST)  VALUE  FROM      YEAR
                                      NORMAL
......................................................
TEMPERATURE (F)
 YESTERDAY
  MAXIMUM         85    303 PM  66     19       63
  MINIMUM         55    620 AM  45     10       43
  AVERAGE         70            55     15       53

PRECIPITATION (IN)
  YESTERDAY        0.00          0.15  -0.15     0.00
  MONTH TO DATE    2.49          2.97  -0.48     1.42
  SINCE SEP 1      2.49          2.97  -0.48     1.42
  SINCE JAN 1     33.28         32.75   0.53    24.79

DEGREE DAYS
 HEATING
  YESTERDAY        0            10    -10       12
  MONTH TO DATE   97           146    -49       56
  SINCE SEP 1     97           146    -49       56
  SINCE JUL 1    183           224    -41       80

 COOLING
  YESTERDAY        5             0      5        0
  MONTH TO DATE   48            16     32       50
  SINCE SEP 1     48            16     32       50
  SINCE JAN 1    318           286     32      431
......................................................


WIND (MPH)
  HIGHEST WIND SPEED     9   HIGHEST WIND DIRECTION    NW (330)
  HIGHEST GUST SPEED    12   HIGHEST GUST DIRECTION     W (290)
  AVERAGE WIND SPEED     2.0


SKY COVER
  AVERAGE SKY COVER 0.0



RELATIVE HUMIDITY (PERCENT)
 HIGHEST    93
 LOWEST     51
 AVERAGE    72

..........................................................


THE PITTSFIELD MA CLIMATE NORMALS FOR TODAY
                         NORMAL
 MAXIMUM TEMPERATURE (F)   65
 MINIMUM TEMPERATURE (F)   44


SUNRISE AND SUNSET
SEPTEMBER 25 2017.....SUNRISE   644 AM EDT   SUNSET   645 PM EDT
SEPTEMBER 26 2017.....SUNRISE   645 AM EDT   SUNSET   643 PM EDT


-  INDICATES NEGATIVE NUMBERS.
R  INDICATES RECORD WAS SET OR TIED.
MM INDICATES DATA IS MISSING.
T  INDICATES TRACE AMOUNT.




$$
