000
CDUS41 KALY 182148
CLIPSF


CLIMATE REPORT
NATIONAL WEATHER SERVICE ALBANY NY
448 PM EST SUN FEB 18 2018


...................................

...THE PITTSFIELD MA CLIMATE SUMMARY FOR FEBRUARY 18 2018...
VALID TODAY AS OF 0400 PM LOCAL TIME.

CLIMATE NORMAL PERIOD 1981 TO 2010
CLIMATE RECORD PERIOD 9999 TO 9999


WEATHER ITEM   OBSERVED TIME   NORMAL DEPARTURE LAST
                VALUE   (LST)  VALUE  FROM      YEAR
                                      NORMAL
......................................................
TEMPERATURE (F)
 TODAY
  MAXIMUM         33    443 PM  33      0       50
  MINIMUM         28    811 AM  16     12       16
  AVERAGE         31            24      7       33

PRECIPITATION (IN)
  TODAY            0.10          0.10   0.00     0.00
  MONTH TO DATE    2.75          1.70   1.05     1.76
  SINCE DEC 1      9.56          7.62   1.94     7.50
  SINCE JAN 1      7.41          4.62   2.79     4.48

DEGREE DAYS
 HEATING
  TODAY           34            41     -7       32
  MONTH TO DATE  675           764    -89      725
  SINCE DEC 1   3253          3338    -85     3050
  SINCE JUL 1   4578          4989   -411     4457

 COOLING
  TODAY            0             0      0        0
  MONTH TO DATE    0             0      0        0
  SINCE DEC 1      0             0      0        0
  SINCE JAN 1      0             0      0        0
......................................................


WIND (MPH)
  HIGHEST WIND SPEED    30   HIGHEST WIND DIRECTION     W (280)
  HIGHEST GUST SPEED    40   HIGHEST GUST DIRECTION    NW (300)
  AVERAGE WIND SPEED    10.8


SKY COVER
  AVERAGE SKY COVER 1.0



RELATIVE HUMIDITY (PERCENT)
 HIGHEST    85
 LOWEST     56
 AVERAGE    71

..........................................................


THE PITTSFIELD MA CLIMATE NORMALS FOR TOMORROW
                         NORMAL
 MAXIMUM TEMPERATURE (F)   33
 MINIMUM TEMPERATURE (F)   16


SUNRISE AND SUNSET
FEBRUARY 18 2018......SUNRISE   646 AM EST   SUNSET   529 PM EST
FEBRUARY 19 2018......SUNRISE   644 AM EST   SUNSET   531 PM EST


-  INDICATES NEGATIVE NUMBERS.
R  INDICATES RECORD WAS SET OR TIED.
MM INDICATES DATA IS MISSING.
T  INDICATES TRACE AMOUNT.




$$
