000
CDUS41 KALY 020628
CLIPSF


CLIMATE REPORT
NATIONAL WEATHER SERVICE ALBANY NY
227 AM EDT TUE SEP 2 2014


...................................

...THE PITTSFIELD MA CLIMATE SUMMARY FOR SEPTEMBER 1 2014...

CLIMATE NORMAL PERIOD 1981 TO 2010
CLIMATE RECORD PERIOD 9999 TO 9999


WEATHER ITEM   OBSERVED TIME   NORMAL DEPARTURE LAST
                VALUE   (LST)  VALUE  FROM      YEAR
                                      NORMAL
......................................................
TEMPERATURE (F)
 YESTERDAY
  MAXIMUM         84    209 PM  74     10       81
  MINIMUM         65    527 AM  53     12       64
  AVERAGE         75            64     11       73

PRECIPITATION (IN)
  YESTERDAY        0.00          0.09  -0.09     0.16
  MONTH TO DATE    0.00          0.09  -0.09     0.16
  SINCE SEP 1      0.00          0.09  -0.09     0.16
  SINCE JAN 1     30.92         29.87   1.05    28.26

DEGREE DAYS
 HEATING
  YESTERDAY        0             3     -3        0
  MONTH TO DATE    0             3     -3        0
  SINCE SEP 1      0             3     -3        0
  SINCE JUL 1     73            81     -8       56

 COOLING
  YESTERDAY       10             2      8        8
  MONTH TO DATE   10             2      8        8
  SINCE SEP 1     10             2      8        8
  SINCE JAN 1    209           272    -63      408
......................................................


WIND (MPH)
  HIGHEST WIND SPEED    12   HIGHEST WIND DIRECTION     W (260)
  HIGHEST GUST SPEED    17   HIGHEST GUST DIRECTION     S (190)
  AVERAGE WIND SPEED     1.9


SKY COVER
  AVERAGE SKY COVER 0.5



RELATIVE HUMIDITY (PERCENT)
 HIGHEST   100
 LOWEST     58
 AVERAGE    79

..........................................................


THE PITTSFIELD MA CLIMATE NORMALS FOR TODAY
                         NORMAL
 MAXIMUM TEMPERATURE (F)   74
 MINIMUM TEMPERATURE (F)   53


SUNRISE AND SUNSET
SEPTEMBER  2 2014.....SUNRISE   619 AM EDT   SUNSET   726 PM EDT
SEPTEMBER  3 2014.....SUNRISE   620 AM EDT   SUNSET   724 PM EDT


-  INDICATES NEGATIVE NUMBERS.
R  INDICATES RECORD WAS SET OR TIED.
MM INDICATES DATA IS MISSING.
T  INDICATES TRACE AMOUNT.




$$
