000
CDUS41 KALY 210632
CLIPSF


CLIMATE REPORT
NATIONAL WEATHER SERVICE ALBANY NY
130 AM EST TUE NOV 21 2017


...................................

...THE PITTSFIELD MA CLIMATE SUMMARY FOR NOVEMBER 20 2017...

CLIMATE NORMAL PERIOD 1981 TO 2010
CLIMATE RECORD PERIOD 9999 TO 9999


WEATHER ITEM   OBSERVED TIME   NORMAL DEPARTURE LAST
                VALUE   (LST)  VALUE  FROM      YEAR
                                      NORMAL
......................................................
TEMPERATURE (F)
 YESTERDAY
  MAXIMUM         37    321 PM  45     -8       42
  MINIMUM         28    859 AM  28      0       25
  AVERAGE         33            36     -3       34

PRECIPITATION (IN)
  YESTERDAY        T             0.13  -0.13     0.53
  MONTH TO DATE    1.17          2.56  -1.39     1.47
  SINCE SEP 1      8.46         11.23  -2.77     7.19
  SINCE JAN 1     39.25         41.01  -1.76    30.56

DEGREE DAYS
 HEATING
  YESTERDAY       32            29      3       31
  MONTH TO DATE  497           510    -13      452
  SINCE SEP 1    956          1268   -312     1070
  SINCE JUL 1   1042          1346   -304     1094

 COOLING
  YESTERDAY        0             0      0        0
  MONTH TO DATE    0             0      0        0
  SINCE SEP 1     81            20     61       51
  SINCE JAN 1    351           290     61      432
......................................................


WIND (MPH)
  HIGHEST WIND SPEED    29   HIGHEST WIND DIRECTION     W (280)
  HIGHEST GUST SPEED    43   HIGHEST GUST DIRECTION     W (270)
  AVERAGE WIND SPEED    13.5


SKY COVER
  AVERAGE SKY COVER 0.8



RELATIVE HUMIDITY (PERCENT)
 HIGHEST    82
 LOWEST     48
 AVERAGE    65

..........................................................


THE PITTSFIELD MA CLIMATE NORMALS FOR TODAY
                         NORMAL
 MAXIMUM TEMPERATURE (F)   44
 MINIMUM TEMPERATURE (F)   28


SUNRISE AND SUNSET
NOVEMBER 21 2017......SUNRISE   652 AM EST   SUNSET   426 PM EST
NOVEMBER 22 2017......SUNRISE   653 AM EST   SUNSET   426 PM EST


-  INDICATES NEGATIVE NUMBERS.
R  INDICATES RECORD WAS SET OR TIED.
MM INDICATES DATA IS MISSING.
T  INDICATES TRACE AMOUNT.




$$
