831
CDUS46 KSGX 250019
CLIPSP


CLIMATE REPORT
NATIONAL WEATHER SERVICE SAN DIEGO, CA
519 PM PDT MON APR 24 2017


...................................

...THE PALM SPRINGS INTL AIRPORT CA CLIMATE SUMMARY FOR APRIL 24 2017...
VALID TODAY AS OF 0500 PM LOCAL TIME.

CLIMATE NORMAL PERIOD 1981 TO 2010
CLIMATE RECORD PERIOD 1893 TO 2017


WEATHER ITEM   OBSERVED TIME   RECORD YEAR NORMAL DEPARTURE LAST
                VALUE   (LST)  VALUE       VALUE  FROM      YEAR
                                                  NORMAL
..................................................................
TEMPERATURE (F)
 TODAY
  MAXIMUM         91    359 PM 102    1996  87      4       92
                                      1949
                                      1946
  MINIMUM         65    517 AM  43    1960  59      6       60
  AVERAGE         78                        73      5       76

PRECIPITATION (IN)
  TODAY            0.00          0.07 2002   0.00   0.00     0.00
  MONTH TO DATE    0.00                      0.09  -0.09     0.11
  SINCE OCT 1      6.97                      4.58   2.39     2.58
  SINCE JAN 1      5.18                      2.73   2.45     2.39

DEGREE DAYS
 HEATING
  TODAY            0                         0      0        0
  MONTH TO DATE    0                        17    -17        0
  SINCE MAR 1     19                        90    -71       28
  SINCE JUL 1    679                       868   -189      738

 COOLING
  TODAY           13                         8      5       11
  MONTH TO DATE  271                       145    126      255
  SINCE MAR 1    517                       238    279      442
  SINCE JAN 1    562                       265    297      592
..................................................................


WIND (MPH)
  RESULTANT WIND SPEED   2   RESULTANT WIND DIRECTION   N (340)
  HIGHEST WIND SPEED    20   HIGHEST WIND DIRECTION    NW (330)
  HIGHEST GUST SPEED    28   HIGHEST GUST DIRECTION     N (340)
  AVERAGE WIND SPEED     7.2


SKY COVER
  POSSIBLE SUNSHINE  MM
  AVERAGE SKY COVER 0.1


WEATHER CONDITIONS
 THE FOLLOWING WEATHER WAS RECORDED TODAY.
  NO SIGNIFICANT WEATHER WAS OBSERVED.


RELATIVE HUMIDITY (PERCENT)
 HIGHEST    45           300 AM
 LOWEST     19           400 PM
 AVERAGE    32

..........................................................


THE PALM SPRINGS INTL AIRPORT CA CLIMATE NORMALS FOR TOMORROW
                         NORMAL    RECORD    YEAR
 MAXIMUM TEMPERATURE (F)   87       104      1926
 MINIMUM TEMPERATURE (F)   59        40      1953


SUNRISE AND SUNSET
APRIL 24 2017.........SUNRISE   604 AM PDT   SUNSET   724 PM PDT
APRIL 25 2017.........SUNRISE   603 AM PDT   SUNSET   725 PM PDT


-  INDICATES NEGATIVE NUMBERS.
R  INDICATES RECORD WAS SET OR TIED.
MM INDICATES DATA IS MISSING.
T  INDICATES TRACE AMOUNT.




$$
