000
CDUS46 KSGX 131232
CLIPSP


CLIMATE REPORT
NATIONAL WEATHER SERVICE SAN DIEGO, CA
431 AM PST WED DEC 13 2017


...................................

...THE PALM SPRINGS INTL AIRPORT CA CLIMATE SUMMARY FOR DECEMBER 12 2017...

CLIMATE NORMAL PERIOD 1981 TO 2010
CLIMATE RECORD PERIOD 1893 TO 2017


WEATHER ITEM   OBSERVED TIME   RECORD YEAR NORMAL DEPARTURE LAST
                VALUE   (LST)  VALUE       VALUE  FROM      YEAR
                                                  NORMAL
..................................................................
TEMPERATURE (F)
 YESTERDAY
  MAXIMUM         85    144 PM  89    1958  67     18       75
                                      1939
  MINIMUM         51    236 AM  26    1972  44      7       57
  AVERAGE         68                        55     13       66

PRECIPITATION (IN)
  YESTERDAY        0.00          0.43 1934   0.03  -0.03     0.00
  MONTH TO DATE    0.00                      0.24  -0.24      T
  SINCE OCT 1      T                         1.21  -1.21     0.29
  SINCE JAN 1      7.17                      5.10   2.07     3.65

DEGREE DAYS
 HEATING
  YESTERDAY        0                        10    -10        0
  MONTH TO DATE    7                       103    -96       60
  SINCE DEC 1      7                       103    -96       60
  SINCE JUL 1      7                       199   -192      121

 COOLING
  YESTERDAY        3                         0      3        1
  MONTH TO DATE   27                         0     27        1
  SINCE DEC 1     27                         0     27        1
  SINCE JAN 1   5218                      4137   1081     4809
..................................................................


WIND (MPH)
  RESULTANT WIND SPEED   2   RESULTANT WIND DIRECTION  NW (310)
  HIGHEST WIND SPEED    12   HIGHEST WIND DIRECTION     N (340)
  HIGHEST GUST SPEED    14   HIGHEST GUST DIRECTION    NW (320)
  AVERAGE WIND SPEED     5.3


SKY COVER
  POSSIBLE SUNSHINE  MM
  AVERAGE SKY COVER 0.0


WEATHER CONDITIONS
 THE FOLLOWING WEATHER WAS RECORDED YESTERDAY.
  NO SIGNIFICANT WEATHER WAS OBSERVED.


RELATIVE HUMIDITY (PERCENT)
 HIGHEST    20           600 PM
 LOWEST      3          1200 PM
 AVERAGE    12

..........................................................


THE PALM SPRINGS INTL AIRPORT CA CLIMATE NORMALS FOR TODAY
                         NORMAL    RECORD    YEAR
 MAXIMUM TEMPERATURE (F)   67        85      1939
 MINIMUM TEMPERATURE (F)   44        28      1949


SUNRISE AND SUNSET
DECEMBER 13 2017......SUNRISE   642 AM PST   SUNSET   438 PM PST
DECEMBER 14 2017......SUNRISE   643 AM PST   SUNSET   439 PM PST


-  INDICATES NEGATIVE NUMBERS.
R  INDICATES RECORD WAS SET OR TIED.
MM INDICATES DATA IS MISSING.
T  INDICATES TRACE AMOUNT.




$$
