000
CDUS46 KSGX 280017
CLIPSP


CLIMATE REPORT
NATIONAL WEATHER SERVICE SAN DIEGO, CA
517 PM PDT SAT MAY 27 2017


...................................

...THE PALM SPRINGS INTL AIRPORT CA CLIMATE SUMMARY FOR MAY 27 2017...
VALID TODAY AS OF 0500 PM LOCAL TIME.

CLIMATE NORMAL PERIOD 1981 TO 2010
CLIMATE RECORD PERIOD 1893 TO 2017


WEATHER ITEM   OBSERVED TIME   RECORD YEAR NORMAL DEPARTURE LAST
                VALUE   (LST)  VALUE       VALUE  FROM      YEAR
                                                  NORMAL
..................................................................
TEMPERATURE (F)
 TODAY
  MAXIMUM         97    332 PM 112    1968  97      0       96
  MINIMUM         64    505 AM  48    1953  67     -3       MM
  AVERAGE         81                        82     -1       MM

PRECIPITATION (IN)
  TODAY            0.00          0.11 1981   0.00   0.00     0.00
  MONTH TO DATE    T                         0.12  -0.12     0.02
  SINCE OCT 1      6.97                      4.72   2.25     2.63
  SINCE JAN 1      5.18                      2.87   2.31     2.44

DEGREE DAYS
 HEATING
  TODAY            0                         0      0       MM
  MONTH TO DATE    5                         0      5        0
  SINCE MAR 1     24                        94    -70       28
  SINCE JUL 1    684                       872   -188      738

 COOLING
  TODAY           16                        17     -1       MM
  MONTH TO DATE  400                       369     31      310
  SINCE MAR 1    995                       662    333      777
  SINCE JAN 1   1040                       689    351      927
..................................................................


WIND (MPH)
  RESULTANT WIND SPEED   2   RESULTANT WIND DIRECTION  NE (30)
  HIGHEST WIND SPEED    17   HIGHEST WIND DIRECTION     N (350)
  HIGHEST GUST SPEED    22   HIGHEST GUST DIRECTION     N (350)
  AVERAGE WIND SPEED     5.3


SKY COVER
  POSSIBLE SUNSHINE  MM
  AVERAGE SKY COVER 0.0


WEATHER CONDITIONS
 THE FOLLOWING WEATHER WAS RECORDED TODAY.
  NO SIGNIFICANT WEATHER WAS OBSERVED.


RELATIVE HUMIDITY (PERCENT)
 HIGHEST    56           300 AM
 LOWEST     11           100 PM
 AVERAGE    34

..........................................................


THE PALM SPRINGS INTL AIRPORT CA CLIMATE NORMALS FOR TOMORROW
                         NORMAL    RECORD    YEAR
 MAXIMUM TEMPERATURE (F)   97       116      1983
 MINIMUM TEMPERATURE (F)   67        49      1929


SUNRISE AND SUNSET
MAY 27 2017...........SUNRISE   538 AM PDT   SUNSET   749 PM PDT
MAY 28 2017...........SUNRISE   537 AM PDT   SUNSET   749 PM PDT


-  INDICATES NEGATIVE NUMBERS.
R  INDICATES RECORD WAS SET OR TIED.
MM INDICATES DATA IS MISSING.
T  INDICATES TRACE AMOUNT.




$$
