000
CDUS46 KSGX 070016
CLIPSP


CLIMATE REPORT
NATIONAL WEATHER SERVICE SAN DIEGO, CA
416 PM PST FRI MAR 6 2015


...................................

...THE PALM SPRINGS INTL AIRPORT CA CLIMATE SUMMARY FOR MARCH 6 2015...
VALID TODAY AS OF 0400 PM LOCAL TIME.

CLIMATE NORMAL PERIOD 1981 TO 2010
CLIMATE RECORD PERIOD 1893 TO 2015


WEATHER ITEM   OBSERVED TIME   RECORD YEAR NORMAL DEPARTURE LAST
                VALUE   (LST)  VALUE       VALUE  FROM      YEAR
                                                  NORMAL
..................................................................
TEMPERATURE (F)
 TODAY
  MAXIMUM         84    339 PM  99    1972  77      7       88
  MINIMUM         56    451 AM  30    1952  51      5       61
  AVERAGE         70                        64      6       75

PRECIPITATION (IN)
  TODAY            0.00          0.55 2001   0.04  -0.04     0.00
  MONTH TO DATE    0.83                      0.28   0.55     0.28
  SINCE OCT 1      2.09                      4.16  -2.07     0.88
  SINCE JAN 1      1.22                      2.31  -1.09     0.70

SNOWFALL (IN)
  TODAY            0.0
  MONTH TO DATE    0.0
  SINCE JAN 1      0.0
  SINCE JUL 1      0.0
  SNOW DEPTH       0

DEGREE DAYS
 HEATING
  TODAY            0                         3     -3        0
  MONTH TO DATE   29                        18     11       12
  SINCE MAR 1     29                        18     11       12
  SINCE JUL 1    400                       796   -396      423

 COOLING
  TODAY            5                         2      3       10
  MONTH TO DATE    5                        10     -5       20
  SINCE MAR 1      5                        10     -5       20
  SINCE JAN 1    125                        37     88      128
..................................................................


WIND (MPH)
  RESULTANT WIND SPEED   6   RESULTANT WIND DIRECTION  NW (310)
  HIGHEST WIND SPEED    17   HIGHEST WIND DIRECTION     N (350)
  HIGHEST GUST SPEED    22   HIGHEST GUST DIRECTION     N (340)
  AVERAGE WIND SPEED     8.4


SKY COVER
  POSSIBLE SUNSHINE  MM
  AVERAGE SKY COVER 0.0


WEATHER CONDITIONS
 THE FOLLOWING WEATHER WAS RECORDED TODAY.
  NO SIGNIFICANT WEATHER WAS OBSERVED.


RELATIVE HUMIDITY (PERCENT)
 HIGHEST    24           500 AM
 LOWEST      5           300 PM
 AVERAGE    15

..........................................................


THE PALM SPRINGS INTL AIRPORT CA CLIMATE NORMALS FOR TOMORROW
                         NORMAL    RECORD    YEAR
 MAXIMUM TEMPERATURE (F)   77        95      1972
 MINIMUM TEMPERATURE (F)   52        35      1931


SUNRISE AND SUNSET
MARCH  6 2015.........SUNRISE   608 AM PST   SUNSET   547 PM PST
MARCH  7 2015.........SUNRISE   607 AM PST   SUNSET   547 PM PST


-  INDICATES NEGATIVE NUMBERS.
R  INDICATES RECORD WAS SET OR TIED.
MM INDICATES DATA IS MISSING.
T  INDICATES TRACE AMOUNT.




$$
