628
CDUS46 KSGX 280115
CLIPSP


CLIMATE REPORT
NATIONAL WEATHER SERVICE SAN DIEGO, CA
515 PM PST MON FEB 27 2017


...................................

...THE PALM SPRINGS INTL AIRPORT CA CLIMATE SUMMARY FOR FEBRUARY 27 2017...
VALID TODAY AS OF 0500 PM LOCAL TIME.

CLIMATE NORMAL PERIOD 1981 TO 2010
CLIMATE RECORD PERIOD 1893 TO 2017


WEATHER ITEM   OBSERVED TIME   RECORD YEAR NORMAL DEPARTURE LAST
                VALUE   (LST)  VALUE       VALUE  FROM      YEAR
                                                  NORMAL
..................................................................
TEMPERATURE (F)
 TODAY
  MAXIMUM         55   1029 AM  99    1986  75    -20       89
  MINIMUM         49    154 AM  32    1939  50     -1       54
  AVERAGE         52                        62    -10       72

PRECIPITATION (IN)
  TODAY            0.37          0.58 2001   0.03   0.34     0.00
  MONTH TO DATE    0.85                      0.99  -0.14      T
  SINCE OCT 1      6.17                      3.84   2.33     2.45
  SINCE JAN 1      4.38                      1.99   2.39     2.26

DEGREE DAYS
 HEATING
  TODAY           13                         4      9        0
  MONTH TO DATE   81                       149    -68       56
  SINCE DEC 1    593                       680    -87      603
  SINCE JUL 1    654                       776   -122      710

 COOLING
  TODAY            0                         1     -1        7
  MONTH TO DATE   45                        26     19      131
  SINCE DEC 1     46                        38      8      131
  SINCE JAN 1     45                        34     11      131
..................................................................


WIND (MPH)
  RESULTANT WIND SPEED   2   RESULTANT WIND DIRECTION   S (170)
  HIGHEST WIND SPEED    14   HIGHEST WIND DIRECTION     E (110)
  HIGHEST GUST SPEED    17   HIGHEST GUST DIRECTION     E (110)
  AVERAGE WIND SPEED     2.6


SKY COVER
  POSSIBLE SUNSHINE  MM
  AVERAGE SKY COVER 0.9


WEATHER CONDITIONS
 THE FOLLOWING WEATHER WAS RECORDED TODAY.
  RAIN
  LIGHT RAIN
  FOG


RELATIVE HUMIDITY (PERCENT)
 HIGHEST   100           200 PM
 LOWEST     59           400 AM
 AVERAGE    80

..........................................................


THE PALM SPRINGS INTL AIRPORT CA CLIMATE NORMALS FOR TOMORROW
                         NORMAL    RECORD    YEAR
 MAXIMUM TEMPERATURE (F)   75        94      1986
 MINIMUM TEMPERATURE (F)   50        28      1962


SUNRISE AND SUNSET
FEBRUARY 27 2017......SUNRISE   617 AM PST   SUNSET   541 PM PST
FEBRUARY 28 2017......SUNRISE   615 AM PST   SUNSET   542 PM PST


-  INDICATES NEGATIVE NUMBERS.
R  INDICATES RECORD WAS SET OR TIED.
MM INDICATES DATA IS MISSING.
T  INDICATES TRACE AMOUNT.




$$
