000
CDUS46 KSGX 250016
CLIPSP


CLIMATE REPORT
NATIONAL WEATHER SERVICE SAN DIEGO, CA
416 PM PST WED DEC 24 2014


...................................

...THE PALM SPRINGS INTL AIRPORT CA CLIMATE SUMMARY FOR DECEMBER 24 2014...
VALID TODAY AS OF 0400 PM LOCAL TIME.

CLIMATE NORMAL PERIOD 1981 TO 2010
CLIMATE RECORD PERIOD 1893 TO 2014


WEATHER ITEM   OBSERVED TIME   RECORD YEAR NORMAL DEPARTURE LAST
                VALUE   (LST)  VALUE       VALUE  FROM      YEAR
                                                  NORMAL
..................................................................
TEMPERATURE (F)
 TODAY
  MAXIMUM         69    241 PM  88    1964  66      3       81
  MINIMUM         48    501 AM  24    1953  44      4       48
  AVERAGE         59                        55      4       65

PRECIPITATION (IN)
  TODAY            0.00          0.44 1959   0.03  -0.03     0.00
  MONTH TO DATE    0.74                      0.57   0.17      T
  SINCE JUL 1      2.00                      2.49  -0.49     1.26
  SINCE JAN 1      2.75                      5.43  -2.68     2.23

SNOWFALL (IN)
  TODAY            0.0
  MONTH TO DATE    0.0
  SINCE JAN 1      0.0
  SINCE JUL 1      0.0
  SNOW DEPTH       0

DEGREE DAYS
 HEATING
  TODAY            6                        10     -4        0
  MONTH TO DATE  114                       223   -109      195
  SINCE DEC 1    114                       223   -109      195
  SINCE JUL 1    147                       319   -172      256

 COOLING
  TODAY            0                         0      0        0
  MONTH TO DATE   24                         0     24        1
  SINCE DEC 1     24                         0     24        1
  SINCE JAN 1   4948                      4137    811     4507
..................................................................


WIND (MPH)
  RESULTANT WIND SPEED   1   RESULTANT WIND DIRECTION  NE (40)
  HIGHEST WIND SPEED     9   HIGHEST WIND DIRECTION    SE (120)
  HIGHEST GUST SPEED    13   HIGHEST GUST DIRECTION     E (90)
  AVERAGE WIND SPEED     3.2


SKY COVER
  POSSIBLE SUNSHINE  MM
  AVERAGE SKY COVER 0.1


WEATHER CONDITIONS
 THE FOLLOWING WEATHER WAS RECORDED TODAY.
  NO SIGNIFICANT WEATHER WAS OBSERVED.


RELATIVE HUMIDITY (PERCENT)
 HIGHEST    66           500 AM
 LOWEST     14           200 PM
 AVERAGE    40

..........................................................


THE PALM SPRINGS INTL AIRPORT CA CLIMATE NORMALS FOR TOMORROW
                         NORMAL    RECORD    YEAR
 MAXIMUM TEMPERATURE (F)   66        86      1985
 MINIMUM TEMPERATURE (F)   44        23      1953


SUNRISE AND SUNSET
DECEMBER 24 2014......SUNRISE   648 AM PST   SUNSET   443 PM PST
DECEMBER 25 2014......SUNRISE   649 AM PST   SUNSET   443 PM PST


-  INDICATES NEGATIVE NUMBERS.
R  INDICATES RECORD WAS SET OR TIED.
MM INDICATES DATA IS MISSING.
T  INDICATES TRACE AMOUNT.




$$
