000
CDUS46 KSGX 041417
CLIPSP


CLIMATE REPORT
NATIONAL WEATHER SERVICE SAN DIEGO, CA
717 AM PDT WED MAY 4 2016


...................................

...THE PALM SPRINGS INTL AIRPORT CA CLIMATE SUMMARY FOR MAY 3 2016...

CLIMATE NORMAL PERIOD 1981 TO 2010
CLIMATE RECORD PERIOD 1893 TO 2016


WEATHER ITEM   OBSERVED TIME   RECORD YEAR NORMAL DEPARTURE LAST
                VALUE   (LST)  VALUE       VALUE  FROM      YEAR
                                                  NORMAL
..................................................................
TEMPERATURE (F)
 YESTERDAY
  MAXIMUM         95    331 PM 115    1947  90      5       96
  MINIMUM         68    502 AM  42    1955  62      6       70
  AVERAGE         82                        76      6       83

PRECIPITATION (IN)
  YESTERDAY        0.00          0.00 2002   0.01  -0.01     0.00
                                      2001
                                      1999
  MONTH TO DATE    0.00                      0.03  -0.03     0.00
  SINCE OCT 1      2.61                      4.63  -2.02     2.09
  SINCE JAN 1      2.42                      2.78  -0.36     1.22

DEGREE DAYS
 HEATING
  YESTERDAY        0                         0      0        0
  MONTH TO DATE    0                         0      0        0
  SINCE MAR 1     28                        94    -66       30
  SINCE JUL 1    738                       872   -134      401

 COOLING
  YESTERDAY       17                        11      6       18
  MONTH TO DATE   38                        31      7       63
  SINCE MAR 1    505                       324    181      654
  SINCE JAN 1    655                       351    304      774
..................................................................


WIND (MPH)
  RESULTANT WIND SPEED   3   RESULTANT WIND DIRECTION  NW (310)
  HIGHEST WIND SPEED    17   HIGHEST WIND DIRECTION    NW (320)
  HIGHEST GUST SPEED    26   HIGHEST GUST DIRECTION    NW (330)
  AVERAGE WIND SPEED     5.7


SKY COVER
  POSSIBLE SUNSHINE  MM
  AVERAGE SKY COVER 0.0


WEATHER CONDITIONS
 THE FOLLOWING WEATHER WAS RECORDED YESTERDAY.
  NO SIGNIFICANT WEATHER WAS OBSERVED.


RELATIVE HUMIDITY (PERCENT)
 HIGHEST    40           300 AM
 LOWEST     10           300 PM
 AVERAGE    25

..........................................................


THE PALM SPRINGS INTL AIRPORT CA CLIMATE NORMALS FOR TODAY
                         NORMAL    RECORD    YEAR
 MAXIMUM TEMPERATURE (F)   90       109      1947
 MINIMUM TEMPERATURE (F)   62        44      1959
                                             1953


SUNRISE AND SUNSET
MAY  4 2016...........SUNRISE   554 AM PDT   SUNSET   732 PM PDT
MAY  5 2016...........SUNRISE   553 AM PDT   SUNSET   733 PM PDT


-  INDICATES NEGATIVE NUMBERS.
R  INDICATES RECORD WAS SET OR TIED.
MM INDICATES DATA IS MISSING.
T  INDICATES TRACE AMOUNT.




$$
