000
CDUS45 KPUB 241154
CLIPUB


CLIMATE REPORT
NATIONAL WEATHER SERVICE PUEBLO
454 AM MST MON NOV 24 2014


...................................

...THE PUEBLO CO CLIMATE SUMMARY FOR NOVEMBER 23 2014...

CLIMATE NORMAL PERIOD 1981 TO 2010
CLIMATE RECORD PERIOD 1888 TO 2014


WEATHER ITEM   OBSERVED TIME   RECORD YEAR NORMAL DEPARTURE LAST
                VALUE   (LST)  VALUE       VALUE  FROM      YEAR
                                                  NORMAL
..................................................................
TEMPERATURE (F)
 YESTERDAY
  MAXIMUM         52    304 AM  73    1925  52      0       31
  MINIMUM         22   1159 PM  -6    2003  19      3       26
  AVERAGE         37                        36      1       29

PRECIPITATION (IN)
  YESTERDAY        0.02          0.59 1940   0.01   0.01     0.00
  MONTH TO DATE    0.46                      0.36   0.10     0.22
  SINCE SEP 1      1.99                      1.85   0.14     1.73
  SINCE JAN 1     11.59                     12.08  -0.49     9.53

SNOWFALL (IN)
  YESTERDAY        0.3           2.4  1940   0.2    0.1      0.0
  MONTH TO DATE    9.4                       3.1    6.3      2.6
  SINCE SEP 1      9.4                       4.7    4.7      2.7
  SINCE JUL 1      9.4                       4.7    4.7      2.7
  SNOW DEPTH       0

DEGREE DAYS
 HEATING
  YESTERDAY       28                        29     -1       36
  MONTH TO DATE  677                       554    123      534
  SINCE SEP 1   1002                      1059    -57      988
  SINCE JUL 1   1003                      1064    -61      988

 COOLING
  YESTERDAY        0                         0      0        0
  MONTH TO DATE    0                         0      0        0
  SINCE SEP 1    127                        86     41      170
  SINCE JAN 1   1002                       897    105     1230
..................................................................


WIND (MPH)
  HIGHEST WIND SPEED    39   HIGHEST WIND DIRECTION    NE (30)
  HIGHEST GUST SPEED    46   HIGHEST GUST DIRECTION    NE (30)
  AVERAGE WIND SPEED    11.9


SKY COVER
  POSSIBLE SUNSHINE  MM
  AVERAGE SKY COVER 0.7


WEATHER CONDITIONS
 THE FOLLOWING WEATHER WAS RECORDED YESTERDAY.
  LIGHT RAIN
  LIGHT SNOW
  FOG
  HAZE


RELATIVE HUMIDITY (PERCENT)
 HIGHEST    92           900 PM
 LOWEST     36           300 AM
 AVERAGE    64

..........................................................


THE PUEBLO CO CLIMATE NORMALS FOR TODAY
                         NORMAL    RECORD    YEAR
 MAXIMUM TEMPERATURE (F)   52        81      1990
 MINIMUM TEMPERATURE (F)   19        -7      1993


SUNRISE AND SUNSET
NOVEMBER 24 2014......SUNRISE   649 AM MST   SUNSET   440 PM MST
NOVEMBER 25 2014......SUNRISE   650 AM MST   SUNSET   440 PM MST


-  INDICATES NEGATIVE NUMBERS.
R  INDICATES RECORD WAS SET OR TIED.
MM INDICATES DATA IS MISSING.
T  INDICATES TRACE AMOUNT.




$$
