000
CDUS45 KPUB 191134
CLIPUB


CLIMATE REPORT
NATIONAL WEATHER SERVICE PUEBLO
434 AM MST SUN FEB 19 2017


...................................

...THE PUEBLO CO CLIMATE SUMMARY FOR FEBRUARY 18 2017...

CLIMATE NORMAL PERIOD 1981 TO 2010
CLIMATE RECORD PERIOD 1888 TO 2017


WEATHER ITEM   OBSERVED TIME   RECORD YEAR NORMAL DEPARTURE LAST
                VALUE   (LST)  VALUE       VALUE  FROM      YEAR
                                                  NORMAL
..................................................................
TEMPERATURE (F)
 YESTERDAY
  MAXIMUM         65    324 PM  81    2016  51     14       81
  MINIMUM         28    411 AM -12    1942  18     10       30
  AVERAGE         47                        34     13       56

PRECIPITATION (IN)
  YESTERDAY        0.00          0.35 1947   0.01  -0.01     0.00
                                      1911
  MONTH TO DATE    0.17                      0.16   0.01     0.33
  SINCE DEC 1      1.68                      0.89   0.79     1.26
  SINCE JAN 1      0.92                      0.51   0.41     0.86

SNOWFALL (IN)
  YESTERDAY        0.0           5.0  1911   0.2   -0.2      0.0
  MONTH TO DATE    0.0                       2.6   -2.6      5.8
  SINCE DEC 1     14.2                      14.6   -0.4     17.8
  SINCE JUL 1     14.2                      20.6   -6.4     24.2
  SNOW DEPTH       0

DEGREE DAYS
 HEATING
  YESTERDAY       18                        30    -12        9
  MONTH TO DATE  384                       583   -199      478
  SINCE DEC 1   2468                      2734   -266     2409
  SINCE JUL 1   3250                      4015   -765     3283

 COOLING
  YESTERDAY        0                         0      0        0
  MONTH TO DATE    0                         0      0        0
  SINCE DEC 1      0                         0      0        0
  SINCE JAN 1      0                         0      0        0
..................................................................


WIND (MPH)
  HIGHEST WIND SPEED    17   HIGHEST WIND DIRECTION     E (110)
  HIGHEST GUST SPEED    21   HIGHEST GUST DIRECTION     E (110)
  AVERAGE WIND SPEED     4.8


SKY COVER
  POSSIBLE SUNSHINE  MM
  AVERAGE SKY COVER 0.0


WEATHER CONDITIONS
 THE FOLLOWING WEATHER WAS RECORDED YESTERDAY.
  NO SIGNIFICANT WEATHER WAS OBSERVED.


RELATIVE HUMIDITY (PERCENT)
 HIGHEST    63           400 AM
 LOWEST     22           300 PM
 AVERAGE    43

..........................................................


THE PUEBLO CO CLIMATE NORMALS FOR TODAY
                         NORMAL    RECORD    YEAR
 MAXIMUM TEMPERATURE (F)   51        78      1981
 MINIMUM TEMPERATURE (F)   18        -5      1942


SUNRISE AND SUNSET
FEBRUARY 19 2017......SUNRISE   643 AM MST   SUNSET   541 PM MST
FEBRUARY 20 2017......SUNRISE   642 AM MST   SUNSET   542 PM MST


-  INDICATES NEGATIVE NUMBERS.
R  INDICATES RECORD WAS SET OR TIED.
MM INDICATES DATA IS MISSING.
T  INDICATES TRACE AMOUNT.




$$
