768
CDUS45 KPUB 191136
CLIPUB


CLIMATE REPORT
NATIONAL WEATHER SERVICE PUEBLO
436 AM MST FRI JAN 19 2018


...................................

...THE PUEBLO CO CLIMATE SUMMARY FOR JANUARY 18 2018...

CLIMATE NORMAL PERIOD 1981 TO 2010
CLIMATE RECORD PERIOD 1888 TO 2018


WEATHER ITEM   OBSERVED TIME   RECORD YEAR NORMAL DEPARTURE LAST
                VALUE   (LST)  VALUE       VALUE  FROM      YEAR
                                                  NORMAL
..................................................................
TEMPERATURE (F)
 YESTERDAY
  MAXIMUM         62    322 PM  71    1999  47     15       50
                                      1920
  MINIMUM         13    522 AM -22    1943  14     -1       24
  AVERAGE         38                        31      7       37

PRECIPITATION (IN)
  YESTERDAY        0.00          0.18 1990   0.01  -0.01     0.00
  MONTH TO DATE    0.14                      0.20  -0.06     0.73
  SINCE DEC 1      0.15                      0.58  -0.43     1.49
  SINCE JAN 1      0.14                      0.20  -0.06     0.73

SNOWFALL (IN)
  YESTERDAY        0.0           3.1  1990   0.3   -0.3      0.0
  MONTH TO DATE    0.2                       3.8   -3.6      8.7
  SINCE DEC 1      0.8                       9.3   -8.5     13.1
  SINCE JUL 1      2.2                      15.3  -13.1     13.1
  SNOW DEPTH       0

DEGREE DAYS
 HEATING
  YESTERDAY       27                        34     -7       28
  MONTH TO DATE  593                       626    -33      642
  SINCE DEC 1   1579                      1708   -129     1717
  SINCE JUL 1   2600                      2989   -389     2499

 COOLING
  YESTERDAY        0                         0      0        0
  MONTH TO DATE    0                         0      0        0
  SINCE DEC 1      0                         0      0        0
  SINCE JAN 1      0                         0      0        0
..................................................................


WIND (MPH)
  HIGHEST WIND SPEED    10   HIGHEST WIND DIRECTION     E (70)
  HIGHEST GUST SPEED    12   HIGHEST GUST DIRECTION    NE (60)
  AVERAGE WIND SPEED     4.2


SKY COVER
  POSSIBLE SUNSHINE  MM
  AVERAGE SKY COVER 0.0


WEATHER CONDITIONS
 THE FOLLOWING WEATHER WAS RECORDED YESTERDAY.
  NO SIGNIFICANT WEATHER WAS OBSERVED.


RELATIVE HUMIDITY (PERCENT)
 HIGHEST    67           200 AM
 LOWEST     12           200 PM
 AVERAGE    40

..........................................................


THE PUEBLO CO CLIMATE NORMALS FOR TODAY
                         NORMAL    RECORD    YEAR
 MAXIMUM TEMPERATURE (F)   47        75      1986
 MINIMUM TEMPERATURE (F)   14       -26      1943


SUNRISE AND SUNSET
JANUARY 19 2018.......SUNRISE   712 AM MST   SUNSET   506 PM MST
JANUARY 20 2018.......SUNRISE   711 AM MST   SUNSET   507 PM MST


-  INDICATES NEGATIVE NUMBERS.
R  INDICATES RECORD WAS SET OR TIED.
MM INDICATES DATA IS MISSING.
T  INDICATES TRACE AMOUNT.




$$
