000
CDUS45 KPUB 041155
CLIPUB


CLIMATE REPORT
NATIONAL WEATHER SERVICE PUEBLO
455 AM MST WED MAR 4 2015


...................................

...THE PUEBLO CO CLIMATE SUMMARY FOR MARCH 3 2015...

CLIMATE NORMAL PERIOD 1981 TO 2010
CLIMATE RECORD PERIOD 1888 TO 2015


WEATHER ITEM   OBSERVED TIME   RECORD YEAR NORMAL DEPARTURE LAST
                VALUE   (LST)  VALUE       VALUE  FROM      YEAR
                                                  NORMAL
..................................................................
TEMPERATURE (F)
 YESTERDAY
  MAXIMUM         46    942 AM  77    2009  55     -9       61
  MINIMUM         25   1159 PM -10    1943  22      3        9
  AVERAGE         36                        39     -3       35

PRECIPITATION (IN)
  YESTERDAY        T             0.44 1976   0.03  -0.03     0.00
  MONTH TO DATE    T                         0.07  -0.07     0.05
  SINCE MAR 1      T                         0.07  -0.07     0.05
  SINCE JAN 1      1.38                      0.72   0.66     0.78

SNOWFALL (IN)
  YESTERDAY        T             5.9  1976   0.1   -0.1      0.0
  MONTH TO DATE    T                         0.4   -0.4      1.0
  SINCE MAR 1      T                         0.4   -0.4      1.0
  SINCE JUL 1     41.1                      22.2   18.9     19.6
  SNOW DEPTH       0

DEGREE DAYS
 HEATING
  YESTERDAY       29                        26      3       30
  MONTH TO DATE  109                        80     29      126
  SINCE MAR 1    109                        80     29      126
  SINCE JUL 1   4131                      4383   -252     4331

 COOLING
  YESTERDAY        0                         0      0        0
  MONTH TO DATE    0                         0      0        0
  SINCE MAR 1      0                         0      0        0
  SINCE JAN 1      0                         0      0        0
..................................................................


WIND (MPH)
  HIGHEST WIND SPEED    35   HIGHEST WIND DIRECTION    NW (300)
  HIGHEST GUST SPEED    40   HIGHEST GUST DIRECTION    NW (300)
  AVERAGE WIND SPEED    16.0


SKY COVER
  POSSIBLE SUNSHINE  MM
  AVERAGE SKY COVER 0.5


WEATHER CONDITIONS
 THE FOLLOWING WEATHER WAS RECORDED YESTERDAY.
  LT FREEZING RAIN
  LIGHT SNOW
  FOG


RELATIVE HUMIDITY (PERCENT)
 HIGHEST   100          1100 PM
 LOWEST     39           900 AM
 AVERAGE    70

..........................................................


THE PUEBLO CO CLIMATE NORMALS FOR TODAY
                         NORMAL    RECORD    YEAR
 MAXIMUM TEMPERATURE (F)   56        77      2009
 MINIMUM TEMPERATURE (F)   22        -8      1948


SUNRISE AND SUNSET
MARCH  4 2015.........SUNRISE   626 AM MST   SUNSET   554 PM MST
MARCH  5 2015.........SUNRISE   625 AM MST   SUNSET   555 PM MST


-  INDICATES NEGATIVE NUMBERS.
R  INDICATES RECORD WAS SET OR TIED.
MM INDICATES DATA IS MISSING.
T  INDICATES TRACE AMOUNT.




$$
