000
CDUS45 KPUB 311031
CLIPUB


CLIMATE REPORT
NATIONAL WEATHER SERVICE PUEBLO
431 AM MDT FRI JUL 31 2015


...................................

...THE PUEBLO CO CLIMATE SUMMARY FOR JULY 30 2015...

CLIMATE NORMAL PERIOD 1981 TO 2010
CLIMATE RECORD PERIOD 1888 TO 2015


WEATHER ITEM   OBSERVED TIME   RECORD YEAR NORMAL DEPARTURE LAST
                VALUE   (LST)  VALUE       VALUE  FROM      YEAR
                                                  NORMAL
..................................................................
TEMPERATURE (F)
 YESTERDAY
  MAXIMUM         94    307 PM 102    1987  92      2       66
  MINIMUM         62    515 AM  50    1994  59      3       61
  AVERAGE         78                        76      2       64

PRECIPITATION (IN)
  YESTERDAY        T             1.45 1951   0.08  -0.08     0.29
  MONTH TO DATE    0.64                      1.98  -1.34     3.28
  SINCE JUN 1      1.86                      3.34  -1.48     4.14
  SINCE JAN 1     10.78                      7.83   2.95     8.34

SNOWFALL (IN)
  YESTERDAY        0.0           0.0  2002   0.0    0.0      0.0
                                      2001
  MONTH TO DATE    0.0                       0.0    0.0      0.0
  SINCE JUN 1      0.0                       0.0    0.0       T
  SINCE JUL 1      0.0                       0.0    0.0      0.0
  SNOW DEPTH       0

DEGREE DAYS
 HEATING
  YESTERDAY        0                         0      0        1
  MONTH TO DATE    0                         0      0        1
  SINCE JUN 1      0                        25    -25        4
  SINCE JUL 1      0                         0      0        1

 COOLING
  YESTERDAY       13                        11      2        0
  MONTH TO DATE  388                       325     63      319
  SINCE JUN 1    631                       500    131      559
  SINCE JAN 1    635                       534    101      611
..................................................................


WIND (MPH)
  HIGHEST WIND SPEED    24   HIGHEST WIND DIRECTION    NE (40)
  HIGHEST GUST SPEED    30   HIGHEST GUST DIRECTION    NE (40)
  AVERAGE WIND SPEED     7.7


SKY COVER
  POSSIBLE SUNSHINE  MM
  AVERAGE SKY COVER 0.1


WEATHER CONDITIONS
 THE FOLLOWING WEATHER WAS RECORDED YESTERDAY.
  LIGHT RAIN


RELATIVE HUMIDITY (PERCENT)
 HIGHEST    78           600 AM
 LOWEST     22           300 PM
 AVERAGE    50

..........................................................


THE PUEBLO CO CLIMATE NORMALS FOR TODAY
                         NORMAL    RECORD    YEAR
 MAXIMUM TEMPERATURE (F)   92       104      2002
 MINIMUM TEMPERATURE (F)   59        49      2004


SUNRISE AND SUNSET
JULY 31 2015..........SUNRISE   559 AM MDT   SUNSET   809 PM MDT
AUGUST  1 2015........SUNRISE   600 AM MDT   SUNSET   808 PM MDT


-  INDICATES NEGATIVE NUMBERS.
R  INDICATES RECORD WAS SET OR TIED.
MM INDICATES DATA IS MISSING.
T  INDICATES TRACE AMOUNT.




$$
