000
CDUS45 KPUB 081146
CLIPUB


CLIMATE REPORT
NATIONAL WEATHER SERVICE PUEBLO
446 AM MST THU DEC 8 2016


...................................

...THE PUEBLO CO CLIMATE SUMMARY FOR DECEMBER 7 2016...

CLIMATE NORMAL PERIOD 1981 TO 2010
CLIMATE RECORD PERIOD 1888 TO 2016


WEATHER ITEM   OBSERVED TIME   RECORD YEAR NORMAL DEPARTURE LAST
                VALUE   (LST)  VALUE       VALUE  FROM      YEAR
                                                  NORMAL
..................................................................
TEMPERATURE (F)
 YESTERDAY
  MAXIMUM         28    131 PM  76    1970  47    -19       57
  MINIMUM         14    856 PM -11    1972  15     -1       22
  AVERAGE         21                        31    -10       40

PRECIPITATION (IN)
  YESTERDAY        T             0.27 1988   0.02  -0.02     0.00
  MONTH TO DATE    T                         0.10  -0.10      T
  SINCE DEC 1      T                         0.10  -0.10      T
  SINCE JAN 1     11.15                     12.29  -1.14    16.26

SNOWFALL (IN)
  YESTERDAY        0.3           4.6  1927   0.1    0.2      0.0
  MONTH TO DATE    0.3                       1.2   -0.9      0.0
  SINCE DEC 1      0.3                       1.2   -0.9      0.0
  SINCE JUL 1      0.3                       7.2   -6.9      6.4
  SNOW DEPTH       T

DEGREE DAYS
 HEATING
  YESTERDAY       44                        34     10       25
  MONTH TO DATE  257                       233     24      189
  SINCE DEC 1    257                       233     24      189
  SINCE JUL 1   1039                      1514   -475     1063

 COOLING
  YESTERDAY        0                         0      0        0
  MONTH TO DATE    0                         0      0        0
  SINCE DEC 1      0                         0      0        0
  SINCE JAN 1   1358                       897    461     1273
..................................................................


WIND (MPH)
  HIGHEST WIND SPEED    18   HIGHEST WIND DIRECTION     N (360)
  HIGHEST GUST SPEED    24   HIGHEST GUST DIRECTION     S (190)
  AVERAGE WIND SPEED     9.2


SKY COVER
  POSSIBLE SUNSHINE  MM
  AVERAGE SKY COVER 0.8


WEATHER CONDITIONS
 THE FOLLOWING WEATHER WAS RECORDED YESTERDAY.
  LIGHT SNOW
  FOG
  HAZE


RELATIVE HUMIDITY (PERCENT)
 HIGHEST    84           500 PM
 LOWEST     43          1200 AM
 AVERAGE    64

..........................................................


THE PUEBLO CO CLIMATE NORMALS FOR TODAY
                         NORMAL    RECORD    YEAR
 MAXIMUM TEMPERATURE (F)   46        77      1970
 MINIMUM TEMPERATURE (F)   15       -23      1978


SUNRISE AND SUNSET
DECEMBER  8 2016......SUNRISE   703 AM MST   SUNSET   438 PM MST
DECEMBER  9 2016......SUNRISE   704 AM MST   SUNSET   438 PM MST


-  INDICATES NEGATIVE NUMBERS.
R  INDICATES RECORD WAS SET OR TIED.
MM INDICATES DATA IS MISSING.
T  INDICATES TRACE AMOUNT.




$$
