000
CDUS46 KOTX 230829
CLIPUW


CLIMATE REPORT
NATIONAL WEATHER SERVICE SPOKANE, WA
129 AM PDT THU MAR 23 2017


...................................

...THE PULLMAN-MOSCOW  AIRPORT CLIMATE SUMMARY FOR MARCH 22 2017...

CLIMATE NORMAL PERIOD 1981 TO 2010
CLIMATE RECORD PERIOD 9999 TO 9999


WEATHER ITEM   OBSERVED TIME   RECORD YEAR NORMAL DEPARTURE LAST
                VALUE   (LST)  VALUE       VALUE  FROM      YEAR
                                                  NORMAL
..................................................................
TEMPERATURE (F)
 YESTERDAY
  MAXIMUM         56   1133 AM  69    1960  51      5       41
  MINIMUM         38   1159 PM  18    1966  33      5       33
  AVERAGE         47                        42      5       37

PRECIPITATION (IN)
  YESTERDAY        0.09                      0.07   0.02     0.94
  MONTH TO DATE    4.26                      1.46   2.80     3.12
  SINCE OCT 1     17.35                     10.00   7.35    15.13
  SINCE JAN 1      8.94                      4.80   4.14     7.14

SNOWFALL (IN)
  YESTERDAY       MM

DEGREE DAYS
 HEATING
  YESTERDAY       18                        23     -5       28
  MONTH TO DATE  506                       554    -48      486
  SINCE MAR 1    506                       554    -48      486
  SINCE JUL 1   5283                      5257     26     4584

 COOLING
  YESTERDAY        0                         0      0        0
  MONTH TO DATE    0                         0      0        0
  SINCE MAR 1      0                         0      0        0
  SINCE JAN 1      0                         0      0        0
..................................................................


WIND (MPH)
  HIGHEST WIND SPEED    22   HIGHEST WIND DIRECTION     W (280)
  HIGHEST GUST SPEED    27   HIGHEST GUST DIRECTION     W (280)
  AVERAGE WIND SPEED     8.1


SKY COVER
  POSSIBLE SUNSHINE  MM
  AVERAGE SKY COVER 0.5


WEATHER CONDITIONS
 THE FOLLOWING WEATHER WAS RECORDED YESTERDAY.
  LIGHT RAIN
  FOG


RELATIVE HUMIDITY (PERCENT)
 HIGHEST   100           500 AM
 LOWEST     63          1200 PM
 AVERAGE    82

..........................................................


THE PULLMAN-MOSCOW  AIRPORT CLIMATE NORMALS FOR TODAY
                         NORMAL    RECORD    YEAR
 MAXIMUM TEMPERATURE (F)   51        67      1960
 MINIMUM TEMPERATURE (F)   33        12      1965


SUNRISE AND SUNSET
MARCH 23 2017.........SUNRISE   645 AM PDT   SUNSET   706 PM PDT
MARCH 24 2017.........SUNRISE   643 AM PDT   SUNSET   707 PM PDT


-  INDICATES NEGATIVE NUMBERS.
R  INDICATES RECORD WAS SET OR TIED.
MM INDICATES DATA IS MISSING.
T  INDICATES TRACE AMOUNT.




$$
