000
CDUS46 KOTX 290832
CLIPUW


CLIMATE REPORT
NATIONAL WEATHER SERVICE SPOKANE, WA
1229 AM PST MON DEC 29 2014


...................................

...THE PULLMAN-MOSCOW  AIRPORT CLIMATE SUMMARY FOR DECEMBER 28 2014...

CLIMATE NORMAL PERIOD 1981 TO 2010
CLIMATE RECORD PERIOD 9999 TO 9999


WEATHER ITEM   OBSERVED TIME   RECORD YEAR NORMAL DEPARTURE LAST
                VALUE   (LST)  VALUE       VALUE  FROM      YEAR
                                                  NORMAL
..................................................................
TEMPERATURE (F)
 YESTERDAY
  MAXIMUM         35   1247 AM  52    2011  35      0       32
                                      1965
  MINIMUM         22    932 PM   3    1988  24     -2       23
  AVERAGE         29                        30     -1       28

PRECIPITATION (IN)
  YESTERDAY        0.04        1.64   1945  0.05  -0.01     0.00
  MONTH TO DATE    3.05                     1.46   1.59     1.38
  SINCE OCT 1      6.85                     5.09   1.76     3.31
  SINCE JAN 1     18.73                    16.78   1.95    14.85

SNOWFALL (IN)
  YESTERDAY       MM

DEGREE DAYS
 HEATING
  YESTERDAY       36                        35      1       37
  MONTH TO DATE  779                       972   -193     1068
  SINCE DEC 1    779                       972   -193     1068
  SINCE JUL 1   2116                      2716   -600     2757

 COOLING
  YESTERDAY        0                         0      0        0
  MONTH TO DATE    0                         0      0        0
  SINCE DEC 1      0                         0      0        0
  SINCE JAN 1    346                       213    133      334
..................................................................


WIND (MPH)
  HIGHEST WIND SPEED    21   HIGHEST WIND DIRECTION     W (250)
  HIGHEST GUST SPEED    28   HIGHEST GUST DIRECTION     W (250)
  AVERAGE WIND SPEED     8.5


SKY COVER
  POSSIBLE SUNSHINE  MM
  AVERAGE SKY COVER 1.0


WEATHER CONDITIONS
 THE FOLLOWING WEATHER WAS RECORDED YESTERDAY.
  LIGHT SNOW
  FOG
  FOG W/VISIBILITY <= 1/4 MILE


RELATIVE HUMIDITY (PERCENT)
 HIGHEST   100           700 PM
 LOWEST     85           600 AM
 AVERAGE    93

..........................................................


THE PULLMAN-MOSCOW  AIRPORT CLIMATE NORMALS FOR TODAY
                         NORMAL    RECORD    YEAR
 MAXIMUM TEMPERATURE (F)   35        51      2011
 MINIMUM TEMPERATURE (F)   25       -20      1990


SUNRISE AND SUNSET
DECEMBER 29 2014......SUNRISE   733 AM PST   SUNSET   408 PM PST
DECEMBER 30 2014......SUNRISE   733 AM PST   SUNSET   409 PM PST


-  INDICATES NEGATIVE NUMBERS.
R  INDICATES RECORD WAS SET OR TIED.
MM INDICATES DATA IS MISSING.
T  INDICATES TRACE AMOUNT.

$$
