000
CDUS46 KOTX 230823
CLIPUW


CLIMATE REPORT
NATIONAL WEATHER SERVICE SPOKANE, WA
122 AM PDT SAT AUG 23 2014


...................................

...THE PULLMAN-MOSCOW  AIRPORT CLIMATE SUMMARY FOR AUGUST 22 2014...

CLIMATE NORMAL PERIOD 1981 TO 2010
CLIMATE RECORD PERIOD 9999 TO 9999


WEATHER ITEM   OBSERVED TIME   RECORD YEAR NORMAL DEPARTURE LAST
                VALUE   (LST)  VALUE       VALUE  FROM      YEAR
                                                  NORMAL
..................................................................
TEMPERATURE (F)
 YESTERDAY
  MAXIMUM         78    403 PM  99    1961  81     -3       86
  MINIMUM         52    459 AM  37    1968  49      3       50
  AVERAGE         65                        65      0       68

PRECIPITATION (IN)
  YESTERDAY        0.10          0.69 1992   0.02   0.08     0.02
  MONTH TO DATE    0.48                      0.46   0.02     0.32
  SINCE OCT 1     14.76                     15.94  -1.18    16.29
  SINCE JAN 1     11.42                     10.74   0.68     8.75

SNOWFALL (IN)
  YESTERDAY       MM            MM      MM  MM     MM       MM
  MONTH TO DATE   MM                        MM     MM       MM
  SINCE JUN 1     MM                        MM     MM       MM
  SINCE JUL 1     MM                        MM     MM       MM
  SNOW DEPTH      MM

DEGREE DAYS
 HEATING
  YESTERDAY        0                         3     -3        0
  MONTH TO DATE    1                        36    -35       14
  SINCE JUN 1    215                       306    -91      228
  SINCE JUL 1     11                       100    -89       38

 COOLING
  YESTERDAY        0                         3     -3        3
  MONTH TO DATE  126                        73     53       97
  SINCE JUN 1    316                       168    148      235
  SINCE JAN 1    317                       173    144      247
..................................................................


WIND (MPH)
  HIGHEST WIND SPEED    22   HIGHEST WIND DIRECTION    NE (40)
  HIGHEST GUST SPEED    29   HIGHEST GUST DIRECTION    NE (40)
  AVERAGE WIND SPEED     4.6


SKY COVER
  POSSIBLE SUNSHINE  MM
  AVERAGE SKY COVER 0.5


WEATHER CONDITIONS
 THE FOLLOWING WEATHER WAS RECORDED YESTERDAY.
  THUNDERSTORM
  LIGHT RAIN


RELATIVE HUMIDITY (PERCENT)
 HIGHEST    83           900 PM
 LOWEST     28           400 PM
 AVERAGE    56

..........................................................


THE PULLMAN-MOSCOW  AIRPORT CLIMATE NORMALS FOR TODAY
                         NORMAL    RECORD    YEAR
 MAXIMUM TEMPERATURE (F)   81        96      1970
 MINIMUM TEMPERATURE (F)   48        36      1992


SUNRISE AND SUNSET
AUGUST 23 2014........SUNRISE   557 AM PDT   SUNSET   744 PM PDT
AUGUST 24 2014........SUNRISE   558 AM PDT   SUNSET   743 PM PDT


-  INDICATES NEGATIVE NUMBERS.
R  INDICATES RECORD WAS SET OR TIED.
MM INDICATES DATA IS MISSING.
T  INDICATES TRACE AMOUNT.




$$
