000
CDUS46 KOTX 300827
CLIPUW


CLIMATE REPORT
NATIONAL WEATHER SERVICE SPOKANE, WA
127 AM PDT FRI SEP 30 2016


...................................

...THE PULLMAN-MOSCOW  AIRPORT CLIMATE SUMMARY FOR SEPTEMBER 29 2016...

CLIMATE NORMAL PERIOD 1981 TO 2010
CLIMATE RECORD PERIOD 9999 TO 9999


WEATHER ITEM   OBSERVED TIME   RECORD YEAR NORMAL DEPARTURE LAST
                VALUE   (LST)  VALUE       VALUE  FROM      YEAR
                                                  NORMAL
..................................................................
TEMPERATURE (F)
 YESTERDAY
  MAXIMUM         78    249 PM  83    1994  68     10       80
  MINIMUM         47    219 AM  20    1983  40      7       36
  AVERAGE         63                        54      9       58

PRECIPITATION (IN)
  YESTERDAY        0.03                      0.03   0.00     0.00
  MONTH TO DATE    0.36                      0.74  -0.38     0.69
  SINCE OCT 1     20.31                     16.85   3.46    17.47
  SINCE JAN 1     12.32                     11.65   0.67    10.62

SNOWFALL (IN)
  YESTERDAY       MM

DEGREE DAYS
 HEATING
  YESTERDAY        2                        12    -10        7
  MONTH TO DATE  214                       216     -2      228
  SINCE SEP 1    214                       216     -2      228
  SINCE JUL 1    316                       349    -33      285

 COOLING
  YESTERDAY        0                         0      0        0
  MONTH TO DATE    6                        21    -15        8
  SINCE SEP 1      6                        21    -15        8
  SINCE JAN 1    203                       211     -8      416
..................................................................


WIND (MPH)
  HIGHEST WIND SPEED    24   HIGHEST WIND DIRECTION     S (170)
  HIGHEST GUST SPEED    30   HIGHEST GUST DIRECTION     S (170)
  AVERAGE WIND SPEED     3.4


SKY COVER
  POSSIBLE SUNSHINE  MM
  AVERAGE SKY COVER 0.1


WEATHER CONDITIONS
 THE FOLLOWING WEATHER WAS RECORDED YESTERDAY.
  THUNDERSTORM
  LIGHT RAIN
  HAZE


RELATIVE HUMIDITY (PERCENT)
 HIGHEST    71           100 AM
 LOWEST     28           200 PM
 AVERAGE    50

..........................................................


THE PULLMAN-MOSCOW  AIRPORT CLIMATE NORMALS FOR TODAY
                         NORMAL    RECORD    YEAR
 MAXIMUM TEMPERATURE (F)   67        88      1989
 MINIMUM TEMPERATURE (F)   39        21      1983


SUNRISE AND SUNSET
SEPTEMBER 30 2016.....SUNRISE   647 AM PDT   SUNSET   629 PM PDT
OCTOBER  1 2016.......SUNRISE   648 AM PDT   SUNSET   627 PM PDT


-  INDICATES NEGATIVE NUMBERS.
R  INDICATES RECORD WAS SET OR TIED.
MM INDICATES DATA IS MISSING.
T  INDICATES TRACE AMOUNT.




$$
