000
CDUS46 KOTX 200826
CLIPUW


CLIMATE REPORT
NATIONAL WEATHER SERVICE SPOKANE, WA
126 AM PDT SUN AUG 20 2017


...................................

...THE PULLMAN-MOSCOW  AIRPORT CLIMATE SUMMARY FOR AUGUST 19 2017...

CLIMATE NORMAL PERIOD 1981 TO 2010
CLIMATE RECORD PERIOD 9999 TO 9999


WEATHER ITEM   OBSERVED TIME   RECORD YEAR NORMAL DEPARTURE LAST
                VALUE   (LST)  VALUE       VALUE  FROM      YEAR
                                                  NORMAL
..................................................................
TEMPERATURE (F)
 YESTERDAY
  MAXIMUM         76    418 PM 103    1961  82     -6       87
  MINIMUM         51   1157 PM  35    1973  49      2       50
  AVERAGE         64                        66     -2       69

PRECIPITATION (IN)
  YESTERDAY        0.00                      0.02  -0.02     0.00
  MONTH TO DATE    0.06                      0.40  -0.34     0.24
  SINCE OCT 1     23.33                     15.88   7.45    19.95
  SINCE JAN 1     14.92                     10.68   4.24    11.96

SNOWFALL (IN)
  YESTERDAY       MM

DEGREE DAYS
 HEATING
  YESTERDAY        1                         2     -1        0
  MONTH TO DATE    8                        28    -20       19
  SINCE JUN 1    148                       298   -150      252
  SINCE JUL 1     14                        92    -78       84

 COOLING
  YESTERDAY        0                         3     -3        4
  MONTH TO DATE  130                        64     66       67
  SINCE JUN 1    360                       159    201      168
  SINCE JAN 1    380                       164    216      169
..................................................................


WIND (MPH)
  HIGHEST WIND SPEED    18   HIGHEST WIND DIRECTION    SW (230)
  HIGHEST GUST SPEED    25   HIGHEST GUST DIRECTION     W (250)
  AVERAGE WIND SPEED     7.8


SKY COVER
  POSSIBLE SUNSHINE  MM
  AVERAGE SKY COVER 0.0


WEATHER CONDITIONS
 THE FOLLOWING WEATHER WAS RECORDED YESTERDAY.
  NO SIGNIFICANT WEATHER WAS OBSERVED.


RELATIVE HUMIDITY (PERCENT)
 HIGHEST    71           500 AM
 LOWEST     27           400 PM
 AVERAGE    49

..........................................................


THE PULLMAN-MOSCOW  AIRPORT CLIMATE NORMALS FOR TODAY
                         NORMAL    RECORD    YEAR
 MAXIMUM TEMPERATURE (F)   82       100      1897
 MINIMUM TEMPERATURE (F)   49        37      2001


SUNRISE AND SUNSET
AUGUST 20 2017........SUNRISE   553 AM PDT   SUNSET   749 PM PDT
AUGUST 21 2017........SUNRISE   554 AM PDT   SUNSET   748 PM PDT


-  INDICATES NEGATIVE NUMBERS.
R  INDICATES RECORD WAS SET OR TIED.
MM INDICATES DATA IS MISSING.
T  INDICATES TRACE AMOUNT.




$$
