000
CDUS41 KBOX 250550
CLIPVD


CLIMATE REPORT
NATIONAL WEATHER SERVICE TAUNTON MA
147 AM EDT SUN JUN 25 2017


...................................

...THE PROVIDENCE RI CLIMATE SUMMARY FOR JUNE 24 2017...

CLIMATE NORMAL PERIOD 1981 TO 2010
CLIMATE RECORD PERIOD 1904 TO 2017


WEATHER ITEM   OBSERVED TIME   RECORD YEAR NORMAL DEPARTURE LAST
                VALUE   (LST)  VALUE       VALUE  FROM      YEAR
                                                  NORMAL
..................................................................
TEMPERATURE (F)
 YESTERDAY
  MAXIMUM         87    220 PM  94    1980  80      7       83
  MINIMUM         67   1159 PM  44    1932  61      6       61
  AVERAGE         77                        71      6       72

PRECIPITATION (IN)
  YESTERDAY        0.66          2.44 1944   0.09   0.57     0.00
  MONTH TO DATE    4.00                      3.08   0.92     0.84
  SINCE JUN 1      4.00                      3.08   0.92     0.84
  SINCE JAN 1     29.02                     23.15   5.87    18.96

SNOWFALL (IN)
  YESTERDAY        0.0           0.0  2002   0.0    0.0      0.0
                                      2001
                                      2000
  MONTH TO DATE    0.0                       0.0    0.0      0.0
  SINCE JUN 1      0.0                       0.0    0.0      0.0
  SINCE JUL 1     45.9                      33.8   12.1     28.7
  SNOW DEPTH       0

DEGREE DAYS
 HEATING
  YESTERDAY        0                         0      0        0
  MONTH TO DATE   49                        41      8       12
  SINCE JUN 1     49                        41      8       12
  SINCE JUL 1   5157                      5616   -459     4757

 COOLING
  YESTERDAY       12                         6      6        7
  MONTH TO DATE  133                        93     40       92
  SINCE JUN 1    133                        93     40       92
  SINCE JAN 1    191                       119     72      143
..................................................................


WIND (MPH)
  RESULTANT WIND SPEED   7   RESULTANT WIND DIRECTION   W (250)
  HIGHEST WIND SPEED    21   HIGHEST WIND DIRECTION     W (290)
  HIGHEST GUST SPEED    28   HIGHEST GUST DIRECTION    NW (300)
  AVERAGE WIND SPEED     9.1


SKY COVER
  POSSIBLE SUNSHINE  MM
  AVERAGE SKY COVER 0.4


WEATHER CONDITIONS
 THE FOLLOWING WEATHER WAS RECORDED YESTERDAY.
  HEAVY RAIN
  RAIN
  LIGHT RAIN
  FOG
  HAZE


RELATIVE HUMIDITY (PERCENT)
 HIGHEST   100           900 AM
 LOWEST     37           400 PM
 AVERAGE    69

..........................................................


THE PROVIDENCE RI CLIMATE NORMALS FOR TODAY
                         NORMAL    RECORD    YEAR
 MAXIMUM TEMPERATURE (F)   80        98      1943
 MINIMUM TEMPERATURE (F)   61        50      1979


SUNRISE AND SUNSET
JUNE 25 2017..........SUNRISE   512 AM EDT   SUNSET   824 PM EDT
JUNE 26 2017..........SUNRISE   513 AM EDT   SUNSET   824 PM EDT


-  INDICATES NEGATIVE NUMBERS.
R  INDICATES RECORD WAS SET OR TIED.
MM INDICATES DATA IS MISSING.
T  INDICATES TRACE AMOUNT.




$$
