000
CDUS43 KLOT 230633
CLIPWK


CLIMATE REPORT
NATIONAL WEATHER SERVICE CHICAGO IL
132 AM CDT FRI JUN 23 2017


...................................

...THE CHICAGO EXECUTIVE CLIMATE SUMMARY FOR JUNE 22 2017...

CLIMATE NORMAL PERIOD 1981 TO 2010
CLIMATE RECORD PERIOD 1996 TO 2017


WEATHER ITEM   OBSERVED TIME   RECORD YEAR NORMAL DEPARTURE LAST
                VALUE   (LST)  VALUE       VALUE  FROM      YEAR
                                                  NORMAL
..................................................................
TEMPERATURE (F)
 YESTERDAY
  MAXIMUM         88    416 PM  94    2002  81      7       76
  MINIMUM         65    132 AM  53    2001  60      5       66
  AVERAGE         77                        71      6       71

PRECIPITATION (IN)
  YESTERDAY        0.06          1.59 2016   0.11  -0.05     1.59
  MONTH TO DATE    2.62                      3.01  -0.39     4.18
  SINCE JUN 1      2.62                      3.01  -0.39     4.18
  SINCE JAN 1     19.20                     14.50   4.70    16.54

DEGREE DAYS
 HEATING
  YESTERDAY        0                         1     -1        0
  MONTH TO DATE    8                        49    -41       16
  SINCE JUN 1      8                        49    -41       16
  SINCE JUL 1   5523                      6407   -884     5564

 COOLING
  YESTERDAY       12                         6      6        6
  MONTH TO DATE  156                        98     58      139
  SINCE JUN 1    156                        98     58      139
  SINCE JAN 1    180                       140     40      208
..................................................................


WIND (MPH)
  RESULTANT WIND SPEED  11   RESULTANT WIND DIRECTION  SW (210)
  HIGHEST WIND SPEED    21   HIGHEST WIND DIRECTION     S (200)
  HIGHEST GUST SPEED    29   HIGHEST GUST DIRECTION     S (200)
  AVERAGE WIND SPEED    12.0



WEATHER CONDITIONS
 THE FOLLOWING WEATHER WAS RECORDED YESTERDAY.
  THUNDERSTORM
  LIGHT RAIN


..........................................................


THE CHICAGO EXECUTIVE CLIMATE NORMALS FOR TODAY
                         NORMAL    RECORD    YEAR
 MAXIMUM TEMPERATURE (F)   81        95      2005
                                             2002
 MINIMUM TEMPERATURE (F)   60        51      2001


SUNRISE AND SUNSET
JUNE 23 2017..........SUNRISE   516 AM CDT   SUNSET   831 PM CDT
JUNE 24 2017..........SUNRISE   517 AM CDT   SUNSET   832 PM CDT


-  INDICATES NEGATIVE NUMBERS.
R  INDICATES RECORD WAS SET OR TIED.
MM INDICATES DATA IS MISSING.
T  INDICATES TRACE AMOUNT.




$$
