000
CDUS43 KLOT 010634
CLIPWK


CLIMATE REPORT
NATIONAL WEATHER SERVICE CHICAGO IL
133 AM CDT SAT AUG 1 2015


...................................

...THE CHICAGO EXECUTIVE CLIMATE SUMMARY FOR JULY 31 2015...

CLIMATE NORMAL PERIOD 1981 TO 2010
CLIMATE RECORD PERIOD 1996 TO 2015


WEATHER ITEM   OBSERVED TIME   RECORD YEAR NORMAL DEPARTURE LAST
                VALUE   (LST)  VALUE       VALUE  FROM      YEAR
                                                  NORMAL
..................................................................
TEMPERATURE (F)
 YESTERDAY
  MAXIMUM         87    143 PM  98    2006  83      4       84
                                      2002
  MINIMUM         68   1159 PM  56    1997  64      4       60
  AVERAGE         78                        74      4       72

PRECIPITATION (IN)
  YESTERDAY        0.00          1.65 2010   0.15  -0.15     0.03
  MONTH TO DATE    3.23                      3.62  -0.39     1.63
  SINCE JUN 1      9.33                      7.33   2.00     9.36
  SINCE JAN 1     17.46                     18.82  -1.36    18.56

DEGREE DAYS
 HEATING
  YESTERDAY        0                         0      0        0
  MONTH TO DATE   20                         0     20        3
  SINCE JUN 1     76                        56     20       23
  SINCE JUL 1     20                         4     16        3

 COOLING
  YESTERDAY       13                         9      4        7
  MONTH TO DATE  237                       269    -32      184
  SINCE JUN 1    348                       423    -75      362
  SINCE JAN 1    399                       465    -66      420
..................................................................


WIND (MPH)
  RESULTANT WIND SPEED  10   RESULTANT WIND DIRECTION  NW (300)
  HIGHEST WIND SPEED    25   HIGHEST WIND DIRECTION    NW (310)
  HIGHEST GUST SPEED    36   HIGHEST GUST DIRECTION    NW (300)
  AVERAGE WIND SPEED    10.4



WEATHER CONDITIONS
 THE FOLLOWING WEATHER WAS RECORDED YESTERDAY.
  NO SIGNIFICANT WEATHER WAS OBSERVED.


..........................................................


THE CHICAGO EXECUTIVE CLIMATE NORMALS FOR TODAY
                         NORMAL    RECORD    YEAR
 MAXIMUM TEMPERATURE (F)   83        99      2006
 MINIMUM TEMPERATURE (F)   64        57      1996


SUNRISE AND SUNSET
AUGUST  1 2015........SUNRISE   545 AM CDT   SUNSET   811 PM CDT
AUGUST  2 2015........SUNRISE   546 AM CDT   SUNSET   810 PM CDT


-  INDICATES NEGATIVE NUMBERS.
R  INDICATES RECORD WAS SET OR TIED.
MM INDICATES DATA IS MISSING.
T  INDICATES TRACE AMOUNT.




$$
