000
CDUS43 KLOT 270732
CLIPWK


CLIMATE REPORT
NATIONAL WEATHER SERVICE CHICAGO IL
231 AM CDT SAT AUG 27 2016


...................................

...THE CHICAGO EXECUTIVE CLIMATE SUMMARY FOR AUGUST 26 2016...

CLIMATE NORMAL PERIOD 1981 TO 2010
CLIMATE RECORD PERIOD 1996 TO 2016


WEATHER ITEM   OBSERVED TIME   RECORD YEAR NORMAL DEPARTURE LAST
                VALUE   (LST)  VALUE       VALUE  FROM      YEAR
                                                  NORMAL
..................................................................
TEMPERATURE (F)
 YESTERDAY
  MAXIMUM         79    116 PM  93    2013  80     -1       65
                                      2003
  MINIMUM         64    602 AM  54    2015  62      2       54
  AVERAGE         72                        71      1       60

PRECIPITATION (IN)
  YESTERDAY        0.10          1.73 2009   0.11  -0.01     0.00
  MONTH TO DATE    3.13                      3.13   0.00     2.13
  SINCE JUN 1     11.96                     10.46   1.50    11.46
  SINCE JAN 1     24.32                     21.95   2.37    19.59

DEGREE DAYS
 HEATING
  YESTERDAY        0                         0      0        5
  MONTH TO DATE    0                         0      0        5
  SINCE JUN 1     20                        56    -36       81
  SINCE JUL 1      2                         4     -2       25

 COOLING
  YESTERDAY        7                         6      1        0
  MONTH TO DATE  288                       202     86      206
  SINCE JUN 1    794                       625    169      554
  SINCE JAN 1    863                       667    196      605
..................................................................


WIND (MPH)
  RESULTANT WIND SPEED   4   RESULTANT WIND DIRECTION  NE (50)
  HIGHEST WIND SPEED    10   HIGHEST WIND DIRECTION    NE (60)
  HIGHEST GUST SPEED    13   HIGHEST GUST DIRECTION     E (70)
  AVERAGE WIND SPEED     5.0



WEATHER CONDITIONS
 THE FOLLOWING WEATHER WAS RECORDED YESTERDAY.
  THUNDERSTORM
  RAIN
  LIGHT RAIN
  FOG


..........................................................


THE CHICAGO EXECUTIVE CLIMATE NORMALS FOR TODAY
                         NORMAL    RECORD    YEAR
 MAXIMUM TEMPERATURE (F)   80        96      2013
 MINIMUM TEMPERATURE (F)   62        50      2015


SUNRISE AND SUNSET
AUGUST 27 2016........SUNRISE   612 AM CDT   SUNSET   733 PM CDT
AUGUST 28 2016........SUNRISE   613 AM CDT   SUNSET   731 PM CDT


-  INDICATES NEGATIVE NUMBERS.
R  INDICATES RECORD WAS SET OR TIED.
MM INDICATES DATA IS MISSING.
T  INDICATES TRACE AMOUNT.




$$
