000
CDUS43 KLOT 310632
CLIPWK


CLIMATE REPORT
NATIONAL WEATHER SERVICE CHICAGO IL
131 AM CDT SUN AUG 31 2014


...................................

...THE CHICAGO EXECUTIVE CLIMATE SUMMARY FOR AUGUST 30 2014...

CLIMATE NORMAL PERIOD 1981 TO 2010
CLIMATE RECORD PERIOD 1996 TO 2014


WEATHER ITEM   OBSERVED TIME   RECORD YEAR NORMAL DEPARTURE LAST
                VALUE   (LST)  VALUE       VALUE  FROM      YEAR
                                                  NORMAL
..................................................................
TEMPERATURE (F)
 YESTERDAY
  MAXIMUM         84    400 PM  96    2013  80      4       96
  MINIMUM         71   1159 PM  49    2009  61     10       67
  AVERAGE         78                        70      8       82

PRECIPITATION (IN)
  YESTERDAY        0.01          0.44 2001   0.11  -0.10     0.24
  MONTH TO DATE    6.96                      3.56   3.40     1.23
  SINCE JUN 1     16.32                     10.89   5.43    10.77
  SINCE JAN 1     25.52                     22.38   3.14    20.73

DEGREE DAYS
 HEATING
  YESTERDAY        0                         0      0        0
  MONTH TO DATE    1                         0      1        3
  SINCE JUN 1     24                        56    -32       67
  SINCE JUL 1      4                         4      0       10

 COOLING
  YESTERDAY       13                         6      7       17
  MONTH TO DATE  256                       226     30      247
  SINCE JUN 1    618                       649    -31      670
  SINCE JAN 1    676                       691    -15      751
..................................................................


WIND (MPH)
  RESULTANT WIND SPEED   9   RESULTANT WIND DIRECTION  SW (220)
  HIGHEST WIND SPEED    23   HIGHEST WIND DIRECTION    SW (230)
  HIGHEST GUST SPEED    33   HIGHEST GUST DIRECTION    SW (220)
  AVERAGE WIND SPEED     9.8



WEATHER CONDITIONS
 THE FOLLOWING WEATHER WAS RECORDED YESTERDAY.
  LIGHT RAIN
  FOG


..........................................................


THE CHICAGO EXECUTIVE CLIMATE NORMALS FOR TODAY
                         NORMAL    RECORD    YEAR
 MAXIMUM TEMPERATURE (F)   80        94      2012
 MINIMUM TEMPERATURE (F)   60        47      2009


SUNRISE AND SUNSET
AUGUST 31 2014........SUNRISE   616 AM CDT   SUNSET   727 PM CDT
SEPTEMBER  1 2014.....SUNRISE   617 AM CDT   SUNSET   725 PM CDT


-  INDICATES NEGATIVE NUMBERS.
R  INDICATES RECORD WAS SET OR TIED.
MM INDICATES DATA IS MISSING.
T  INDICATES TRACE AMOUNT.




$$
