000
CDUS43 KLOT 160640
CLIPWK


CLIMATE REPORT
NATIONAL WEATHER SERVICE CHICAGO IL
140 AM CDT WED APR 16 2014


...................................

...THE CHICAGO EXECUTIVE CLIMATE SUMMARY FOR APRIL 15 2014...

CLIMATE NORMAL PERIOD 1981 TO 2010
CLIMATE RECORD PERIOD 1996 TO 2014


WEATHER ITEM   OBSERVED TIME   RECORD YEAR NORMAL DEPARTURE LAST
                VALUE   (LST)  VALUE       VALUE  FROM      YEAR
                                                  NORMAL
..................................................................
TEMPERATURE (F)
 YESTERDAY
  MAXIMUM         38    452 PM  88    2002  58    -20       68
  MINIMUM         24R   524 AM  29    2007  37    -13       44
  AVERAGE         31                        48    -17       56

PRECIPITATION (IN)
  YESTERDAY        0.00          1.27 2012   0.08  -0.08     0.58
  MONTH TO DATE    1.37                      1.18   0.19     0.67
  SINCE MAR 1      1.92                      3.43  -1.51     1.49
  SINCE JAN 1      4.05                      6.01  -1.96     6.45

DEGREE DAYS
 HEATING
  YESTERDAY       34                        18     16        9
  MONTH TO DATE  288                       300    -12      327
  SINCE MAR 1   1335                      1153    182     1352
  SINCE JUL 1   6694                      5891    803     5859

 COOLING
  YESTERDAY        0                         0      0        0
  MONTH TO DATE    0                         0      0        0
  SINCE MAR 1      0                         0      0        0
  SINCE JAN 1      0                         0      0        0
..................................................................


WIND (MPH)
  RESULTANT WIND SPEED   4   RESULTANT WIND DIRECTION  NW (330)
  HIGHEST WIND SPEED    15   HIGHEST WIND DIRECTION     N (340)
  HIGHEST GUST SPEED    20   HIGHEST GUST DIRECTION    NW (320)
  AVERAGE WIND SPEED     7.2



WEATHER CONDITIONS
 THE FOLLOWING WEATHER WAS RECORDED YESTERDAY.
  LIGHT SNOW


..........................................................


THE CHICAGO EXECUTIVE CLIMATE NORMALS FOR TODAY
                         NORMAL    RECORD    YEAR
 MAXIMUM TEMPERATURE (F)   58        88      2002
 MINIMUM TEMPERATURE (F)   38        29      2001


SUNRISE AND SUNSET
APRIL 16 2014.........SUNRISE   609 AM CDT   SUNSET   734 PM CDT
APRIL 17 2014.........SUNRISE   608 AM CDT   SUNSET   735 PM CDT


-  INDICATES NEGATIVE NUMBERS.
R  INDICATES RECORD WAS SET OR TIED.
MM INDICATES DATA IS MISSING.
T  INDICATES TRACE AMOUNT.




$$
