000
CDUS43 KLOT 030649
CLIPWK


CLIMATE REPORT
NATIONAL WEATHER SERVICE CHICAGO IL
1248 AM CST SAT DEC 3 2016


...................................

...THE CHICAGO EXECUTIVE CLIMATE SUMMARY FOR DECEMBER 2 2016...

CLIMATE NORMAL PERIOD 1981 TO 2010
CLIMATE RECORD PERIOD 1996 TO 2016


WEATHER ITEM   OBSERVED TIME   RECORD YEAR NORMAL DEPARTURE LAST
                VALUE   (LST)  VALUE       VALUE  FROM      YEAR
                                                  NORMAL
..................................................................
TEMPERATURE (F)
 YESTERDAY
  MAXIMUM         39   1208 PM  64    2012  40     -1       37
  MINIMUM         34   1159 PM  12    2006  25      9       30
  AVERAGE         37                        33      4       34

PRECIPITATION (IN)
  YESTERDAY        0.00          0.13 2013   0.08  -0.08     0.11
  MONTH TO DATE    T                         0.16  -0.16     0.30
  SINCE DEC 1      T                         0.16  -0.16     0.30
  SINCE JAN 1     32.23                     31.68   0.55    29.62

DEGREE DAYS
 HEATING
  YESTERDAY       28                        33     -5       31
  MONTH TO DATE   54                        65    -11       56
  SINCE DEC 1     54                        65    -11       56
  SINCE JUL 1    908                      1335   -427     1068

 COOLING
  YESTERDAY        0                         0      0        0
  MONTH TO DATE    0                         0      0        0
  SINCE DEC 1      0                         0      0        0
  SINCE JAN 1   1071                       789    282      769
..................................................................


WIND (MPH)
  RESULTANT WIND SPEED   6   RESULTANT WIND DIRECTION  NW (300)
  HIGHEST WIND SPEED    14   HIGHEST WIND DIRECTION     N (360)
  HIGHEST GUST SPEED    17   HIGHEST GUST DIRECTION     W (280)
  AVERAGE WIND SPEED     7.5



WEATHER CONDITIONS
 THE FOLLOWING WEATHER WAS RECORDED YESTERDAY.
  NO SIGNIFICANT WEATHER WAS OBSERVED.


..........................................................


THE CHICAGO EXECUTIVE CLIMATE NORMALS FOR TODAY
                         NORMAL    RECORD    YEAR
 MAXIMUM TEMPERATURE (F)   39        69      2012
 MINIMUM TEMPERATURE (F)   25         9      2006


SUNRISE AND SUNSET
DECEMBER  3 2016......SUNRISE   703 AM CST   SUNSET   420 PM CST
DECEMBER  4 2016......SUNRISE   704 AM CST   SUNSET   420 PM CST


-  INDICATES NEGATIVE NUMBERS.
R  INDICATES RECORD WAS SET OR TIED.
MM INDICATES DATA IS MISSING.
T  INDICATES TRACE AMOUNT.




$$
