000
CDUS43 KLOT 230633
CLIPWK


CLIMATE REPORT
NATIONAL WEATHER SERVICE CHICAGO IL
1232 AM CST SUN NOV 23 2014


...................................

...THE CHICAGO EXECUTIVE CLIMATE SUMMARY FOR NOVEMBER 22 2014...

CLIMATE NORMAL PERIOD 1981 TO 2010
CLIMATE RECORD PERIOD 1996 TO 2014


WEATHER ITEM   OBSERVED TIME   RECORD YEAR NORMAL DEPARTURE LAST
                VALUE   (LST)  VALUE       VALUE  FROM      YEAR
                                                  NORMAL
..................................................................
TEMPERATURE (F)
 YESTERDAY
  MAXIMUM         52   1159 PM  67    2010  45      7       43
  MINIMUM         33    425 AM  16    2000  29      4       27
  AVERAGE         43                        37      6       35

PRECIPITATION (IN)
  YESTERDAY        0.10          0.39 2010   0.08   0.02     0.03
  MONTH TO DATE    0.25                      2.18  -1.93     2.25
  SINCE SEP 1      5.60                      8.33  -2.73     7.50
  SINCE JAN 1     31.12                     30.81   0.31    28.37

DEGREE DAYS
 HEATING
  YESTERDAY       22                        28     -6       30
  MONTH TO DATE  654                       509    145      495
  SINCE SEP 1   1136                      1020    116      947
  SINCE JUL 1   1140                      1030    110      957

 COOLING
  YESTERDAY        0                         0      0        0
  MONTH TO DATE    0                         0      0        0
  SINCE SEP 1     92                        92      0      158
  SINCE JAN 1    780                       789     -9      918
..................................................................


WIND (MPH)
  RESULTANT WIND SPEED  12   RESULTANT WIND DIRECTION   S (200)
  HIGHEST WIND SPEED    20   HIGHEST WIND DIRECTION     S (200)
  HIGHEST GUST SPEED    27   HIGHEST GUST DIRECTION    SW (210)
  AVERAGE WIND SPEED    12.2



WEATHER CONDITIONS
 THE FOLLOWING WEATHER WAS RECORDED YESTERDAY.
  LIGHT RAIN
  FOG
  HAZE


..........................................................


THE CHICAGO EXECUTIVE CLIMATE NORMALS FOR TODAY
                         NORMAL    RECORD    YEAR
 MAXIMUM TEMPERATURE (F)   44        64      2003
 MINIMUM TEMPERATURE (F)   29        15      2013


SUNRISE AND SUNSET
NOVEMBER 23 2014......SUNRISE   651 AM CST   SUNSET   424 PM CST
NOVEMBER 24 2014......SUNRISE   652 AM CST   SUNSET   424 PM CST


-  INDICATES NEGATIVE NUMBERS.
R  INDICATES RECORD WAS SET OR TIED.
MM INDICATES DATA IS MISSING.
T  INDICATES TRACE AMOUNT.




$$
