000
CDUS41 KGYX 270904
CLIPWM


CLIMATE REPORT
NATIONAL WEATHER SERVICE GRAY ME
404 AM EST MON FEB 27 2017


...................................

...THE PORTLAND ME CLIMATE SUMMARY FOR FEBRUARY 26 2017...

CLIMATE NORMAL PERIOD 1981 TO 2010
CLIMATE RECORD PERIOD 1941 TO 2017


WEATHER ITEM   OBSERVED TIME   RECORD YEAR NORMAL DEPARTURE LAST
                VALUE   (LST)  VALUE       VALUE  FROM      YEAR
                                                  NORMAL
..................................................................
TEMPERATURE (F)
 YESTERDAY
  MAXIMUM         46   1226 AM  64    1957  37      9       41
  MINIMUM         25   1159 PM -13    1950  19      6       17
  AVERAGE         36                        28      8       29

PRECIPITATION (IN)
  YESTERDAY        0.14          2.51 1934   0.13   0.01     0.00
  MONTH TO DATE    4.55                      2.99   1.56     4.17
  SINCE DEC 1     13.51                     10.39   3.12    12.88
  SINCE JAN 1      8.20                      6.37   1.83     7.54

SNOWFALL (IN)
  YESTERDAY        0.0          20.4  1935   0.4   -0.4      0.0
  MONTH TO DATE   39.9                      11.2   28.7     20.5
  SINCE DEC 1     65.9                      43.6   22.3     41.0
  SINCE JUL 1     66.4                      45.5   20.9     41.0
  SNOW DEPTH       2

DEGREE DAYS
 HEATING
  YESTERDAY       29                        37     -8       36
  MONTH TO DATE  956                      1034    -78      956
  SINCE DEC 1   3174                      3479   -305     2957
  SINCE JUL 1   4426                      4970   -544     4203

 COOLING
  YESTERDAY        0                         0      0        0
  MONTH TO DATE    0                         0      0        0
  SINCE DEC 1      0                         0      0        0
  SINCE JAN 1      0                         0      0        0
..................................................................


WIND (MPH)
  RESULTANT WIND SPEED  13   RESULTANT WIND DIRECTION   W (280)
  HIGHEST WIND SPEED    26   HIGHEST WIND DIRECTION    NW (300)
  HIGHEST GUST SPEED    34   HIGHEST GUST DIRECTION    NW (310)
  AVERAGE WIND SPEED    12.1


SKY COVER
  AVERAGE SKY COVER 0.2


WEATHER CONDITIONS
 THE FOLLOWING WEATHER WAS RECORDED YESTERDAY.
  LIGHT RAIN


RELATIVE HUMIDITY (PERCENT)
 HIGHEST    92           300 AM
 LOWEST     33           400 PM
 AVERAGE    63

..........................................................


THE PORTLAND ME CLIMATE NORMALS FOR TODAY
                         NORMAL    RECORD    YEAR
 MAXIMUM TEMPERATURE (F)   37        57      1976
 MINIMUM TEMPERATURE (F)   20       -14      1950


SUNRISE AND SUNSET
FEBRUARY 27 2017......SUNRISE   621 AM EST   SUNSET   528 PM EST
FEBRUARY 28 2017......SUNRISE   619 AM EST   SUNSET   529 PM EST


-  INDICATES NEGATIVE NUMBERS.
R  INDICATES RECORD WAS SET OR TIED.
MM INDICATES DATA IS MISSING.
T  INDICATES TRACE AMOUNT.




$$
