000
CDUS41 KGYX 020915
CLIPWM


CLIMATE REPORT
NATIONAL WEATHER SERVICE GRAY ME
415 AM EST MON MAR 2 2015


...................................

...THE PORTLAND ME CLIMATE SUMMARY FOR MARCH 1 2015...

CLIMATE NORMAL PERIOD 1981 TO 2010
CLIMATE RECORD PERIOD 1941 TO 2015


WEATHER ITEM   OBSERVED TIME   RECORD YEAR NORMAL DEPARTURE LAST
                VALUE   (LST)  VALUE       VALUE  FROM      YEAR
                                                  NORMAL
..................................................................
TEMPERATURE (F)
 YESTERDAY
  MAXIMUM         30    419 PM  58    1985  38     -8       31
  MINIMUM         -2    535 AM  -5    1980  20    -22        3
  AVERAGE         14                        29    -15       17

PRECIPITATION (IN)
  YESTERDAY        0.05          3.01 1900   0.13  -0.08     0.00
  MONTH TO DATE    0.05                      0.13  -0.08     0.00
  SINCE MAR 1      0.05                      0.13  -0.08     0.00
  SINCE JAN 1      7.53                      6.76   0.77     8.32

SNOWFALL (IN)
  YESTERDAY        0.4          13.0  2012   0.5   -0.1      0.0
  MONTH TO DATE    0.4                       0.5   -0.1      0.0
  SINCE MAR 1      0.4                       0.5   -0.1      0.0
  SINCE JUL 1     89.6                      46.9   42.7     78.5
  SNOW DEPTH      22

DEGREE DAYS
 HEATING
  YESTERDAY       51                        36     15       48
  MONTH TO DATE   51                        36     15       48
  SINCE MAR 1     51                        36     15       48
  SINCE JUL 1   5105                      5078     27     5287

 COOLING
  YESTERDAY        0                         0      0        0
  MONTH TO DATE    0                         0      0        0
  SINCE MAR 1      0                         0      0        0
  SINCE JAN 1      0                         0      0        0
..................................................................


WIND (MPH)
  RESULTANT WIND SPEED   4   RESULTANT WIND DIRECTION  SW (230)
  HIGHEST WIND SPEED    14   HIGHEST WIND DIRECTION     S (180)
  HIGHEST GUST SPEED    19   HIGHEST GUST DIRECTION    SW (220)
  AVERAGE WIND SPEED     5.9


SKY COVER
  AVERAGE SKY COVER 0.7


WEATHER CONDITIONS
 THE FOLLOWING WEATHER WAS RECORDED YESTERDAY.
  LIGHT SNOW
  FOG


RELATIVE HUMIDITY (PERCENT)
 HIGHEST    92          1100 PM
 LOWEST     46          1200 PM
 AVERAGE    69

..........................................................


THE PORTLAND ME CLIMATE NORMALS FOR TODAY
                         NORMAL    RECORD    YEAR
 MAXIMUM TEMPERATURE (F)   38        57      1985
 MINIMUM TEMPERATURE (F)   21        -9      1967


SUNRISE AND SUNSET
MARCH  2 2015.........SUNRISE   617 AM EST   SUNSET   531 PM EST
MARCH  3 2015.........SUNRISE   615 AM EST   SUNSET   532 PM EST


-  INDICATES NEGATIVE NUMBERS.
R  INDICATES RECORD WAS SET OR TIED.
MM INDICATES DATA IS MISSING.
T  INDICATES TRACE AMOUNT.




$$
