000
CDUS41 KGYX 050904
CLIPWM


CLIMATE REPORT
NATIONAL WEATHER SERVICE GRAY ME
404 AM EST MON DEC 5 2016


...................................

...THE PORTLAND ME CLIMATE SUMMARY FOR DECEMBER 4 2016...

CLIMATE NORMAL PERIOD 1981 TO 2010
CLIMATE RECORD PERIOD 1941 TO 2016


WEATHER ITEM   OBSERVED TIME   RECORD YEAR NORMAL DEPARTURE LAST
                VALUE   (LST)  VALUE       VALUE  FROM      YEAR
                                                  NORMAL
..................................................................
TEMPERATURE (F)
 YESTERDAY
  MAXIMUM         41    156 PM  69    1982  41      0       47
  MINIMUM         24   1145 PM -16    1940  25     -1       26
  AVERAGE         33                        33      0       37

PRECIPITATION (IN)
  YESTERDAY        0.00          3.50 1990   0.14  -0.14      T
  MONTH TO DATE    1.12                      0.56   0.56     0.52
  SINCE DEC 1      1.12                      0.56   0.56     0.52
  SINCE JAN 1     37.93                     43.79  -5.86    39.00

SNOWFALL (IN)
  YESTERDAY        0.0          11.0  1901   0.2   -0.2      0.0
  MONTH TO DATE    0.0                       1.0   -1.0      0.0
  SINCE DEC 1      0.0                       1.0   -1.0      0.0
  SINCE JUL 1      0.5                       2.9   -2.4       T
  SNOW DEPTH       0

DEGREE DAYS
 HEATING
  YESTERDAY       32                        32      0       28
  MONTH TO DATE   98                       125    -27      114
  SINCE DEC 1     98                       125    -27      114
  SINCE JUL 1   1350                      1616   -266     1360

 COOLING
  YESTERDAY        0                         0      0        0
  MONTH TO DATE    0                         0      0        0
  SINCE DEC 1      0                         0      0        0
  SINCE JAN 1    553                       359    194      492
..................................................................


WIND (MPH)
  RESULTANT WIND SPEED   9   RESULTANT WIND DIRECTION   N (340)
  HIGHEST WIND SPEED    18   HIGHEST WIND DIRECTION    NW (330)
  HIGHEST GUST SPEED    27   HIGHEST GUST DIRECTION    NW (320)
  AVERAGE WIND SPEED     8.9


SKY COVER
  AVERAGE SKY COVER 0.4


WEATHER CONDITIONS
 THE FOLLOWING WEATHER WAS RECORDED YESTERDAY.
  NO SIGNIFICANT WEATHER WAS OBSERVED.


RELATIVE HUMIDITY (PERCENT)
 HIGHEST    74          1100 PM
 LOWEST     38           200 PM
 AVERAGE    56

..........................................................


THE PORTLAND ME CLIMATE NORMALS FOR TODAY
                         NORMAL    RECORD    YEAR
 MAXIMUM TEMPERATURE (F)   41        60      2001
 MINIMUM TEMPERATURE (F)   25         7      1989


SUNRISE AND SUNSET
DECEMBER  5 2016......SUNRISE   659 AM EST   SUNSET   405 PM EST
DECEMBER  6 2016......SUNRISE   700 AM EST   SUNSET   404 PM EST


-  INDICATES NEGATIVE NUMBERS.
R  INDICATES RECORD WAS SET OR TIED.
MM INDICATES DATA IS MISSING.
T  INDICATES TRACE AMOUNT.




$$
