000
CDUS41 KGYX 302111
CLIPWM


CLIMATE REPORT
NATIONAL WEATHER SERVICE GRAY ME
511 PM EDT THU MAR 30 2017


...................................

...THE PORTLAND ME CLIMATE SUMMARY FOR MARCH 30 2017...
VALID TODAY AS OF 0500 PM LOCAL TIME.

CLIMATE NORMAL PERIOD 1981 TO 2010
CLIMATE RECORD PERIOD 1941 TO 2017


WEATHER ITEM   OBSERVED TIME   RECORD YEAR NORMAL DEPARTURE LAST
                VALUE   (LST)  VALUE       VALUE  FROM      YEAR
                                                  NORMAL
..................................................................
TEMPERATURE (F)
 TODAY
  MAXIMUM         48    259 PM  75    1977  47      1       49
  MINIMUM         32    359 AM  17    1943  29      3       24
  AVERAGE         40                        38      2       37

PRECIPITATION (IN)
  TODAY            0.00          2.73 2010   0.14  -0.14     0.00
  MONTH TO DATE    3.14                      4.10  -0.96     4.37
  SINCE MAR 1      3.14                      4.10  -0.96     4.37
  SINCE JAN 1     11.34                     10.73   0.61    11.91

SNOWFALL (IN)
  TODAY            0.0           6.0  2001   0.3   -0.3      0.0
  MONTH TO DATE   18.2                      12.5    5.7      7.1
  SINCE MAR 1     18.2                      12.5    5.7      7.1
  SINCE JUL 1     84.4                      58.9   25.5     48.1
  SNOW DEPTH       2

DEGREE DAYS
 HEATING
  TODAY           25                        27     -2       28
  MONTH TO DATE 1085                       950    135      829
  SINCE MAR 1   1085                       950    135      829
  SINCE JUL 1   5563                      5992   -429     5120

 COOLING
  TODAY            0                         0      0        0
  MONTH TO DATE    0                         0      0        0
  SINCE MAR 1      0                         0      0        0
  SINCE JAN 1      0                         0      0        0
..................................................................


WIND (MPH)
  HIGHEST WIND SPEED    23   HIGHEST WIND DIRECTION    NW (330)
  HIGHEST GUST SPEED    33   HIGHEST GUST DIRECTION    NW (330)
  AVERAGE WIND SPEED    14.0


SKY COVER
  POSSIBLE SUNSHINE  MM
  AVERAGE SKY COVER 0.2


WEATHER CONDITIONS
 THE FOLLOWING WEATHER WAS RECORDED TODAY.
  NO SIGNIFICANT WEATHER WAS OBSERVED.


RELATIVE HUMIDITY (PERCENT)
 HIGHEST    61           400 AM
 LOWEST     34           100 PM
 AVERAGE    48

..........................................................


THE PORTLAND ME CLIMATE NORMALS FOR TOMORROW
                         NORMAL    RECORD    YEAR
 MAXIMUM TEMPERATURE (F)   47        88      1998
 MINIMUM TEMPERATURE (F)   30        15      1964


SUNRISE AND SUNSET
MARCH 30 2017.........SUNRISE   626 AM EDT   SUNSET   706 PM EDT
MARCH 31 2017.........SUNRISE   624 AM EDT   SUNSET   707 PM EDT


-  INDICATES NEGATIVE NUMBERS.
R  INDICATES RECORD WAS SET OR TIED.
MM INDICATES DATA IS MISSING.
T  INDICATES TRACE AMOUNT.




$$
