000
CDUS41 KGYX 022041
CLIPWM


CLIMATE REPORT
NATIONAL WEATHER SERVICE GRAY ME
441 PM EDT TUE SEP 2 2014


...................................

...THE PORTLAND ME CLIMATE SUMMARY FOR SEPTEMBER 2 2014...
VALID TODAY AS OF 0400 PM LOCAL TIME.

CLIMATE NORMAL PERIOD 1981 TO 2010
CLIMATE RECORD PERIOD 1941 TO 2014


WEATHER ITEM   OBSERVED TIME   RECORD YEAR NORMAL DEPARTURE LAST
                VALUE   (LST)  VALUE       VALUE  FROM      YEAR
                                                  NORMAL
..................................................................
TEMPERATURE (F)
 TODAY
  MAXIMUM         79   1257 PM  94    1953  75      4       70
  MINIMUM         62    603 AM  41    1994  55      7       62
  AVERAGE         71                        65      6       66

PRECIPITATION (IN)
  TODAY            0.00          2.26 2013   0.11  -0.11     2.26
  MONTH TO DATE    0.00                      0.21  -0.21     2.48
  SINCE SEP 1      0.00                      0.21  -0.21     2.48
  SINCE JAN 1     38.20                     29.95   8.25    30.70

SNOWFALL (IN)
  TODAY            0.0           0.0  2002   0.0    0.0      0.0
                                      2001
                                      2000
  MONTH TO DATE    0.0                       0.0    0.0      0.0
  SINCE SEP 1      0.0                       0.0    0.0      0.0
  SINCE JUL 1      0.0                       0.0    0.0      0.0
  SNOW DEPTH       0

DEGREE DAYS
 HEATING
  TODAY            0                         2     -2        0
  MONTH TO DATE    0                         4     -4        0
  SINCE SEP 1      0                         4     -4        0
  SINCE JUL 1     24                        49    -25       18

 COOLING
  TODAY            6                         2      4        1
  MONTH TO DATE   15                         4     11       10
  SINCE SEP 1     15                         4     11       10
  SINCE JAN 1    313                       332    -19      427
..................................................................


WIND (MPH)
  HIGHEST WIND SPEED    13   HIGHEST WIND DIRECTION     S (160)
  HIGHEST GUST SPEED    16   HIGHEST GUST DIRECTION    SE (140)
  AVERAGE WIND SPEED     4.5


SKY COVER
  POSSIBLE SUNSHINE  MM
  AVERAGE SKY COVER 0.6


WEATHER CONDITIONS
 THE FOLLOWING WEATHER WAS RECORDED TODAY.
  FOG
  FOG W/VISIBILITY <= 1/4 MILE
  HAZE


RELATIVE HUMIDITY (PERCENT)
 HIGHEST   100           500 AM
 LOWEST     76           200 PM
 AVERAGE    88

..........................................................


THE PORTLAND ME CLIMATE NORMALS FOR TOMORROW
                         NORMAL    RECORD    YEAR
 MAXIMUM TEMPERATURE (F)   74        93      1973
 MINIMUM TEMPERATURE (F)   55        39      1958


SUNRISE AND SUNSET
SEPTEMBER  2 2014.....SUNRISE   606 AM EDT   SUNSET   715 PM EDT
SEPTEMBER  3 2014.....SUNRISE   607 AM EDT   SUNSET   713 PM EDT


-  INDICATES NEGATIVE NUMBERS.
R  INDICATES RECORD WAS SET OR TIED.
MM INDICATES DATA IS MISSING.
T  INDICATES TRACE AMOUNT.




$$
