000
CDUS41 KGYX 242041
CLIPWM


CLIMATE REPORT
NATIONAL WEATHER SERVICE GRAY ME
441 PM EDT MON JUL 24 2017


...................................

...THE PORTLAND ME CLIMATE SUMMARY FOR JULY 24 2017...
VALID TODAY AS OF 0400 PM LOCAL TIME.

CLIMATE NORMAL PERIOD 1981 TO 2010
CLIMATE RECORD PERIOD 1941 TO 2017


WEATHER ITEM   OBSERVED TIME   RECORD YEAR NORMAL DEPARTURE LAST
                VALUE   (LST)  VALUE       VALUE  FROM      YEAR
                                                  NORMAL
..................................................................
TEMPERATURE (F)
 TODAY
  MAXIMUM         66   1000 AM  95    1987  79    -13       84
  MINIMUM         59        MM  49    1997  60     -1       64
  AVERAGE         63                        70     -7       74

PRECIPITATION (IN)
  TODAY            0.04          2.10 2009   0.12  -0.08     0.00
  MONTH TO DATE    0.85                      2.81  -1.96     1.29
  SINCE JUN 1      3.47                      6.60  -3.13     5.71
  SINCE JAN 1     27.51                     25.80   1.71    21.22

SNOWFALL (IN)
  TODAY            0.0           0.0  2002   0.0    0.0      0.0
                                      2001
                                      2000
  MONTH TO DATE    0.0                       0.0    0.0      0.0
  SINCE JUN 1      0.0                       0.0    0.0      0.0
  SINCE JUL 1      0.0                       0.0    0.0      0.0
  SNOW DEPTH       0

DEGREE DAYS
 HEATING
  TODAY            2                         0      2        0
  MONTH TO DATE    7                        12     -5       13
  SINCE JUN 1     92                       118    -26       79
  SINCE JUL 1      7                        12     -5       13

 COOLING
  TODAY            0                         5     -5        9
  MONTH TO DATE  128                       110     18      153
  SINCE JUN 1    220                       167     53      185
  SINCE JAN 1    237                       174     63      201
..................................................................


WIND (MPH)
  HIGHEST WIND SPEED    13   HIGHEST WIND DIRECTION    NE (60)
  HIGHEST GUST SPEED    MM   HIGHEST GUST DIRECTION    MM
  AVERAGE WIND SPEED     6.0


SKY COVER
  POSSIBLE SUNSHINE  MM
  AVERAGE SKY COVER 0.8


WEATHER CONDITIONS
 THE FOLLOWING WEATHER WAS RECORDED TODAY.
  LIGHT RAIN


RELATIVE HUMIDITY (PERCENT)
 HIGHEST    84           500 AM
 LOWEST     63          1000 AM
 AVERAGE    74

..........................................................


THE PORTLAND ME CLIMATE NORMALS FOR TOMORROW
                         NORMAL    RECORD    YEAR
 MAXIMUM TEMPERATURE (F)   79        91      1989
 MINIMUM TEMPERATURE (F)   60        45      1957


SUNRISE AND SUNSET
JULY 24 2017..........SUNRISE   522 AM EDT   SUNSET   813 PM EDT
JULY 25 2017..........SUNRISE   523 AM EDT   SUNSET   812 PM EDT


-  INDICATES NEGATIVE NUMBERS.
R  INDICATES RECORD WAS SET OR TIED.
MM INDICATES DATA IS MISSING.
T  INDICATES TRACE AMOUNT.




$$
