913
CDUS41 KGYX 300802
CLIPWM


CLIMATE REPORT
NATIONAL WEATHER SERVICE GRAY ME
402 AM EDT TUE MAY 30 2017


...................................

...THE PORTLAND ME CLIMATE SUMMARY FOR MAY 29 2017...

CLIMATE NORMAL PERIOD 1981 TO 2010
CLIMATE RECORD PERIOD 1941 TO 2017


WEATHER ITEM   OBSERVED TIME   RECORD YEAR NORMAL DEPARTURE LAST
                VALUE   (LST)  VALUE       VALUE  FROM      YEAR
                                                  NORMAL
..................................................................
TEMPERATURE (F)
 YESTERDAY
  MAXIMUM         49   1117 AM  90    1998  68    -19       59
  MINIMUM         46    556 PM  35    1964  48     -2       51
  AVERAGE         48                        58    -10       55

PRECIPITATION (IN)
  YESTERDAY        0.02          2.18 1984   0.13  -0.11     0.00
  MONTH TO DATE    5.42                      3.75   1.67     1.95
  SINCE MAR 1     15.32                     12.31   3.01     7.88
  SINCE JAN 1     23.52                     18.94   4.58    15.42

SNOWFALL (IN)
  YESTERDAY        0.0           0.0  2002   0.0    0.0      0.0
                                      2001
                                      2000
  MONTH TO DATE    0.0                       0.1   -0.1      0.0
  SINCE MAR 1     29.1                      15.6   13.5     10.8
  SINCE JUL 1     95.3                      62.0   33.3     51.8
  SNOW DEPTH       0

DEGREE DAYS
 HEATING
  YESTERDAY       17                         8      9       10
  MONTH TO DATE  361                       339     22      322
  SINCE MAR 1   2019                      1945     74     1823
  SINCE JUL 1   6497                      6987   -490     6114

 COOLING
  YESTERDAY        0                         1     -1        0
  MONTH TO DATE   15                         2     13        7
  SINCE MAR 1     17                         2     15        7
  SINCE JAN 1     17                         2     15        7
..................................................................


WIND (MPH)
  RESULTANT WIND SPEED  10   RESULTANT WIND DIRECTION   E (110)
  HIGHEST WIND SPEED    20   HIGHEST WIND DIRECTION     E (100)
  HIGHEST GUST SPEED    26   HIGHEST GUST DIRECTION     E (110)
  AVERAGE WIND SPEED    10.4


SKY COVER
  AVERAGE SKY COVER 1.0


WEATHER CONDITIONS
 THE FOLLOWING WEATHER WAS RECORDED YESTERDAY.
  LIGHT RAIN
  FOG


RELATIVE HUMIDITY (PERCENT)
 HIGHEST   100           800 AM
 LOWEST     86          1100 AM
 AVERAGE    93

..........................................................


THE PORTLAND ME CLIMATE NORMALS FOR TODAY
                         NORMAL    RECORD    YEAR
 MAXIMUM TEMPERATURE (F)   68        86      2011
 MINIMUM TEMPERATURE (F)   49        33      1964


SUNRISE AND SUNSET
MAY 30 2017...........SUNRISE   504 AM EDT   SUNSET   815 PM EDT
MAY 31 2017...........SUNRISE   503 AM EDT   SUNSET   815 PM EDT


-  INDICATES NEGATIVE NUMBERS.
R  INDICATES RECORD WAS SET OR TIED.
MM INDICATES DATA IS MISSING.
T  INDICATES TRACE AMOUNT.




$$
