000
CDUS41 KGYX 270802
CLIPWM


CLIMATE REPORT
NATIONAL WEATHER SERVICE GRAY ME
402 AM EDT SAT AUG 27 2016


...................................

...THE PORTLAND ME CLIMATE SUMMARY FOR AUGUST 26 2016...

CLIMATE NORMAL PERIOD 1981 TO 2010
CLIMATE RECORD PERIOD 1941 TO 2016


WEATHER ITEM   OBSERVED TIME   RECORD YEAR NORMAL DEPARTURE LAST
                VALUE   (LST)  VALUE       VALUE  FROM      YEAR
                                                  NORMAL
..................................................................
TEMPERATURE (F)
 YESTERDAY
  MAXIMUM         88    327 PM 100    1948  76     12       80
  MINIMUM         65   1159 PM  41    1942  57      8       64
  AVERAGE         77                        67     10       72

PRECIPITATION (IN)
  YESTERDAY        0.05          1.30 1892   0.10  -0.05     0.00
  MONTH TO DATE    1.90                      2.65  -0.75     2.49
  SINCE JUN 1      8.02                     10.05  -2.03    10.15
  SINCE JAN 1     23.53                     29.25  -5.72    26.76

SNOWFALL (IN)
  YESTERDAY        0.0           0.0  2002   0.0    0.0      0.0
                                      2001
                                      2000
  MONTH TO DATE    0.0                       0.0    0.0      0.0
  SINCE JUN 1      0.0                       0.0    0.0      0.0
  SINCE JUL 1      0.0                       0.0    0.0      0.0
  SNOW DEPTH       0

DEGREE DAYS
 HEATING
  YESTERDAY        0                         1     -1        0
  MONTH TO DATE    1                        17    -16        0
  SINCE JUN 1     80                       140    -60      154
  SINCE JUL 1     14                        34    -20       10

 COOLING
  YESTERDAY       12                         3      9        7
  MONTH TO DATE  190                       107     83      149
  SINCE JUN 1    438                       308    130      335
  SINCE JAN 1    454                       315    139      375
..................................................................


WIND (MPH)
  RESULTANT WIND SPEED   4   RESULTANT WIND DIRECTION   W (260)
  HIGHEST WIND SPEED    13   HIGHEST WIND DIRECTION    NW (310)
  HIGHEST GUST SPEED    17   HIGHEST GUST DIRECTION    NW (320)
  AVERAGE WIND SPEED     6.4


SKY COVER
  AVERAGE SKY COVER 0.5


WEATHER CONDITIONS
 THE FOLLOWING WEATHER WAS RECORDED YESTERDAY.
  LIGHT RAIN
  FOG


RELATIVE HUMIDITY (PERCENT)
 HIGHEST    84          1200 AM
 LOWEST     50          1000 PM
 AVERAGE    67

..........................................................


THE PORTLAND ME CLIMATE NORMALS FOR TODAY
                         NORMAL    RECORD    YEAR
 MAXIMUM TEMPERATURE (F)   76       100      1948
 MINIMUM TEMPERATURE (F)   57        40      1954


SUNRISE AND SUNSET
AUGUST 27 2016........SUNRISE   600 AM EDT   SUNSET   725 PM EDT
AUGUST 28 2016........SUNRISE   601 AM EDT   SUNSET   723 PM EDT


-  INDICATES NEGATIVE NUMBERS.
R  INDICATES RECORD WAS SET OR TIED.
MM INDICATES DATA IS MISSING.
T  INDICATES TRACE AMOUNT.




$$
