000
CDUS46 KSGX 221250
CLIRAL


CLIMATE REPORT
NATIONAL WEATHER SERVICE SAN DIEGO, CA
450 AM PST WED NOV 22 2017


...................................

...THE RIVERSIDE MUNI AIRPORT CA CLIMATE SUMMARY FOR NOVEMBER 21 2017...

CLIMATE NORMAL PERIOD 1981 TO 2010
CLIMATE RECORD PERIOD 1893 TO 2017


WEATHER ITEM   OBSERVED TIME   RECORD YEAR NORMAL DEPARTURE LAST
                VALUE   (LST)  VALUE       VALUE  FROM      YEAR
                                                  NORMAL
..................................................................
TEMPERATURE (F)
 YESTERDAY
  MAXIMUM         93    239 PM  95    1924  72     21       66
  MINIMUM         53    412 AM  27    1906  46      7       52
  AVERAGE         73                        59     14       59

PRECIPITATION (IN)
  YESTERDAY        0.00          0.92 1996   0.03  -0.03     0.38
  MONTH TO DATE    0.01                      0.68  -0.67     0.43
  SINCE OCT 1      0.01                      0.96  -0.95     1.39
  SINCE JAN 1      8.47                     10.55  -2.08     5.67

DEGREE DAYS
 HEATING
  YESTERDAY        0                         7     -7        6
  MONTH TO DATE   33                        95    -62       23
  SINCE SEP 1     34                       130    -96       26
  SINCE JUL 1     34                       130    -96       26

 COOLING
  YESTERDAY        8                         0      8        0
  MONTH TO DATE   20                        24     -4       96
  SINCE SEP 1    620                       495    125      629
  SINCE JAN 1   2268                      1753    515     2298
..................................................................


WIND (MPH)
  RESULTANT WIND SPEED   4   RESULTANT WIND DIRECTION  NE (60)
  HIGHEST WIND SPEED    10   HIGHEST WIND DIRECTION     N (10)
  HIGHEST GUST SPEED    17   HIGHEST GUST DIRECTION     N (10)
  AVERAGE WIND SPEED     4.9


SKY COVER
  POSSIBLE SUNSHINE  MM
  AVERAGE SKY COVER 0.2


WEATHER CONDITIONS
 THE FOLLOWING WEATHER WAS RECORDED YESTERDAY.
  NO SIGNIFICANT WEATHER WAS OBSERVED.


RELATIVE HUMIDITY (PERCENT)
 HIGHEST    51           100 AM
 LOWEST     12           200 PM
 AVERAGE    32

..........................................................


THE RIVERSIDE MUNI AIRPORT CA CLIMATE NORMALS FOR TODAY
                         NORMAL    RECORD    YEAR
 MAXIMUM TEMPERATURE (F)   72        90      1924
                                             1917
 MINIMUM TEMPERATURE (F)   45        29      1941


SUNRISE AND SUNSET
NOVEMBER 22 2017......SUNRISE   629 AM PST   SUNSET   443 PM PST
NOVEMBER 23 2017......SUNRISE   630 AM PST   SUNSET   442 PM PST


-  INDICATES NEGATIVE NUMBERS.
R  INDICATES RECORD WAS SET OR TIED.
MM INDICATES DATA IS MISSING.
T  INDICATES TRACE AMOUNT.




$$
