000
CDUS46 KSGX 250119
CLIRAL


CLIMATE REPORT
NATIONAL WEATHER SERVICE SAN DIEGO, CA
519 PM PST SAT FEB 24 2018


...................................

...THE RIVERSIDE MUNI AIRPORT CA CLIMATE SUMMARY FOR FEBRUARY 24 2018...
VALID TODAY AS OF 0500 PM LOCAL TIME.

CLIMATE NORMAL PERIOD 1981 TO 2010
CLIMATE RECORD PERIOD 1893 TO 2018


WEATHER ITEM   OBSERVED TIME   RECORD YEAR NORMAL DEPARTURE LAST
                VALUE   (LST)  VALUE       VALUE  FROM      YEAR
                                                  NORMAL
..................................................................
TEMPERATURE (F)
 TODAY
  MAXIMUM         62    303 PM  92    1968  68     -6       62
                                      1921
  MINIMUM         36    617 AM  30    1935  45     -9       36
                                      1894
  AVERAGE         49                        56     -7       49

PRECIPITATION (IN)
  TODAY            0.00          2.41 1969   0.14  -0.14     0.00
  MONTH TO DATE    0.02                      2.59  -2.57     1.75
  SINCE OCT 1      1.60                      8.34  -6.74    12.49
  SINCE JAN 1      1.57                      5.53  -3.96     7.23

DEGREE DAYS
 HEATING
  TODAY           16                         9      7       16
  MONTH TO DATE  156                       231    -75      187
  SINCE DEC 1    457                       876   -419      800
  SINCE JUL 1    503                      1076   -573      904

 COOLING
  TODAY            0                         0      0        0
  MONTH TO DATE   16                         0     16        0
  SINCE DEC 1     39                         8     31        0
  SINCE JAN 1     36                         6     30        0
..................................................................


WIND (MPH)
  RESULTANT WIND SPEED   3   RESULTANT WIND DIRECTION  NE (60)
  HIGHEST WIND SPEED    15   HIGHEST WIND DIRECTION     W (280)
  HIGHEST GUST SPEED    22   HIGHEST GUST DIRECTION    NE (40)
  AVERAGE WIND SPEED     5.0


SKY COVER
  POSSIBLE SUNSHINE  MM
  AVERAGE SKY COVER 0.0


WEATHER CONDITIONS
 THE FOLLOWING WEATHER WAS RECORDED TODAY.
  NO SIGNIFICANT WEATHER WAS OBSERVED.


RELATIVE HUMIDITY (PERCENT)
 HIGHEST    48           700 AM
 LOWEST     15           100 PM
 AVERAGE    32

..........................................................


THE RIVERSIDE MUNI AIRPORT CA CLIMATE NORMALS FOR TOMORROW
                         NORMAL    RECORD    YEAR
 MAXIMUM TEMPERATURE (F)   68        94      1921
 MINIMUM TEMPERATURE (F)   45        28      1894


SUNRISE AND SUNSET
FEBRUARY 24 2018......SUNRISE   624 AM PST   SUNSET   542 PM PST
FEBRUARY 25 2018......SUNRISE   623 AM PST   SUNSET   543 PM PST


-  INDICATES NEGATIVE NUMBERS.
R  INDICATES RECORD WAS SET OR TIED.
MM INDICATES DATA IS MISSING.
T  INDICATES TRACE AMOUNT.




$$
