000
CDUS46 KSGX 220024
CLIRAL


CLIMATE REPORT
NATIONAL WEATHER SERVICE SAN DIEGO, CA
424 PM PST FRI NOV 21 2014


...................................

...THE RIVERSIDE MUNI AIRPORT CA CLIMATE SUMMARY FOR NOVEMBER 21 2014...
VALID TODAY AS OF 0400 PM LOCAL TIME.

CLIMATE NORMAL PERIOD 1981 TO 2010
CLIMATE RECORD PERIOD 1893 TO 2014


WEATHER ITEM   OBSERVED TIME   RECORD YEAR NORMAL DEPARTURE LAST
                VALUE   (LST)  VALUE       VALUE  FROM      YEAR
                                                  NORMAL
..................................................................
TEMPERATURE (F)
 TODAY
  MAXIMUM         72    258 PM  95    1924  72      0       62
  MINIMUM         55    630 AM  27    1906  46      9       56
  AVERAGE         64                        59      5       59

PRECIPITATION (IN)
  TODAY            0.02          0.92 1996   0.03  -0.01     0.49
  MONTH TO DATE    0.28                      0.68  -0.40     0.52
  SINCE JUL 1      0.65                      1.36  -0.71     0.99
  SINCE JAN 1      2.37                     10.55  -8.18     3.20

SNOWFALL (IN)
  TODAY            0.0
  MONTH TO DATE    0.0
  SINCE JAN 1      0.0
  SINCE JUL 1      0.0
  SNOW DEPTH       0

DEGREE DAYS
 HEATING
  TODAY            1                         7     -6        6
  MONTH TO DATE   39                        95    -56       49
  SINCE SEP 1     40                       130    -90       88
  SINCE JUL 1     40                       130    -90       88

 COOLING
  TODAY            0                         0      0        0
  MONTH TO DATE   37                        24     13       29
  SINCE SEP 1    741                       495    246      517
  SINCE JAN 1   2332                      1753    579     1986
..................................................................


WIND (MPH)
  RESULTANT WIND SPEED   1   RESULTANT WIND DIRECTION   W (270)
  HIGHEST WIND SPEED    10   HIGHEST WIND DIRECTION     W (270)
  HIGHEST GUST SPEED    14   HIGHEST GUST DIRECTION     W (280)
  AVERAGE WIND SPEED     1.7


SKY COVER
  POSSIBLE SUNSHINE  MM
  AVERAGE SKY COVER 0.5


WEATHER CONDITIONS
 THE FOLLOWING WEATHER WAS RECORDED TODAY.
  THUNDERSTORM
  RAIN
  LIGHT RAIN
  FOG


RELATIVE HUMIDITY (PERCENT)
 HIGHEST    93           600 AM
 LOWEST     38           200 PM
 AVERAGE    66

..........................................................


THE RIVERSIDE MUNI AIRPORT CA CLIMATE NORMALS FOR TOMORROW
                         NORMAL    RECORD    YEAR
 MAXIMUM TEMPERATURE (F)   72        90      1924
                                             1917
 MINIMUM TEMPERATURE (F)   45        29      1941


SUNRISE AND SUNSET
NOVEMBER 21 2014......SUNRISE   628 AM PST   SUNSET   443 PM PST
NOVEMBER 22 2014......SUNRISE   629 AM PST   SUNSET   443 PM PST


-  INDICATES NEGATIVE NUMBERS.
R  INDICATES RECORD WAS SET OR TIED.
MM INDICATES DATA IS MISSING.
T  INDICATES TRACE AMOUNT.




$$
