000
CDUS46 KSGX 281419
CLIRAL


CLIMATE REPORT
NATIONAL WEATHER SERVICE SAN DIEGO, CA
619 AM PST WED JAN 28 2015


...................................

...THE RIVERSIDE MUNI AIRPORT CA CLIMATE SUMMARY FOR JANUARY 27 2015...

CLIMATE NORMAL PERIOD 1981 TO 2010
CLIMATE RECORD PERIOD 1893 TO 2015


WEATHER ITEM   OBSERVED TIME   RECORD YEAR NORMAL DEPARTURE LAST
                VALUE   (LST)  VALUE       VALUE  FROM      YEAR
                                                  NORMAL
..................................................................
TEMPERATURE (F)
 YESTERDAY
  MAXIMUM         71    324 PM  87    1986  67      4       71
  MINIMUM         53   1145 PM  22    1950  44      9       48
  AVERAGE         62                        55      7       60

PRECIPITATION (IN)
  YESTERDAY        0.01          1.67 1916   0.02  -0.01     0.00
  MONTH TO DATE    0.55                      2.64  -2.09     0.00
  SINCE OCT 1      3.78                      5.45  -1.67     0.99
  SINCE JAN 1      0.55                      2.64  -2.09     0.00

SNOWFALL (IN)
  YESTERDAY        0.0
  MONTH TO DATE    0.0
  SINCE JAN 1      0.0
  SINCE JUL 1      0.0
  SNOW DEPTH       0

DEGREE DAYS
 HEATING
  YESTERDAY        3                        10     -7        5
  MONTH TO DATE  181                       274    -93      108
  SINCE DEC 1    440                       600   -160      353
  SINCE JUL 1    504                       800   -296      496

 COOLING
  YESTERDAY        0                         0      0        0
  MONTH TO DATE    5                         0      5       16
  SINCE DEC 1     10                         2      8       26
  SINCE JAN 1      5                         0      5       16
..................................................................


WIND (MPH)
  RESULTANT WIND SPEED   1   RESULTANT WIND DIRECTION   W (250)
  HIGHEST WIND SPEED    10   HIGHEST WIND DIRECTION     W (250)
  HIGHEST GUST SPEED    12   HIGHEST GUST DIRECTION    SW (240)
  AVERAGE WIND SPEED     2.3


SKY COVER
  POSSIBLE SUNSHINE  MM
  AVERAGE SKY COVER 0.5


WEATHER CONDITIONS
 THE FOLLOWING WEATHER WAS RECORDED YESTERDAY.
  LIGHT RAIN
  FOG


RELATIVE HUMIDITY (PERCENT)
 HIGHEST   100          1200 AM
 LOWEST     47           100 PM
 AVERAGE    74

..........................................................


THE RIVERSIDE MUNI AIRPORT CA CLIMATE NORMALS FOR TODAY
                         NORMAL    RECORD    YEAR
 MAXIMUM TEMPERATURE (F)   66        87      2003
 MINIMUM TEMPERATURE (F)   44        24      1950


SUNRISE AND SUNSET
JANUARY 28 2015.......SUNRISE   649 AM PST   SUNSET   516 PM PST
JANUARY 29 2015.......SUNRISE   649 AM PST   SUNSET   517 PM PST


-  INDICATES NEGATIVE NUMBERS.
R  INDICATES RECORD WAS SET OR TIED.
MM INDICATES DATA IS MISSING.
T  INDICATES TRACE AMOUNT.




$$
