000
CDUS46 KSGX 271132
CLIRAL


CLIMATE REPORT
NATIONAL WEATHER SERVICE SAN DIEGO, CA
431 AM PDT SAT MAY 27 2017


...................................

...THE RIVERSIDE MUNI AIRPORT CA CLIMATE SUMMARY FOR MAY 26 2017...

CLIMATE NORMAL PERIOD 1981 TO 2010
CLIMATE RECORD PERIOD 1893 TO 2017


WEATHER ITEM   OBSERVED TIME   RECORD YEAR NORMAL DEPARTURE LAST
                VALUE   (LST)  VALUE       VALUE  FROM      YEAR
                                                  NORMAL
..................................................................
TEMPERATURE (F)
 YESTERDAY
  MAXIMUM         76    148 PM 101    1968  81     -5       78
  MINIMUM         58    514 AM  37    1953  57      1       53
  AVERAGE         67                        69     -2       66

PRECIPITATION (IN)
  YESTERDAY        0.00          0.31 1931   0.00   0.00     0.00
  MONTH TO DATE    0.02                      0.30  -0.28     0.18
  SINCE OCT 1     13.21                     11.90   1.31     5.45
  SINCE JAN 1      7.95                      9.09  -1.14     4.28

DEGREE DAYS
 HEATING
  YESTERDAY        0                         0      0        0
  MONTH TO DATE   41                        22     19       20
  SINCE MAR 1    170                       334   -164      155
  SINCE JUL 1   1134                      1442   -308     1032

 COOLING
  YESTERDAY        2                         4     -2        1
  MONTH TO DATE  120                        91     29       71
  SINCE MAR 1    258                       145    113      184
  SINCE JAN 1    258                       154    104      260
..................................................................


WIND (MPH)
  RESULTANT WIND SPEED   5   RESULTANT WIND DIRECTION   W (270)
  HIGHEST WIND SPEED    20   HIGHEST WIND DIRECTION     W (260)
  HIGHEST GUST SPEED    25   HIGHEST GUST DIRECTION     W (270)
  AVERAGE WIND SPEED     6.8


SKY COVER
  POSSIBLE SUNSHINE  MM
  AVERAGE SKY COVER 0.5


WEATHER CONDITIONS
 THE FOLLOWING WEATHER WAS RECORDED YESTERDAY.
  NO SIGNIFICANT WEATHER WAS OBSERVED.


RELATIVE HUMIDITY (PERCENT)
 HIGHEST    80           100 AM
 LOWEST     38           200 PM
 AVERAGE    59

..........................................................


THE RIVERSIDE MUNI AIRPORT CA CLIMATE NORMALS FOR TODAY
                         NORMAL    RECORD    YEAR
 MAXIMUM TEMPERATURE (F)   81       102      2000
 MINIMUM TEMPERATURE (F)   57        38      1953


SUNRISE AND SUNSET
MAY 27 2017...........SUNRISE   541 AM PDT   SUNSET   753 PM PDT
MAY 28 2017...........SUNRISE   541 AM PDT   SUNSET   754 PM PDT


-  INDICATES NEGATIVE NUMBERS.
R  INDICATES RECORD WAS SET OR TIED.
MM INDICATES DATA IS MISSING.
T  INDICATES TRACE AMOUNT.




$$
