000
CDUS46 KSGX 281417
CLIRAL


CLIMATE REPORT
NATIONAL WEATHER SERVICE SAN DIEGO, CA
617 AM PST FRI NOV 28 2014


...................................

...THE RIVERSIDE MUNI AIRPORT CA CLIMATE SUMMARY FOR NOVEMBER 27 2014...

CLIMATE NORMAL PERIOD 1981 TO 2010
CLIMATE RECORD PERIOD 1893 TO 2014


WEATHER ITEM   OBSERVED TIME   RECORD YEAR NORMAL DEPARTURE LAST
                VALUE   (LST)  VALUE       VALUE  FROM      YEAR
                                                  NORMAL
..................................................................
TEMPERATURE (F)
 YESTERDAY
  MAXIMUM         91R   209 PM  89    1945  70     21       75
  MINIMUM         53    625 AM  29    1952  44      9       51
  AVERAGE         72                        57     15       63

PRECIPITATION (IN)
  YESTERDAY        0.00          1.00 1981   0.03  -0.03     0.00
  MONTH TO DATE    0.28                      0.89  -0.61     0.52
  SINCE JUL 1      0.65                      1.57  -0.92     0.99
  SINCE JAN 1      2.37                     10.76  -8.39     3.20

SNOWFALL (IN)
  YESTERDAY        0.0
  MONTH TO DATE    0.0
  SINCE JAN 1      0.0
  SINCE JUL 1      0.0
  SNOW DEPTH       0

DEGREE DAYS
 HEATING
  YESTERDAY        0                         8     -8        2
  MONTH TO DATE   54                       140    -86       89
  SINCE SEP 1     55                       175   -120      128
  SINCE JUL 1     55                       175   -120      128

 COOLING
  YESTERDAY        7                         0      7        0
  MONTH TO DATE   47                        24     23       29
  SINCE SEP 1    751                       495    256      517
  SINCE JAN 1   2342                      1753    589     1986
..................................................................


WIND (MPH)
  RESULTANT WIND SPEED   2   RESULTANT WIND DIRECTION  NE (50)
  HIGHEST WIND SPEED     8   HIGHEST WIND DIRECTION    NE (60)
  HIGHEST GUST SPEED    11   HIGHEST GUST DIRECTION    NE (40)
  AVERAGE WIND SPEED     3.6


SKY COVER
  POSSIBLE SUNSHINE  MM
  AVERAGE SKY COVER 0.0


WEATHER CONDITIONS
 THE FOLLOWING WEATHER WAS RECORDED YESTERDAY.
  NO SIGNIFICANT WEATHER WAS OBSERVED.


RELATIVE HUMIDITY (PERCENT)
 HIGHEST    38           200 AM
 LOWEST      6           100 PM
 AVERAGE    22

..........................................................


THE RIVERSIDE MUNI AIRPORT CA CLIMATE NORMALS FOR TODAY
                         NORMAL    RECORD    YEAR
 MAXIMUM TEMPERATURE (F)   70        86      1937
                                             1924
 MINIMUM TEMPERATURE (F)   44        28      1919


SUNRISE AND SUNSET
NOVEMBER 28 2014......SUNRISE   634 AM PST   SUNSET   441 PM PST
NOVEMBER 29 2014......SUNRISE   635 AM PST   SUNSET   441 PM PST


-  INDICATES NEGATIVE NUMBERS.
R  INDICATES RECORD WAS SET OR TIED.
MM INDICATES DATA IS MISSING.
T  INDICATES TRACE AMOUNT.




$$
