000
CDUS46 KSGX 271419
CLIRAL


CLIMATE REPORT
NATIONAL WEATHER SERVICE SAN DIEGO, CA
719 AM PDT TUE SEP 27 2016


...................................

...THE RIVERSIDE MUNI AIRPORT CA CLIMATE SUMMARY FOR SEPTEMBER 26 2016...

CLIMATE NORMAL PERIOD 1981 TO 2010
CLIMATE RECORD PERIOD 1893 TO 2016


WEATHER ITEM   OBSERVED TIME   RECORD YEAR NORMAL DEPARTURE LAST
                VALUE   (LST)  VALUE       VALUE  FROM      YEAR
                                                  NORMAL
..................................................................
TEMPERATURE (F)
 YESTERDAY
  MAXIMUM        102   1222 PM 110    2010  87     15       99
                                      1921
  MINIMUM         65    548 AM  39    1948  60      5       70
  AVERAGE         84                        74     10       85

PRECIPITATION (IN)
  YESTERDAY        0.00          0.32 1982   0.01  -0.01     0.00
  MONTH TO DATE    T                         0.20  -0.20     1.87
  SINCE OCT 1      5.45                     12.35  -6.90     9.57
  SINCE JAN 1      4.28                      9.54  -5.26     6.34

DEGREE DAYS
 HEATING
  YESTERDAY        0                         0      0        0
  MONTH TO DATE    0                         0      0        0
  SINCE SEP 1      0                         0      0        0
  SINCE JUL 1      0                         0      0        0

 COOLING
  YESTERDAY       19                         9     10       20
  MONTH TO DATE  281                       301    -20      417
  SINCE SEP 1    281                       301    -20      417
  SINCE JAN 1   1950                      1559    391     2020
..................................................................


WIND (MPH)
  RESULTANT WIND SPEED   2   RESULTANT WIND DIRECTION   E (90)
  HIGHEST WIND SPEED    15   HIGHEST WIND DIRECTION     S (160)
  HIGHEST GUST SPEED    19   HIGHEST GUST DIRECTION    SE (140)
  AVERAGE WIND SPEED     4.8


SKY COVER
  POSSIBLE SUNSHINE  MM
  AVERAGE SKY COVER 0.1


WEATHER CONDITIONS
 THE FOLLOWING WEATHER WAS RECORDED YESTERDAY.
  HAZE


RELATIVE HUMIDITY (PERCENT)
 HIGHEST    32           600 AM
 LOWEST      8           400 PM
 AVERAGE    20

..........................................................


THE RIVERSIDE MUNI AIRPORT CA CLIMATE NORMALS FOR TODAY
                         NORMAL    RECORD    YEAR
 MAXIMUM TEMPERATURE (F)   87       113      2010
 MINIMUM TEMPERATURE (F)   60        40      1948


SUNRISE AND SUNSET
SEPTEMBER 27 2016.....SUNRISE   642 AM PDT   SUNSET   639 PM PDT
SEPTEMBER 28 2016.....SUNRISE   642 AM PDT   SUNSET   637 PM PDT


-  INDICATES NEGATIVE NUMBERS.
R  INDICATES RECORD WAS SET OR TIED.
MM INDICATES DATA IS MISSING.
T  INDICATES TRACE AMOUNT.




$$
