000
CDUS43 KUNR 260036
CLIRAP


CLIMATE REPORT
NATIONAL WEATHER SERVICE RAPID CITY SD
535 PM MST SUN JAN 25 2015


...................................

...THE RAPID CITY AIRPORT SD CLIMATE SUMMARY FOR JANUARY 25 2015...
VALID TODAY AS OF 0500 PM LOCAL TIME.

CLIMATE NORMAL PERIOD 1981 TO 2010
CLIMATE RECORD PERIOD 1942 TO 2015


WEATHER ITEM   OBSERVED TIME   RECORD YEAR NORMAL DEPARTURE LAST
                VALUE   (LST)  VALUE       VALUE  FROM      YEAR
                                                  NORMAL
..................................................................
TEMPERATURE (F)
 TODAY
  MAXIMUM         50    303 PM  66    2006  37     13       61
  MINIMUM         29    700 AM -21    1957  13     16       36
  AVERAGE         40                        25     15       49

PRECIPITATION (IN)
  TODAY            0.00          0.18 1944   0.01  -0.01      T
  MONTH TO DATE    0.13                      0.25  -0.12     0.21
  SINCE DEC 1      0.55                      0.67  -0.12     0.77
  SINCE JAN 1      0.13                      0.25  -0.12     0.21

SNOWFALL (IN)
  TODAY            0.0           2.0  1944   0.1   -0.1      0.0
  MONTH TO DATE    2.4                       3.5   -1.1      3.0
  SINCE DEC 1     11.5                       8.9    2.6     11.6
  SINCE JUL 1     27.0                      16.7   10.3     36.4
  SNOW DEPTH       0

DEGREE DAYS
 HEATING
  TODAY           25                        40    -15       16
  MONTH TO DATE  992                      1002    -10      928
  SINCE DEC 1   2122                      2243   -121     2351
  SINCE JUL 1   3930                      3918     12     4071

 COOLING
  TODAY            0                         0      0        0
  MONTH TO DATE    0                         0      0        0
  SINCE DEC 1      0                         0      0        0
  SINCE JAN 1      0                         0      0        0
..................................................................


WIND (MPH)
  HIGHEST WIND SPEED    24   HIGHEST WIND DIRECTION    NW (330)
  HIGHEST GUST SPEED    31   HIGHEST GUST DIRECTION    NW (310)
  AVERAGE WIND SPEED    11.8


SKY COVER
  AVERAGE SKY COVER 0.3


WEATHER CONDITIONS
 THE FOLLOWING WEATHER WAS RECORDED TODAY.
  NO SIGNIFICANT WEATHER WAS OBSERVED.


RELATIVE HUMIDITY (PERCENT)
 HIGHEST    75           700 AM
 LOWEST     31          1200 PM
 AVERAGE    53

..........................................................


THE RAPID CITY AIRPORT SD CLIMATE NORMALS FOR TOMORROW
                         NORMAL    RECORD    YEAR
 MAXIMUM TEMPERATURE (F)   37        65      2002
 MINIMUM TEMPERATURE (F)   13       -23      1957


SUNRISE AND SUNSET
JANUARY 25 2015.......SUNRISE   717 AM MST   SUNSET   453 PM MST
JANUARY 26 2015.......SUNRISE   716 AM MST   SUNSET   454 PM MST


-  INDICATES NEGATIVE NUMBERS.
R  INDICATES RECORD WAS SET OR TIED.
MM INDICATES DATA IS MISSING.
T  INDICATES TRACE AMOUNT.




$$
