000
CDUS43 KUNR 301850
CLIRAP


CLIMATE REPORT
NATIONAL WEATHER SERVICE RAPID CITY SD
1250 PM MDT SAT MAY 30 2015


...................................

...THE RAPID CITY AIRPORT SD CLIMATE SUMMARY FOR MAY 30 2015...
VALID AS OF 1100 AM LOCAL TIME.

CLIMATE NORMAL PERIOD 1981 TO 2010
CLIMATE RECORD PERIOD 1942 TO 2015


WEATHER ITEM   OBSERVED TIME   RECORD YEAR NORMAL DEPARTURE LAST
                VALUE   (LST)  VALUE       VALUE  FROM      YEAR
                                                  NORMAL
..................................................................
TEMPERATURE (F)
 TODAY
  MAXIMUM         58   1059 AM  91    1969  72    -14       65
  MINIMUM         34    322 AM  30    1947  47    -13       57
  AVERAGE         46                        59    -13       61

PRECIPITATION (IN)
  TODAY            0.00          1.19 1996   0.12  -0.12     0.28
  MONTH TO DATE    6.86                      3.11   3.75     1.44
  SINCE MAR 1      7.62                      5.84   1.78     4.80
  SINCE JAN 1      8.05                      6.58   1.47     5.29

SNOWFALL (IN)
  TODAY            0.0           0.0    MM   0.0    0.0      0.0
  MONTH TO DATE   13.0                       1.1   11.9      0.1
  SINCE MAR 1     14.2                      17.7   -3.5     20.8
  SINCE JUL 1     49.2                      41.1    8.1     63.8
  SNOW DEPTH       0

DEGREE DAYS
 HEATING
  TODAY           19                         7     12        4
  MONTH TO DATE  398                       319     79      343
  SINCE MAR 1   1680                      1838   -158     2006
  SINCE JUL 1   6788                      7048   -260     7639

 COOLING
  TODAY            0                         1     -1        0
  MONTH TO DATE    0                         6     -6       18
  SINCE MAR 1      0                         8     -8       18
  SINCE JAN 1      0                         8     -8       18
..................................................................


WIND (MPH)
  HIGHEST WIND SPEED    21   HIGHEST WIND DIRECTION     S (170)
  HIGHEST GUST SPEED    27   HIGHEST GUST DIRECTION    SE (150)
  AVERAGE WIND SPEED     8.4


SKY COVER
  AVERAGE SKY COVER 0.1


WEATHER CONDITIONS
 THE FOLLOWING WEATHER WAS RECORDED TODAY.
  NO SIGNIFICANT WEATHER WAS OBSERVED.


RELATIVE HUMIDITY (PERCENT)
 HIGHEST    92          1200 AM
 LOWEST     61          1000 AM
 AVERAGE    77

..........................................................


THE RAPID CITY AIRPORT SD CLIMATE NORMALS FOR TOMORROW
                         NORMAL    RECORD    YEAR
 MAXIMUM TEMPERATURE (F)   72        89      1960
 MINIMUM TEMPERATURE (F)   47        33      1982


SUNRISE AND SUNSET
MAY 30 2015...........SUNRISE   514 AM MDT   SUNSET   827 PM MDT
MAY 31 2015...........SUNRISE   513 AM MDT   SUNSET   827 PM MDT


-  INDICATES NEGATIVE NUMBERS.
R  INDICATES RECORD WAS SET OR TIED.
MM INDICATES DATA IS MISSING.
T  INDICATES TRACE AMOUNT.




$$
