000
CDUS43 KUNR 110047
CLIRAP


CLIMATE REPORT
NATIONAL WEATHER SERVICE RAPID CITY SD
546 PM MST SAT DEC 10 2016


...................................

...THE RAPID CITY AIRPORT SD CLIMATE SUMMARY FOR DECEMBER 10 2016...
VALID TODAY AS OF 0500 PM LOCAL TIME.

CLIMATE NORMAL PERIOD 1981 TO 2010
CLIMATE RECORD PERIOD 1942 TO 2016


WEATHER ITEM   OBSERVED TIME   RECORD YEAR NORMAL DEPARTURE LAST
                VALUE   (LST)  VALUE       VALUE  FROM      YEAR
                                                  NORMAL
..................................................................
TEMPERATURE (F)
 TODAY
  MAXIMUM          8    255 PM  68    1987  37    -29       52
  MINIMUM          0    544 AM -14    1972  13    -13       27
  AVERAGE          4                        25    -21       40

PRECIPITATION (IN)
  TODAY            0.02          0.10 1970   0.02   0.00     0.00
                                      1962
  MONTH TO DATE    0.03                      0.13  -0.10     0.14
  SINCE DEC 1      0.03                      0.13  -0.10     0.14
  SINCE JAN 1     12.53                     16.00  -3.47    24.76

SNOWFALL (IN)
  TODAY           MM             1.4  2000   0.2   MM        0.0
  MONTH TO DATE    0.4                       1.8   -1.4      2.5
  SINCE DEC 1      0.4                       1.8   -1.4      2.5
  SINCE JUL 1      3.2                       9.6   -6.4      9.1
  SNOW DEPTH       0

DEGREE DAYS
 HEATING
  TODAY           61                        40     21       25
  MONTH TO DATE  475                       387     88      266
  SINCE DEC 1    475                       387     88      266
  SINCE JUL 1   1698                      2062   -364     1711

 COOLING
  TODAY            0                         0      0        0
  MONTH TO DATE    0                         0      0        0
  SINCE DEC 1      0                         0      0        0
  SINCE JAN 1    646                       636     10      577
..................................................................


WIND (MPH)
  HIGHEST WIND SPEED    21   HIGHEST WIND DIRECTION    SE (150)
  HIGHEST GUST SPEED    26   HIGHEST GUST DIRECTION    SE (150)
  AVERAGE WIND SPEED    10.1


SKY COVER
  AVERAGE SKY COVER 1.0


WEATHER CONDITIONS
 THE FOLLOWING WEATHER WAS RECORDED TODAY.
  LIGHT SNOW
  FOG
  HAZE


RELATIVE HUMIDITY (PERCENT)
 HIGHEST    95           900 AM
 LOWEST     73           200 PM
 AVERAGE    84

..........................................................


THE RAPID CITY AIRPORT SD CLIMATE NORMALS FOR TOMORROW
                         NORMAL    RECORD    YEAR
 MAXIMUM TEMPERATURE (F)   37        71      2014
 MINIMUM TEMPERATURE (F)   13       -19      2000


SUNRISE AND SUNSET
DECEMBER 10 2016......SUNRISE   717 AM MST   SUNSET   414 PM MST
DECEMBER 11 2016......SUNRISE   717 AM MST   SUNSET   414 PM MST


-  INDICATES NEGATIVE NUMBERS.
R  INDICATES RECORD WAS SET OR TIED.
MM INDICATES DATA IS MISSING.
T  INDICATES TRACE AMOUNT.




$$
