000
CDUS43 KUNR 260836
CLIRAP


CLIMATE REPORT
NATIONAL WEATHER SERVICE RAPID CITY SD
232 AM MDT SAT JUL 26 2014


...................................

...THE RAPID CITY AIRPORT SD CLIMATE SUMMARY FOR JULY 25 2014...

CLIMATE NORMAL PERIOD 1981 TO 2010
CLIMATE RECORD PERIOD 1942 TO 2014


WEATHER ITEM   OBSERVED TIME   RECORD YEAR NORMAL DEPARTURE LAST
                VALUE   (LST)  VALUE       VALUE  FROM      YEAR
                                                  NORMAL
..................................................................
TEMPERATURE (F)
 YESTERDAY
  MAXIMUM         81    242 PM 105    1987  89     -8       84
  MINIMUM         62   1000 PM  47    1996  59      3       57
                                      1971
  AVERAGE         72                        74     -2       71

PRECIPITATION (IN)
  YESTERDAY        0.00          1.31 1981   0.07  -0.07     0.05
  MONTH TO DATE    1.93                      1.45   0.48     1.66
  SINCE JUN 1      7.18                      3.98   3.20     3.82
  SINCE JAN 1     12.57                     10.67   1.90    11.44

SNOWFALL (IN)
  YESTERDAY        0.0                       0.0    0.0      0.0
  MONTH TO DATE    0.0                       0.0    0.0      0.0
  SINCE JUN 1      0.0                       0.0    0.0      0.0
  SINCE JUL 1      0.0                       0.0    0.0      0.0
  SNOW DEPTH       0

DEGREE DAYS
 HEATING
  YESTERDAY        0                         0      0        0
  MONTH TO DATE   19                        10      9        0
  SINCE JUN 1    147                       109     38       80
  SINCE JUL 1     19                        10      9        0

 COOLING
  YESTERDAY        7                         9     -2        6
  MONTH TO DATE  151                       196    -45      246
  SINCE JUN 1    173                       280   -107      316
  SINCE JAN 1    193                       295   -102      324
..................................................................


WIND (MPH)
  HIGHEST WIND SPEED    31   HIGHEST WIND DIRECTION    NW (330)
  HIGHEST GUST SPEED    40   HIGHEST GUST DIRECTION    NW (330)
  AVERAGE WIND SPEED    11.1


SKY COVER
  AVERAGE SKY COVER 0.0


WEATHER CONDITIONS
 THE FOLLOWING WEATHER WAS RECORDED YESTERDAY.
  LIGHT RAIN


RELATIVE HUMIDITY (PERCENT)
 HIGHEST    78           100 AM
 LOWEST     31           900 AM
 AVERAGE    55

..........................................................


THE RAPID CITY AIRPORT SD CLIMATE NORMALS FOR TODAY
                         NORMAL    RECORD    YEAR
 MAXIMUM TEMPERATURE (F)   89       103      1987
 MINIMUM TEMPERATURE (F)   59        44      1971


SUNRISE AND SUNSET
JULY 26 2014..........SUNRISE   534 AM MDT   SUNSET   823 PM MDT
JULY 27 2014..........SUNRISE   535 AM MDT   SUNSET   822 PM MDT


-  INDICATES NEGATIVE NUMBERS.
R  INDICATES RECORD WAS SET OR TIED.
MM INDICATES DATA IS MISSING.
T  INDICATES TRACE AMOUNT.




$$
