000
CDUS43 KUNR 261831
CLIRAP


CLIMATE REPORT
NATIONAL WEATHER SERVICE RAPID CITY SD
1131 AM MST FRI DEC 26 2014


...................................

...THE RAPID CITY AIRPORT SD CLIMATE SUMMARY FOR DECEMBER 26 2014...
VALID AS OF 1100 AM LOCAL TIME.

CLIMATE NORMAL PERIOD 1981 TO 2010
CLIMATE RECORD PERIOD 1942 TO 2014


WEATHER ITEM   OBSERVED TIME   RECORD YEAR NORMAL DEPARTURE LAST
                VALUE   (LST)  VALUE       VALUE  FROM      YEAR
                                                  NORMAL
..................................................................
TEMPERATURE (F)
 TODAY
  MAXIMUM         22   1249 AM  62    1947  36    -14       47
                                      1946
  MINIMUM         19   1059 AM -23    1996  12      7       16
  AVERAGE         21                        24     -3       32

PRECIPITATION (IN)
  TODAY            T             0.26 1969   0.02  -0.02     0.00
  MONTH TO DATE    0.29                      0.35  -0.06     0.55
  SINCE DEC 1      0.29                      0.35  -0.06     0.55
  SINCE JAN 1     21.41                     16.22   5.19    21.69

SNOWFALL (IN)
  TODAY            T             3.6  1988   0.2   -0.2      0.0
  MONTH TO DATE    6.0                       4.6    1.4      8.5
  SINCE DEC 1      6.0                       4.6    1.4      8.5
  SINCE JUL 1     21.5                      12.4    9.1     33.3
  SNOW DEPTH       3

DEGREE DAYS
 HEATING
  TODAY           44                        41      3       33
  MONTH TO DATE  832                      1039   -207     1232
  SINCE DEC 1    832                      1039   -207     1232
  SINCE JUL 1   2640                      2714    -74     2952

 COOLING
  TODAY            0                         0      0        0
  MONTH TO DATE    0                         0      0        0
  SINCE DEC 1      0                         0      0        0
  SINCE JAN 1    424                       636   -212      724
..................................................................


WIND (MPH)
  HIGHEST WIND SPEED    21   HIGHEST WIND DIRECTION     N (350)
  HIGHEST GUST SPEED    24   HIGHEST GUST DIRECTION     N (360)
  AVERAGE WIND SPEED    11.7


SKY COVER
  AVERAGE SKY COVER 1.0


WEATHER CONDITIONS
 THE FOLLOWING WEATHER WAS RECORDED TODAY.
  LIGHT SNOW


RELATIVE HUMIDITY (PERCENT)
 HIGHEST    91           300 AM
 LOWEST     77           800 AM
 AVERAGE    84

..........................................................


THE RAPID CITY AIRPORT SD CLIMATE NORMALS FOR TOMORROW
                         NORMAL    RECORD    YEAR
 MAXIMUM TEMPERATURE (F)   36        59      1980
 MINIMUM TEMPERATURE (F)   12       -10      1988


SUNRISE AND SUNSET
DECEMBER 26 2014......SUNRISE   726 AM MST   SUNSET   420 PM MST
DECEMBER 27 2014......SUNRISE   726 AM MST   SUNSET   421 PM MST


-  INDICATES NEGATIVE NUMBERS.
R  INDICATES RECORD WAS SET OR TIED.
MM INDICATES DATA IS MISSING.
T  INDICATES TRACE AMOUNT.




$$
