000
CDUS46 KMFR 270835
CLIRBG


CLIMATE REPORT
NATIONAL WEATHER SERVICE MEDFORD, OR
135 AM PDT TUE SEP 27 2016


...................................

...THE ROSEBURG OR CLIMATE SUMMARY FOR SEPTEMBER 26 2016...

CLIMATE NORMAL PERIOD 1981 TO 2010
CLIMATE RECORD PERIOD 1931 TO 2016


WEATHER ITEM   OBSERVED TIME   RECORD YEAR NORMAL DEPARTURE LAST
                VALUE   (LST)  VALUE       VALUE  FROM      YEAR
                                                  NORMAL
..................................................................
TEMPERATURE (F)
 YESTERDAY
  MAXIMUM         95R   301 PM  94    2003  75     20       71
  MINIMUM         52    630 AM  35    1934  49      3       55
  AVERAGE         74                        62     12       63

PRECIPITATION (IN)
  YESTERDAY        0.00          1.11 1981   0.04  -0.04      T
  MONTH TO DATE    0.07                      0.78  -0.71     0.37
  SINCE OCT 1     38.52                     36.08   2.44    25.55
  SINCE JAN 1     19.33                     20.43  -1.10    11.27

SNOWFALL (IN)
  YESTERDAY       MM                        MM     MM       MM
  MONTH TO DATE   MM                        MM     MM       MM
  SINCE JUL 1     MM                        MM     MM        0.0
  SNOW DEPTH      MM

DEGREE DAYS
 HEATING
  YESTERDAY        0                         4     -4        2
  MONTH TO DATE   27                        49    -22       47
  SINCE SEP 1     27                        49    -22       47
  SINCE JUL 1     30                        70    -40       47

 COOLING
  YESTERDAY        9                         1      8        0
  MONTH TO DATE   60                        62     -2       79
  SINCE SEP 1     60                        62     -2       79
  SINCE JAN 1    721                       473    248      968
..................................................................


WIND (MPH)
  RESULTANT WIND SPEED   1   RESULTANT WIND DIRECTION   N (350)
  HIGHEST WIND SPEED    14   HIGHEST WIND DIRECTION    NW (310)
  HIGHEST GUST SPEED    20   HIGHEST GUST DIRECTION    NW (310)
  AVERAGE WIND SPEED     2.5


SKY COVER
  POSSIBLE SUNSHINE  MM
  AVERAGE SKY COVER 0.0


WEATHER CONDITIONS
 THE FOLLOWING WEATHER WAS RECORDED YESTERDAY.
  NO SIGNIFICANT WEATHER WAS OBSERVED.


RELATIVE HUMIDITY (PERCENT)
 HIGHEST    83           700 AM
 LOWEST     20           200 PM
 AVERAGE    52

..........................................................


THE ROSEBURG OR CLIMATE NORMALS FOR TODAY
                         NORMAL    RECORD    YEAR
 MAXIMUM TEMPERATURE (F)   75        98      2003
 MINIMUM TEMPERATURE (F)   49        36      1961


SUNRISE AND SUNSET
SEPTEMBER 27 2016.....SUNRISE   707 AM PDT   SUNSET   701 PM PDT
SEPTEMBER 28 2016.....SUNRISE   708 AM PDT   SUNSET   659 PM PDT


-  INDICATES NEGATIVE NUMBERS.
R  INDICATES RECORD WAS SET OR TIED.
MM INDICATES DATA IS MISSING.
T  INDICATES TRACE AMOUNT.




$$
