000
CDUS46 KMFR 210839
CLIRBG


CLIMATE REPORT
NATIONAL WEATHER SERVICE MEDFORD, OR
139 AM PDT TUE OCT 21 2014


...................................

...THE ROSEBURG OR CLIMATE SUMMARY FOR OCTOBER 20 2014...

CLIMATE NORMAL PERIOD 1981 TO 2010
CLIMATE RECORD PERIOD 1931 TO 2014


WEATHER ITEM   OBSERVED TIME   RECORD YEAR NORMAL DEPARTURE LAST
                VALUE   (LST)  VALUE       VALUE  FROM      YEAR
                                                  NORMAL
..................................................................
TEMPERATURE (F)
 YESTERDAY
  MAXIMUM         65    211 PM  83    2003  64      1       70
  MINIMUM         52   1159 PM  28    1949  44      8       46
  AVERAGE         59                        54      5       58

PRECIPITATION (IN)
  YESTERDAY        0.41          0.72 1934   0.09   0.32     0.00
  MONTH TO DATE    1.52                      1.30   0.22     0.37
  SINCE SEP 1      3.04                      2.26   0.78     4.21
  SINCE JAN 1     19.69                     21.91  -2.22    12.75

SNOWFALL (IN)
  YESTERDAY       MM                        MM     MM       MM
  MONTH TO DATE   MM                        MM     MM       MM
  SINCE JUL 1     MM                        MM     MM       MM
  SNOW DEPTH      MM

DEGREE DAYS
 HEATING
  YESTERDAY        6                        11     -5        7
  MONTH TO DATE   38                       158   -120      205
  SINCE SEP 1     51                       226   -175      282
  SINCE JUL 1     58                       247   -189      283

 COOLING
  YESTERDAY        0                         0      0        0
  MONTH TO DATE   34                         2     32        0
  SINCE SEP 1    181                        67    114      121
  SINCE JAN 1    914                       478    436      823
..................................................................


WIND (MPH)
  RESULTANT WIND SPEED   3   RESULTANT WIND DIRECTION  SE (150)
  HIGHEST WIND SPEED    12   HIGHEST WIND DIRECTION    SE (150)
  HIGHEST GUST SPEED    15   HIGHEST GUST DIRECTION    SE (150)
  AVERAGE WIND SPEED     3.2


SKY COVER
  POSSIBLE SUNSHINE  MM
  AVERAGE SKY COVER 0.8


WEATHER CONDITIONS
 THE FOLLOWING WEATHER WAS RECORDED YESTERDAY.
  HEAVY RAIN
  RAIN
  LIGHT RAIN
  FOG


RELATIVE HUMIDITY (PERCENT)
 HIGHEST    93           600 AM
 LOWEST     60           400 PM
 AVERAGE    77

..........................................................


THE ROSEBURG OR CLIMATE NORMALS FOR TODAY
                         NORMAL    RECORD    YEAR
 MAXIMUM TEMPERATURE (F)   64        83      2003
 MINIMUM TEMPERATURE (F)   44        30      1949


SUNRISE AND SUNSET
OCTOBER 21 2014.......SUNRISE   735 AM PDT   SUNSET   621 PM PDT
OCTOBER 22 2014.......SUNRISE   736 AM PDT   SUNSET   619 PM PDT


-  INDICATES NEGATIVE NUMBERS.
R  INDICATES RECORD WAS SET OR TIED.
MM INDICATES DATA IS MISSING.
T  INDICATES TRACE AMOUNT.




$$
