000
CDUS46 KMFR 280836
CLIRBG


CLIMATE REPORT
NATIONAL WEATHER SERVICE MEDFORD, OR
136 AM PDT SAT MAY 28 2016


...................................

...THE ROSEBURG OR CLIMATE SUMMARY FOR MAY 27 2016...

CLIMATE NORMAL PERIOD 1981 TO 2010
CLIMATE RECORD PERIOD 1931 TO 2016


WEATHER ITEM   OBSERVED TIME   RECORD YEAR NORMAL DEPARTURE LAST
                VALUE   (LST)  VALUE       VALUE  FROM      YEAR
                                                  NORMAL
..................................................................
TEMPERATURE (F)
 YESTERDAY
  MAXIMUM         69    333 PM  90    2005  72     -3       83
  MINIMUM         49    517 AM  32    1954  49      0       50
  AVERAGE         59                        60     -1       67

PRECIPITATION (IN)
  YESTERDAY        0.00          0.93 1947   0.06  -0.06     0.00
  MONTH TO DATE    0.85                      2.02  -1.17     0.18
  SINCE OCT 1     36.82                     33.03   3.79    24.66
  SINCE JAN 1     17.63                     17.38   0.25    10.38

SNOWFALL (IN)
  YESTERDAY       MM                        MM     MM       MM
  MONTH TO DATE   MM                        MM     MM       MM
  SINCE JUL 1      0.0                      MM     MM        0.0
  SNOW DEPTH      MM

DEGREE DAYS
 HEATING
  YESTERDAY        6                         5      1        0
  MONTH TO DATE  113                       198    -85      114
  SINCE MAR 1    731                      1093   -362      777
  SINCE JUL 1   3084                      3962   -878     2834

 COOLING
  YESTERDAY        0                         1     -1        2
  MONTH TO DATE   19                        15      4        4
  SINCE MAR 1     37                        16     21        5
  SINCE JAN 1     37                        16     21        5
..................................................................


WIND (MPH)
  RESULTANT WIND SPEED   4   RESULTANT WIND DIRECTION   N (10)
  HIGHEST WIND SPEED    14   HIGHEST WIND DIRECTION     N (360)
  HIGHEST GUST SPEED    20   HIGHEST GUST DIRECTION     N (10)
  AVERAGE WIND SPEED     5.4


SKY COVER
  POSSIBLE SUNSHINE  MM
  AVERAGE SKY COVER 0.5


WEATHER CONDITIONS
 THE FOLLOWING WEATHER WAS RECORDED YESTERDAY.
  HAZE


RELATIVE HUMIDITY (PERCENT)
 HIGHEST    74           400 AM
 LOWEST     32           300 PM
 AVERAGE    53

..........................................................


THE ROSEBURG OR CLIMATE NORMALS FOR TODAY
                         NORMAL    RECORD    YEAR
 MAXIMUM TEMPERATURE (F)   72        90      2009
                                             2005
 MINIMUM TEMPERATURE (F)   49        37      1951


SUNRISE AND SUNSET
MAY 28 2016...........SUNRISE   538 AM PDT   SUNSET   844 PM PDT
MAY 29 2016...........SUNRISE   538 AM PDT   SUNSET   845 PM PDT


-  INDICATES NEGATIVE NUMBERS.
R  INDICATES RECORD WAS SET OR TIED.
MM INDICATES DATA IS MISSING.
T  INDICATES TRACE AMOUNT.




$$
