474
CDUS46 KMFR 290836
CLIRBG


CLIMATE REPORT
NATIONAL WEATHER SERVICE MEDFORD, OR
136 AM PDT MON AUG 29 2016


...................................

...THE ROSEBURG OR CLIMATE SUMMARY FOR AUGUST 28 2016...

CLIMATE NORMAL PERIOD 1981 TO 2010
CLIMATE RECORD PERIOD 1931 TO 2016


WEATHER ITEM   OBSERVED TIME   RECORD YEAR NORMAL DEPARTURE LAST
                VALUE   (LST)  VALUE       VALUE  FROM      YEAR
                                                  NORMAL
..................................................................
TEMPERATURE (F)
 YESTERDAY
  MAXIMUM         91    349 PM  98    1931  83      8       88
  MINIMUM         56    550 AM  42    1965  54      2       66
                                      1960
  AVERAGE         74                        69      5       77

PRECIPITATION (IN)
  YESTERDAY        0.00          0.21 1979   0.03  -0.03     0.00
  MONTH TO DATE    0.00                      0.39  -0.39     0.01
  SINCE OCT 1     38.45                     35.22   3.23    24.96
  SINCE JAN 1     19.26                     19.57  -0.31    10.68

SNOWFALL (IN)
  YESTERDAY       MM                        MM     MM       MM
  MONTH TO DATE   MM                        MM     MM       MM
  SINCE JUL 1     MM                        MM     MM        0.0
  SNOW DEPTH      MM

DEGREE DAYS
 HEATING
  YESTERDAY        0                         1     -1        0
  MONTH TO DATE    0                         3     -3        0
  SINCE JUN 1     67                        97    -30       12
  SINCE JUL 1      3                        14    -11        0

 COOLING
  YESTERDAY        9                         4      5       12
  MONTH TO DATE  277                       155    122      266
  SINCE JUN 1    607                       378    229      847
  SINCE JAN 1    650                       398    252      877
..................................................................


WIND (MPH)
  RESULTANT WIND SPEED   3   RESULTANT WIND DIRECTION   N (350)
  HIGHEST WIND SPEED    15   HIGHEST WIND DIRECTION    NW (330)
  HIGHEST GUST SPEED    19   HIGHEST GUST DIRECTION    NW (330)
  AVERAGE WIND SPEED     4.0


SKY COVER
  POSSIBLE SUNSHINE  MM
  AVERAGE SKY COVER 0.0


WEATHER CONDITIONS
 THE FOLLOWING WEATHER WAS RECORDED YESTERDAY.
  NO SIGNIFICANT WEATHER WAS OBSERVED.


RELATIVE HUMIDITY (PERCENT)
 HIGHEST    80           400 AM
 LOWEST     26           200 PM
 AVERAGE    53

..........................................................


THE ROSEBURG OR CLIMATE NORMALS FOR TODAY
                         NORMAL    RECORD    YEAR
 MAXIMUM TEMPERATURE (F)   83       101      1934
 MINIMUM TEMPERATURE (F)   54        42      1957


SUNRISE AND SUNSET
AUGUST 29 2016........SUNRISE   635 AM PDT   SUNSET   753 PM PDT
AUGUST 30 2016........SUNRISE   636 AM PDT   SUNSET   751 PM PDT


-  INDICATES NEGATIVE NUMBERS.
R  INDICATES RECORD WAS SET OR TIED.
MM INDICATES DATA IS MISSING.
T  INDICATES TRACE AMOUNT.




$$
