000
CDUS46 KMFR 160837
CLIRBG


CLIMATE REPORT
NATIONAL WEATHER SERVICE MEDFORD, OR
136 AM PDT WED AUG 16 2017


...................................

...THE ROSEBURG OR CLIMATE SUMMARY FOR AUGUST 15 2017...

CLIMATE NORMAL PERIOD 1981 TO 2010
CLIMATE RECORD PERIOD 1931 TO 2017


WEATHER ITEM   OBSERVED TIME   RECORD YEAR NORMAL DEPARTURE LAST
                VALUE   (LST)  VALUE       VALUE  FROM      YEAR
                                                  NORMAL
..................................................................
TEMPERATURE (F)
 YESTERDAY
  MAXIMUM         85    207 PM  98    2012  85      0       94
                                      2002
                                      1933
  MINIMUM         51    609 AM  45    1937  56     -5       59
  AVERAGE         68                        70     -2       77

PRECIPITATION (IN)
  YESTERDAY        0.00          0.88 1976   0.01  -0.01     0.00
  MONTH TO DATE    T                         0.14  -0.14     0.00
  SINCE OCT 1     42.38                     34.97   7.41    38.45
  SINCE JAN 1     23.46                     19.32   4.14    19.26

SNOWFALL (IN)
  YESTERDAY       MM                        MM     MM       MM
  MONTH TO DATE   MM                        MM     MM       MM
  SINCE JUL 1     MM                        MM     MM       MM
  SNOW DEPTH      MM

DEGREE DAYS
 HEATING
  YESTERDAY        0                         0      0        0
  MONTH TO DATE    0                         0      0        0
  SINCE JUN 1     64                        94    -30       67
  SINCE JUL 1      0                        11    -11        3

 COOLING
  YESTERDAY        3                         6     -3       12
  MONTH TO DATE  196                        93    103      127
  SINCE JUN 1    539                       316    223      457
  SINCE JAN 1    588                       336    252      500
..................................................................


WIND (MPH)
  RESULTANT WIND SPEED   4   RESULTANT WIND DIRECTION   N (10)
  HIGHEST WIND SPEED    20   HIGHEST WIND DIRECTION     N (10)
  HIGHEST GUST SPEED    25   HIGHEST GUST DIRECTION     N (20)
  AVERAGE WIND SPEED     4.2


SKY COVER
  POSSIBLE SUNSHINE  MM
  AVERAGE SKY COVER 0.0


WEATHER CONDITIONS
 THE FOLLOWING WEATHER WAS RECORDED YESTERDAY.
  HAZE


RELATIVE HUMIDITY (PERCENT)
 HIGHEST    77           500 AM
 LOWEST     23           200 PM
 AVERAGE    50

..........................................................


THE ROSEBURG OR CLIMATE NORMALS FOR TODAY
                         NORMAL    RECORD    YEAR
 MAXIMUM TEMPERATURE (F)   85       102      2008
 MINIMUM TEMPERATURE (F)   56        44      1935


SUNRISE AND SUNSET
AUGUST 16 2017........SUNRISE   620 AM PDT   SUNSET   814 PM PDT
AUGUST 17 2017........SUNRISE   622 AM PDT   SUNSET   813 PM PDT


-  INDICATES NEGATIVE NUMBERS.
R  INDICATES RECORD WAS SET OR TIED.
MM INDICATES DATA IS MISSING.
T  INDICATES TRACE AMOUNT.




$$
