000
CDUS46 KMFR 220839
CLIRBG


CLIMATE REPORT
NATIONAL WEATHER SERVICE MEDFORD, OR
138 AM PDT MON MAY 22 2017


...................................

...THE ROSEBURG OR CLIMATE SUMMARY FOR MAY 21 2017...

CLIMATE NORMAL PERIOD 1981 TO 2010
CLIMATE RECORD PERIOD 1931 TO 2017


WEATHER ITEM   OBSERVED TIME   RECORD YEAR NORMAL DEPARTURE LAST
                VALUE   (LST)  VALUE       VALUE  FROM      YEAR
                                                  NORMAL
..................................................................
TEMPERATURE (F)
 YESTERDAY
  MAXIMUM         85    458 PM  88    2001  71     14       68
                                      1958
                                      1951
  MINIMUM         48    531 AM  36    1960  48      0       46
  AVERAGE         67                        60      7       57

PRECIPITATION (IN)
  YESTERDAY        0.00          1.02 1998   0.07  -0.07     0.01
  MONTH TO DATE    1.14                      1.61  -0.47     0.75
  SINCE OCT 1     41.55                     32.62   8.93    36.72
  SINCE JAN 1     22.63                     16.97   5.66    17.53

SNOWFALL (IN)
  YESTERDAY       MM                        MM     MM       MM
  MONTH TO DATE    0.0                      MM     MM       MM
  SINCE JUL 1      0.0                      MM     MM        0.0
  SNOW DEPTH      MM

DEGREE DAYS
 HEATING
  YESTERDAY        0                         6     -6        8
  MONTH TO DATE  145                       163    -18       79
  SINCE MAR 1    958                      1058   -100      697
  SINCE JUL 1   3674                      3927   -253     3050

 COOLING
  YESTERDAY        2                         1      1        0
  MONTH TO DATE   15                         9      6       19
  SINCE MAR 1     15                        10      5       37
  SINCE JAN 1     15                        10      5       37
..................................................................


WIND (MPH)
  RESULTANT WIND SPEED   4   RESULTANT WIND DIRECTION   N (0)
  HIGHEST WIND SPEED    17   HIGHEST WIND DIRECTION     N (10)
  HIGHEST GUST SPEED    24   HIGHEST GUST DIRECTION     N (10)
  AVERAGE WIND SPEED     4.1


SKY COVER
  POSSIBLE SUNSHINE  MM
  AVERAGE SKY COVER 0.0


WEATHER CONDITIONS
 THE FOLLOWING WEATHER WAS RECORDED YESTERDAY.
  NO SIGNIFICANT WEATHER WAS OBSERVED.


RELATIVE HUMIDITY (PERCENT)
 HIGHEST    93           500 AM
 LOWEST     27           300 PM
 AVERAGE    60

..........................................................


THE ROSEBURG OR CLIMATE NORMALS FOR TODAY
                         NORMAL    RECORD    YEAR
 MAXIMUM TEMPERATURE (F)   71        99      2001
 MINIMUM TEMPERATURE (F)   48        34      1960


SUNRISE AND SUNSET
MAY 22 2017...........SUNRISE   543 AM PDT   SUNSET   838 PM PDT
MAY 23 2017...........SUNRISE   542 AM PDT   SUNSET   839 PM PDT


-  INDICATES NEGATIVE NUMBERS.
R  INDICATES RECORD WAS SET OR TIED.
MM INDICATES DATA IS MISSING.
T  INDICATES TRACE AMOUNT.




$$
