000
CDUS46 KMFR 240836
CLIRBG


CLIMATE REPORT
NATIONAL WEATHER SERVICE MEDFORD, OR
136 AM PDT SAT JUN 24 2017


...................................

...THE ROSEBURG OR CLIMATE SUMMARY FOR JUNE 23 2017...

CLIMATE NORMAL PERIOD 1981 TO 2010
CLIMATE RECORD PERIOD 1931 TO 2017


WEATHER ITEM   OBSERVED TIME   RECORD YEAR NORMAL DEPARTURE LAST
                VALUE   (LST)  VALUE       VALUE  FROM      YEAR
                                                  NORMAL
..................................................................
TEMPERATURE (F)
 YESTERDAY
  MAXIMUM         94R   528 PM  93    1940  78     16       76
  MINIMUM         55    534 AM  45    1961  53      2       57
                                      1953
                                      1935
  AVERAGE         75                        65     10       67

PRECIPITATION (IN)
  YESTERDAY        0.00          1.15 1958   0.01  -0.01     0.00
  MONTH TO DATE    0.83                      1.07  -0.24     0.86
  SINCE OCT 1     42.38                     34.35   8.03    37.68
  SINCE JAN 1     23.46                     18.70   4.76    18.49

SNOWFALL (IN)
  YESTERDAY       MM                        MM     MM       MM
  MONTH TO DATE   MM                        MM     MM       MM
  SINCE JUL 1     MM                        MM     MM        0.0
  SNOW DEPTH      MM

DEGREE DAYS
 HEATING
  YESTERDAY        0                         2     -2        0
  MONTH TO DATE   64                        73     -9       63
  SINCE JUN 1     64                        73     -9       63
  SINCE JUL 1   3749                      4056   -307     3152

 COOLING
  YESTERDAY       10                         2      8        2
  MONTH TO DATE   54                        28     26       98
  SINCE JUN 1     54                        28     26       98
  SINCE JAN 1    103                        48     55      141
..................................................................


WIND (MPH)
  RESULTANT WIND SPEED   4   RESULTANT WIND DIRECTION   N (10)
  HIGHEST WIND SPEED    17   HIGHEST WIND DIRECTION     N (10)
  HIGHEST GUST SPEED    22   HIGHEST GUST DIRECTION     N (10)
  AVERAGE WIND SPEED     4.4


SKY COVER
  POSSIBLE SUNSHINE  MM
  AVERAGE SKY COVER 0.0


WEATHER CONDITIONS
 THE FOLLOWING WEATHER WAS RECORDED YESTERDAY.
  NO SIGNIFICANT WEATHER WAS OBSERVED.


RELATIVE HUMIDITY (PERCENT)
 HIGHEST    72           400 AM
 LOWEST     22           400 PM
 AVERAGE    47

..........................................................


THE ROSEBURG OR CLIMATE NORMALS FOR TODAY
                         NORMAL    RECORD    YEAR
 MAXIMUM TEMPERATURE (F)   78        97      1940
 MINIMUM TEMPERATURE (F)   53        40      1956


SUNRISE AND SUNSET
JUNE 24 2017..........SUNRISE   534 AM PDT   SUNSET   857 PM PDT
JUNE 25 2017..........SUNRISE   535 AM PDT   SUNSET   858 PM PDT


-  INDICATES NEGATIVE NUMBERS.
R  INDICATES RECORD WAS SET OR TIED.
MM INDICATES DATA IS MISSING.
T  INDICATES TRACE AMOUNT.




$$
