000
CDUS46 KMFR 160840
CLIRBG


CLIMATE REPORT
NATIONAL WEATHER SERVICE MEDFORD, OR
139 AM PDT WED APR 16 2014


...................................

...THE ROSEBURG OR CLIMATE SUMMARY FOR APRIL 15 2014...

CLIMATE NORMAL PERIOD 1981 TO 2010
CLIMATE RECORD PERIOD 1931 TO 2014


WEATHER ITEM   OBSERVED TIME   RECORD YEAR NORMAL DEPARTURE LAST
                VALUE   (LST)  VALUE       VALUE  FROM      YEAR
                                                  NORMAL
..................................................................
TEMPERATURE (F)
 YESTERDAY
  MAXIMUM         66    339 PM  90    1947  62      4       52
  MINIMUM         46    458 AM  27    1955  42      4       40
  AVERAGE         56                        52      4       46

PRECIPITATION (IN)
  YESTERDAY        0.00          1.04 2006   0.10  -0.10     0.09
  MONTH TO DATE    0.13                      1.55  -1.42     1.25
  SINCE SEP 1     20.08                     30.70 -10.62    24.75
  SINCE JAN 1     12.54                     14.09  -1.55     6.08

SNOWFALL (IN)
  YESTERDAY       MM                        MM     MM       MM
  MONTH TO DATE   MM                        MM     MM       MM
  SINCE JUL 1      0.0                      MM     MM       MM
  SNOW DEPTH      MM

DEGREE DAYS
 HEATING
  YESTERDAY        9                        13     -4       19
  MONTH TO DATE  135                       212    -77      189
  SINCE MAR 1    532                       722   -190      623
  SINCE JUL 1   3459                      3591   -132     3333

 COOLING
  YESTERDAY        0                         0      0        0
  MONTH TO DATE    0                         0      0        0
  SINCE MAR 1      0                         0      0        0
  SINCE JAN 1      0                         0      0        0
..................................................................


WIND (MPH)
  RESULTANT WIND SPEED   4   RESULTANT WIND DIRECTION   N (350)
  HIGHEST WIND SPEED    14   HIGHEST WIND DIRECTION     N (10)
  HIGHEST GUST SPEED    21   HIGHEST GUST DIRECTION     N (360)
  AVERAGE WIND SPEED     4.6


SKY COVER
  POSSIBLE SUNSHINE  MM
  AVERAGE SKY COVER 0.5


WEATHER CONDITIONS
 THE FOLLOWING WEATHER WAS RECORDED YESTERDAY.
  NO SIGNIFICANT WEATHER WAS OBSERVED.


RELATIVE HUMIDITY (PERCENT)
 HIGHEST    76           400 AM
 LOWEST     31           400 PM
 AVERAGE    54

..........................................................


THE ROSEBURG OR CLIMATE NORMALS FOR TODAY
                         NORMAL    RECORD    YEAR
 MAXIMUM TEMPERATURE (F)   62        83      1954
 MINIMUM TEMPERATURE (F)   42        30      1975


SUNRISE AND SUNSET
APRIL 16 2014.........SUNRISE   630 AM PDT   SUNSET   758 PM PDT
APRIL 17 2014.........SUNRISE   628 AM PDT   SUNSET   759 PM PDT


-  INDICATES NEGATIVE NUMBERS.
R  INDICATES RECORD WAS SET OR TIED.
MM INDICATES DATA IS MISSING.
T  INDICATES TRACE AMOUNT.




$$
