000
CDUS46 KSTO 310840
CLIRDD

CLIMATE REPORT
NATIONAL WEATHER SERVICE SACRAMENTO, CA
137 AM PDT FRI OCT 31 2014


...................................

...THE REDDING AIRPORT CA CLIMATE SUMMARY FOR OCTOBER 30 2014...

CLIMATE NORMAL PERIOD 1981 TO 2010
CLIMATE RECORD PERIOD 1986 TO 2014


WEATHER ITEM   OBSERVED RECORD YEAR NORMAL DEPARTURE LAST
                VALUE   VALUE       VALUE  FROM      YEAR
                                           NORMAL
...........................................................
TEMPERATURE (F)
 YESTERDAY
  MAXIMUM         73     82    1988  70      3       70
  MINIMUM         51     33    1989  45      6       38
  AVERAGE         62

PRECIPITATION (IN)
  YESTERDAY        0.00   0.47 2000   0.11  -0.11     0.00
  MONTH TO DATE    1.81               1.99  -0.18     0.01
  SINCE JUL 1      5.25               2.90   2.35     1.40
  SINCE JAN 1     19.52              23.76  -4.24    10.70

SNOWFALL (IN)
  YESTERDAY        0.0    0.0  2002  MM               0.0
                               2001
  MONTH TO DATE    0.0               MM               0.0
  SINCE SEP 1      0.0               MM               0.0
  SINCE JUL 1      0.0               MM               0.0

DEGREE DAYS
 HEATING
  YESTERDAY        3

 COOLING
  YESTERDAY        0
...........................................................


WIND (MPH)
  RESULTANT WIND SPEED   0   RESULTANT WIND DIRECTION   E (80)
  HIGHEST WIND SPEED     7   HIGHEST WIND DIRECTION    SE (150)
  HIGHEST GUST SPEED     9   HIGHEST GUST DIRECTION     N (360)


SKY COVER
  POSSIBLE SUNSHINE  MM
  AVERAGE SKY COVER 0.0


WEATHER CONDITIONS
 THE FOLLOWING WEATHER WAS RECORDED YESTERDAY.
  NO SIGNIFICANT WEATHER WAS OBSERVED.


RELATIVE HUMIDITY (PERCENT)
 HIGHEST    96
 LOWEST     57
 AVERAGE    77

..........................................................


THE REDDING AIRPORT CA CLIMATE NORMALS FOR TODAY
                         NORMAL    RECORD    YEAR
 MAXIMUM TEMPERATURE (F)   70        80      2011
                                             1999
                                             1993
 MINIMUM TEMPERATURE (F)   45        33      1989


SUNRISE AND SUNSET
OCTOBER 31 2014.......SUNRISE   738 AM PDT   SUNSET   607 PM PDT
NOVEMBER  1 2014......SUNRISE   739 AM PDT   SUNSET   606 PM PDT


-  INDICATES NEGATIVE NUMBERS.
R  INDICATES RECORD WAS SET OR TIED.
MM INDICATES DATA IS MISSING.
T  INDICATES TRACE AMOUNT.






&&
....................................................................

REDDING CITY CLIMATE DATA FOR OCTOBER 30

CLIMATE RECORD PERIOD 1897-1986

RECORD HIGH..............     91 IN 1966
RECORD LOW...............     29 IN 1935

RECORD RAINFALL..........   3.66 IN 1956

$$

NNNN
