000
CDUS46 KSTO 210848 RRA
CLIRDD

CLIMATE REPORT
NATIONAL WEATHER SERVICE SACRAMENTO, CA
1247 AM PST TUE NOV 21 2017


...................................

...THE REDDING AIRPORT CA CLIMATE SUMMARY FOR NOVEMBER 20 2017...

CLIMATE NORMAL PERIOD 1981 TO 2010
CLIMATE RECORD PERIOD 1986 TO 2017


WEATHER ITEM   OBSERVED RECORD YEAR NORMAL DEPARTURE LAST
                VALUE   VALUE       VALUE  FROM      YEAR
                                           NORMAL
...........................................................
TEMPERATURE (F)
 YESTERDAY
  MAXIMUM         51     79    2002  60     -9       58
  MINIMUM         48     26    1993  40      8       48
  AVERAGE         50

PRECIPITATION (IN)
  YESTERDAY        0.85   0.87 1987   0.16   0.69     0.83
  MONTH TO DATE    4.66               2.66   2.00     3.18
  SINCE OCT 1      4.99               4.76   0.23    10.96
  SINCE JAN 1     34.00              26.53   7.47    41.59

SNOWFALL (IN)
  YESTERDAY       MM      0.0  2002  MM               0.0
                               2001
  MONTH TO DATE    0.0               MM               0.0
  SINCE SEP 1      0.0               MM               0.0
  SINCE JUL 1      0.0               MM               0.0

DEGREE DAYS
 HEATING
  YESTERDAY       15

 COOLING
  YESTERDAY        0
...........................................................


WIND (MPH)
  RESULTANT WIND SPEED   2   RESULTANT WIND DIRECTION   N (0)
  HIGHEST WIND SPEED     7   HIGHEST WIND DIRECTION     N (360)
  HIGHEST GUST SPEED     8   HIGHEST GUST DIRECTION     E (90)


SKY COVER
  POSSIBLE SUNSHINE  MM
  AVERAGE SKY COVER 1.0


WEATHER CONDITIONS
 THE FOLLOWING WEATHER WAS RECORDED YESTERDAY.
  HEAVY RAIN
  RAIN
  LIGHT RAIN
  FOG
  HAZE


RELATIVE HUMIDITY (PERCENT)
 HIGHEST   100
 LOWEST     86
 AVERAGE    93

..........................................................


THE REDDING AIRPORT CA CLIMATE NORMALS FOR TODAY
                         NORMAL    RECORD    YEAR
 MAXIMUM TEMPERATURE (F)   60        76      2005
 MINIMUM TEMPERATURE (F)   40        27      1993


SUNRISE AND SUNSET
NOVEMBER 21 2017......SUNRISE   703 AM PST   SUNSET   447 PM PST
NOVEMBER 22 2017......SUNRISE   704 AM PST   SUNSET   447 PM PST


-  INDICATES NEGATIVE NUMBERS.
R  INDICATES RECORD WAS SET OR TIED.
MM INDICATES DATA IS MISSING.
T  INDICATES TRACE AMOUNT.




&&
....................................................................

REDDING CITY CLIMATE DATA FOR NOVEMBER 20

CLIMATE RECORD PERIOD 1897-1986

RECORD HIGH..............     84 IN 1917
RECORD LOW...............     22 IN 1985

RECORD RAINFALL..........   2.93 IN 1955

$$

NNNN
