000
CDUS46 KSTO 050837
CLIRDD

CLIMATE REPORT
NATIONAL WEATHER SERVICE SACRAMENTO, CA
135 AM PDT SAT SEP 5 2015


...................................

...THE REDDING AIRPORT CA CLIMATE SUMMARY FOR SEPTEMBER 4 2015...

CLIMATE NORMAL PERIOD 1981 TO 2010
CLIMATE RECORD PERIOD 1986 TO 2015


WEATHER ITEM   OBSERVED RECORD YEAR NORMAL DEPARTURE LAST
                VALUE   VALUE       VALUE  FROM      YEAR
                                           NORMAL
...........................................................
TEMPERATURE (F)
 YESTERDAY
  MAXIMUM         85    115    1988  93     -8      101
  MINIMUM         58     53    1995  60     -2       65
                               1992
                               1990
  AVERAGE         72

PRECIPITATION (IN)
  YESTERDAY        0.00   0.08 2000   0.02  -0.02     0.00
  MONTH TO DATE    0.00               0.06  -0.06     0.00
  SINCE OCT 1     23.08              34.04 -10.96    16.59
  SINCE JAN 1      6.83              21.19 -14.36    14.48

SNOWFALL (IN)
  YESTERDAY        0.0   MM      MM  MM               0.0
  MONTH TO DATE    0.0               MM               0.0
  SINCE SEP 1      0.0               MM               0.0
  SINCE JUL 1      0.0               MM               0.0

DEGREE DAYS
 HEATING
  YESTERDAY        0

 COOLING
  YESTERDAY        7
...........................................................


WIND (MPH)
  RESULTANT WIND SPEED   3   RESULTANT WIND DIRECTION  NW (320)
  HIGHEST WIND SPEED    17   HIGHEST WIND DIRECTION     N (360)
  HIGHEST GUST SPEED    22   HIGHEST GUST DIRECTION     N (360)


SKY COVER
  POSSIBLE SUNSHINE  MM
  AVERAGE SKY COVER 0.2


WEATHER CONDITIONS
 THE FOLLOWING WEATHER WAS RECORDED YESTERDAY.
  NO SIGNIFICANT WEATHER WAS OBSERVED.


RELATIVE HUMIDITY (PERCENT)
 HIGHEST    62
 LOWEST     11
 AVERAGE    37

..........................................................


THE REDDING AIRPORT CA CLIMATE NORMALS FOR TODAY
                         NORMAL    RECORD    YEAR
 MAXIMUM TEMPERATURE (F)   93       114      1988
 MINIMUM TEMPERATURE (F)   60        50      2000


SUNRISE AND SUNSET
SEPTEMBER  5 2015.....SUNRISE   640 AM PDT   SUNSET   735 PM PDT
SEPTEMBER  6 2015.....SUNRISE   641 AM PDT   SUNSET   733 PM PDT


-  INDICATES NEGATIVE NUMBERS.
R  INDICATES RECORD WAS SET OR TIED.
MM INDICATES DATA IS MISSING.
T  INDICATES TRACE AMOUNT.




&&
....................................................................

REDDING CITY CLIMATE DATA FOR SEPTEMBER 04

CLIMATE RECORD PERIOD 1897-1986

RECORD HIGH..............    110 IN 1955
RECORD LOW...............     45 IN 1947

RECORD RAINFALL..........   0.35 IN 1900

$$

NNNN
