677
CDUS46 KSTO 220843
CLIRDD

CLIMATE REPORT
NATIONAL WEATHER SERVICE SACRAMENTO, CA
141 AM PDT SAT JUL 22 2017


...................................

...THE REDDING AIRPORT CA CLIMATE SUMMARY FOR JULY 21 2017...

CLIMATE NORMAL PERIOD 1981 TO 2010
CLIMATE RECORD PERIOD 1986 TO 2017


WEATHER ITEM   OBSERVED RECORD YEAR NORMAL DEPARTURE LAST
                VALUE   VALUE       VALUE  FROM      YEAR
                                           NORMAL
...........................................................
TEMPERATURE (F)
 YESTERDAY
  MAXIMUM        103    112    1988 100      3       95
  MINIMUM         67     54    1999  66      1       61
  AVERAGE         85

PRECIPITATION (IN)
  YESTERDAY        0.00   0.03 2014   0.00   0.00     0.00
  MONTH TO DATE    0.00               0.06  -0.06      T
  SINCE OCT 1     47.03              33.77  13.26    40.49
  SINCE JAN 1     28.30              20.92   7.38    30.63

SNOWFALL (IN)
  YESTERDAY        0.0   MM      MM  MM               0.0
  MONTH TO DATE    0.0               MM               0.0
  SINCE JUN 1      0.0               MM               0.0
  SINCE JUL 1      0.0               MM               0.0

DEGREE DAYS
 HEATING
  YESTERDAY        0

 COOLING
  YESTERDAY       20
...........................................................


WIND (MPH)
  RESULTANT WIND SPEED   1   RESULTANT WIND DIRECTION  NW (300)
  HIGHEST WIND SPEED    12   HIGHEST WIND DIRECTION     W (260)
  HIGHEST GUST SPEED    63   HIGHEST GUST DIRECTION    NE (30)


SKY COVER
  POSSIBLE SUNSHINE  MM
  AVERAGE SKY COVER 0.0


WEATHER CONDITIONS
 THE FOLLOWING WEATHER WAS RECORDED YESTERDAY.
  NO SIGNIFICANT WEATHER WAS OBSERVED.


RELATIVE HUMIDITY (PERCENT)
 HIGHEST    57
 LOWEST      8
 AVERAGE    33

..........................................................


THE REDDING AIRPORT CA CLIMATE NORMALS FOR TODAY
                         NORMAL    RECORD    YEAR
 MAXIMUM TEMPERATURE (F)  100       112      2006
 MINIMUM TEMPERATURE (F)   66        54      1987


SUNRISE AND SUNSET
JULY 22 2017..........SUNRISE   558 AM PDT   SUNSET   833 PM PDT
JULY 23 2017..........SUNRISE   559 AM PDT   SUNSET   832 PM PDT


-  INDICATES NEGATIVE NUMBERS.
R  INDICATES RECORD WAS SET OR TIED.
MM INDICATES DATA IS MISSING.
T  INDICATES TRACE AMOUNT.




&&
....................................................................

REDDING CITY CLIMATE DATA FOR JULY 21

CLIMATE RECORD PERIOD 1897-1986

RECORD HIGH..............    111 IN 1938
RECORD LOW...............     52 IN 1983

RECORD RAINFALL..........   0.00 IN 1986

$$

NNNN
