000
CDUS46 KSTO 260837
CLIRDD

CLIMATE REPORT
NATIONAL WEATHER SERVICE SACRAMENTO, CA
136 AM PDT TUE MAY 26 2015


...................................

...THE REDDING AIRPORT CA CLIMATE SUMMARY FOR MAY 25 2015...

CLIMATE NORMAL PERIOD 1981 TO 2010
CLIMATE RECORD PERIOD 1986 TO 2015


WEATHER ITEM   OBSERVED RECORD YEAR NORMAL DEPARTURE LAST
                VALUE   VALUE       VALUE  FROM      YEAR
                                           NORMAL
...........................................................
TEMPERATURE (F)
 YESTERDAY
  MAXIMUM         88     98    2014  84      4       98
  MINIMUM         62     45    1989  56      6       65
  AVERAGE         75

PRECIPITATION (IN)
  YESTERDAY        0.00   0.82 1993   0.06  -0.06     0.00
  MONTH TO DATE    0.34               1.51  -1.17     0.15
  SINCE OCT 1     22.47              32.68 -10.21    16.38
  SINCE JAN 1      6.22              19.83 -13.61    14.27

SNOWFALL (IN)
  YESTERDAY        0.0   MM      MM  MM               0.0
  MONTH TO DATE    0.0               MM               0.0
  SINCE MAR 1      0.0               MM               0.0
  SINCE JUL 1      0.0               MM               5.0

DEGREE DAYS
 HEATING
  YESTERDAY        0

 COOLING
  YESTERDAY       10
...........................................................


WIND (MPH)
  RESULTANT WIND SPEED   6   RESULTANT WIND DIRECTION   S (190)
  HIGHEST WIND SPEED    17   HIGHEST WIND DIRECTION     S (180)
  HIGHEST GUST SPEED    29   HIGHEST GUST DIRECTION     S (190)


SKY COVER
  POSSIBLE SUNSHINE  MM
  AVERAGE SKY COVER 0.1


WEATHER CONDITIONS
 THE FOLLOWING WEATHER WAS RECORDED YESTERDAY.
  THUNDERSTORM


RELATIVE HUMIDITY (PERCENT)
 HIGHEST    65
 LOWEST     24
 AVERAGE    45

..........................................................


THE REDDING AIRPORT CA CLIMATE NORMALS FOR TODAY
                         NORMAL    RECORD    YEAR
 MAXIMUM TEMPERATURE (F)   84        98      2009
 MINIMUM TEMPERATURE (F)   57        44      2012
                                             1998


SUNRISE AND SUNSET
MAY 26 2015...........SUNRISE   544 AM PDT   SUNSET   829 PM PDT
MAY 27 2015...........SUNRISE   544 AM PDT   SUNSET   830 PM PDT


-  INDICATES NEGATIVE NUMBERS.
R  INDICATES RECORD WAS SET OR TIED.
MM INDICATES DATA IS MISSING.
T  INDICATES TRACE AMOUNT.

&&
....................................................................

REDDING CITY CLIMATE DATA FOR MAY 25

CLIMATE RECORD PERIOD 1897-1986

RECORD HIGH..............    103 IN 1982
RECORD LOW...............     35 IN 1950

RECORD RAINFALL..........   1.91 IN 1906

$$
