000
CDUS46 KSTO 270848
CLIRDD

CLIMATE REPORT
NATIONAL WEATHER SERVICE SACRAMENTO, CA
1244 AM PST THU NOV 27 2014


...................................

...THE REDDING AIRPORT CA CLIMATE SUMMARY FOR NOVEMBER 26 2014...

CLIMATE NORMAL PERIOD 1981 TO 2010
CLIMATE RECORD PERIOD 1986 TO 2014


WEATHER ITEM   OBSERVED RECORD YEAR NORMAL DEPARTURE LAST
                VALUE   VALUE       VALUE  FROM      YEAR
                                           NORMAL
...........................................................
TEMPERATURE (F)
 YESTERDAY
  MAXIMUM         61     75    2002  58      3       61
  MINIMUM         37     24    1993  38     -1       32
  AVERAGE         49

PRECIPITATION (IN)
  YESTERDAY        0.00   2.26 1997   0.18  -0.18     0.00
  MONTH TO DATE    2.55               3.69  -1.14     1.72
  SINCE JUL 1      8.14               6.70   1.44     3.12
  SINCE JAN 1     22.41              27.56  -5.15    12.42

SNOWFALL (IN)
  YESTERDAY        0.0    0.0  2002  MM               0.0
                               2001
  MONTH TO DATE    0.0               MM               0.0
  SINCE SEP 1      0.0               MM               0.0
  SINCE JUL 1      0.0               MM               0.0

DEGREE DAYS
 HEATING
  YESTERDAY       16

 COOLING
  YESTERDAY        0
...........................................................


WIND (MPH)
  RESULTANT WIND SPEED   0   RESULTANT WIND DIRECTION  NE (30)
  HIGHEST WIND SPEED     5   HIGHEST WIND DIRECTION    NE (40)
  HIGHEST GUST SPEED     6   HIGHEST GUST DIRECTION     N (10)


SKY COVER
  POSSIBLE SUNSHINE  MM
  AVERAGE SKY COVER 0.0


WEATHER CONDITIONS
 THE FOLLOWING WEATHER WAS RECORDED YESTERDAY.
  FOG


RELATIVE HUMIDITY (PERCENT)
 HIGHEST   100
 LOWEST     60
 AVERAGE    80

..........................................................


THE REDDING AIRPORT CA CLIMATE NORMALS FOR TODAY
                         NORMAL    RECORD    YEAR
 MAXIMUM TEMPERATURE (F)   58        76      2002
 MINIMUM TEMPERATURE (F)   38        30      2005
                                             1993
                                             1987


SUNRISE AND SUNSET
NOVEMBER 27 2014......SUNRISE   709 AM PST   SUNSET   444 PM PST
NOVEMBER 28 2014......SUNRISE   710 AM PST   SUNSET   444 PM PST


-  INDICATES NEGATIVE NUMBERS.
R  INDICATES RECORD WAS SET OR TIED.
MM INDICATES DATA IS MISSING.
T  INDICATES TRACE AMOUNT.






&&
....................................................................

REDDING CITY CLIMATE DATA FOR NOVEMBER 26

CLIMATE RECORD PERIOD 1897-1986

RECORD HIGH..............     85 IN 1933
RECORD LOW...............     27 IN 1952

RECORD RAINFALL..........   3.50 IN 1893

$$

NNNN
