000
CDUS46 KSTO 110947
CLIRDD

CLIMATE REPORT
NATIONAL WEATHER SERVICE SACRAMENTO, CA
1246 AM PST SUN DEC 11 2016


.........................................................

...THE REDDING AIRPORT CA CLIMATE SUMMARY FOR DECEMBER 10 2016...

CLIMATE NORMAL PERIOD 1981 TO 2010
CLIMATE RECORD PERIOD 1986 TO 2016


WEATHER ITEM   OBSERVED RECORD YEAR NORMAL DEPARTURE LAST
                VALUE   VALUE       VALUE  FROM      YEAR
                                           NORMAL
...........................................................
TEMPERATURE (F)
 YESTERDAY
  MAXIMUM         58     71    2012  55      3       60
  MINIMUM         37     19    2009  37      0       47
  AVERAGE         48

PRECIPITATION (IN)
  YESTERDAY        0.82   1.29 1992   0.18   0.64     0.64
  MONTH TO DATE    2.13               1.84   0.29     3.28
  SINCE OCT 1     14.83               8.42   6.41     4.93
  SINCE JAN 1     45.46              30.19  15.27    12.31

SNOWFALL (IN)
  YESTERDAY       MM      0.0  2001  MM              MM
  MONTH TO DATE    0.0               MM               0.0
  SINCE DEC 1      0.0               MM               0.0
  SINCE JUL 1      0.0               MM               0.0

DEGREE DAYS
 HEATING
  YESTERDAY       17

 COOLING
  YESTERDAY        0
...........................................................


WIND (MPH)
  RESULTANT WIND SPEED   3   RESULTANT WIND DIRECTION  SW (220)
  HIGHEST WIND SPEED    25   HIGHEST WIND DIRECTION    SE (150)
  HIGHEST GUST SPEED    28   HIGHEST GUST DIRECTION    SE (150)


SKY COVER
  POSSIBLE SUNSHINE  MM
  AVERAGE SKY COVER 0.6


WEATHER CONDITIONS
 THE FOLLOWING WEATHER WAS RECORDED YESTERDAY.
  RAIN
  LIGHT RAIN
  FOG


RELATIVE HUMIDITY (PERCENT)
 HIGHEST   100
 LOWEST     77
 AVERAGE    89

..........................................................


THE REDDING AIRPORT CA CLIMATE NORMALS FOR TODAY
                         NORMAL    RECORD    YEAR
 MAXIMUM TEMPERATURE (F)   55        70      1988
 MINIMUM TEMPERATURE (F)   36        26      2011


SUNRISE AND SUNSET
DECEMBER 11 2016......SUNRISE   723 AM PST   SUNSET   443 PM PST
DECEMBER 12 2016......SUNRISE   724 AM PST   SUNSET   443 PM PST


-  INDICATES NEGATIVE NUMBERS.
R  INDICATES RECORD WAS SET OR TIED.
MM INDICATES DATA IS MISSING.
T  INDICATES TRACE AMOUNT.

&&
....................................................................

REDDING CITY CLIMATE DATA FOR DECEMBER 10

CLIMATE RECORD PERIOD 1897-1986

RECORD HIGH..............     74 IN 1925
RECORD LOW...............     20 IN 1972

RECORD RAINFALL..........   4.85 IN 1937

$$

NNNN
