000
CDUS41 KPHI 260631
CLIRDG


CLIMATE REPORT
NATIONAL WEATHER SERVICE MOUNT HOLLY NJ
131 AM EST WED NOV 26 2014


...................................

...THE READING PA CLIMATE SUMMARY FOR NOVEMBER 25 2014...

CLIMATE NORMAL PERIOD 1981 TO 2010
CLIMATE RECORD PERIOD 1869 TO 2014


WEATHER ITEM   OBSERVED TIME   RECORD YEAR NORMAL DEPARTURE LAST
                VALUE   (LST)  VALUE       VALUE  FROM      YEAR
                                                  NORMAL
..................................................................
TEMPERATURE (F)
 YESTERDAY
  MAXIMUM         62   1207 AM  74    1979  49     13       34
  MINIMUM         38   1155 PM  17    1956  32      6       19
                                      1938
  AVERAGE         50                        41      9       27

PRECIPITATION (IN)
  YESTERDAY        0.00          6.08 1950   0.13  -0.13     0.00
  MONTH TO DATE    1.65                      2.76  -1.11     0.68
  SINCE SEP 1      7.89                     10.32  -2.43     6.76
  SINCE JAN 1     38.32                     39.28  -0.96    35.90

SNOWFALL (IN)
  YESTERDAY       MM            MM      MM  MM     MM       MM
  MONTH TO DATE   MM                        MM     MM       MM
  SINCE SEP 1     MM                        MM     MM       MM
  SINCE JUL 1     MM                        MM     MM       MM
  SNOW DEPTH      MM

DEGREE DAYS
 HEATING
  YESTERDAY       15                        24     -9       38
  MONTH TO DATE  555                       501     54      525
  SINCE SEP 1    857                       934    -77      890
  SINCE JUL 1    858                       939    -81      890

 COOLING
  YESTERDAY        0                         0      0        0
  MONTH TO DATE    0                         0      0        0
  SINCE SEP 1    141                        93     48      140
  SINCE JAN 1    962                       896     66     1124
..................................................................


WIND (MPH)
  HIGHEST WIND SPEED    17   HIGHEST WIND DIRECTION     W (250)
  HIGHEST GUST SPEED    22   HIGHEST GUST DIRECTION     W (260)
  AVERAGE WIND SPEED     6.3


SKY COVER
  POSSIBLE SUNSHINE  MM
  AVERAGE SKY COVER 0.0


WEATHER CONDITIONS
 THE FOLLOWING WEATHER WAS RECORDED YESTERDAY.
  NO SIGNIFICANT WEATHER WAS OBSERVED.


RELATIVE HUMIDITY (PERCENT)
 HIGHEST    78           100 AM
 LOWEST     35           300 PM
 AVERAGE    57

..........................................................


THE READING PA CLIMATE NORMALS FOR TODAY
                         NORMAL    RECORD    YEAR
 MAXIMUM TEMPERATURE (F)   49        68      1979
 MINIMUM TEMPERATURE (F)   32        12      1938


SUNRISE AND SUNSET
NOVEMBER 26 2014......SUNRISE   702 AM EST   SUNSET   440 PM EST
NOVEMBER 27 2014......SUNRISE   703 AM EST   SUNSET   439 PM EST


-  INDICATES NEGATIVE NUMBERS.
R  INDICATES RECORD WAS SET OR TIED.
MM INDICATES DATA IS MISSING.
T  INDICATES TRACE AMOUNT.




$$
