458
CDUS41 KPHI 010632
CLIRDG


CLIMATE REPORT
NATIONAL WEATHER SERVICE MOUNT HOLLY NJ
130 AM EST WED MAR 1 2017


...................................

...THE READING PA CLIMATE SUMMARY FOR FEBRUARY 28 2017...

CLIMATE NORMAL PERIOD 1981 TO 2010
CLIMATE RECORD PERIOD 1869 TO 2017


WEATHER ITEM   OBSERVED TIME   RECORD YEAR NORMAL DEPARTURE LAST
                VALUE   (LST)  VALUE       VALUE  FROM      YEAR
                                                  NORMAL
..................................................................
TEMPERATURE (F)
 YESTERDAY
  MAXIMUM         64    238 PM  70    1976  45     19       65
  MINIMUM         37    724 AM   3    1934  26     11       28
  AVERAGE         51                        36     15       47

PRECIPITATION (IN)
  YESTERDAY        T             2.05 1902   0.10  -0.10     0.00
  MONTH TO DATE    1.03                      2.48  -1.45     3.26
  SINCE DEC 1      5.52                      8.82  -3.30    10.35
  SINCE JAN 1      3.39                      5.53  -2.14     6.79

DEGREE DAYS
 HEATING
  YESTERDAY       14                        29    -15       18
  MONTH TO DATE  681                       917   -236      858
  SINCE DEC 1   2508                      2975   -467     2510
  SINCE JUL 1   3362                      4042   -680     3329

 COOLING
  YESTERDAY        0                         0      0        0
  MONTH TO DATE    0                         0      0        0
  SINCE DEC 1      0                         0      0        0
  SINCE JAN 1      0                         0      0        0
..................................................................


WIND (MPH)
  HIGHEST WIND SPEED    17   HIGHEST WIND DIRECTION    SW (230)
  HIGHEST GUST SPEED    24   HIGHEST GUST DIRECTION     W (260)
  AVERAGE WIND SPEED     3.9


SKY COVER
  POSSIBLE SUNSHINE  MM
  AVERAGE SKY COVER 0.7


WEATHER CONDITIONS
 THE FOLLOWING WEATHER WAS RECORDED YESTERDAY.
  LIGHT RAIN
  FOG


RELATIVE HUMIDITY (PERCENT)
 HIGHEST    92          1200 AM
 LOWEST     39           100 PM
 AVERAGE    66

..........................................................


THE READING PA CLIMATE NORMALS FOR TODAY
                         NORMAL    RECORD    YEAR
 MAXIMUM TEMPERATURE (F)   45        74      1972
 MINIMUM TEMPERATURE (F)   27         6      1980


SUNRISE AND SUNSET
MARCH  1 2017.........SUNRISE   637 AM EST   SUNSET   556 PM EST
MARCH  2 2017.........SUNRISE   636 AM EST   SUNSET   557 PM EST


-  INDICATES NEGATIVE NUMBERS.
R  INDICATES RECORD WAS SET OR TIED.
MM INDICATES DATA IS MISSING.
T  INDICATES TRACE AMOUNT.




$$
