628
CDUS41 KPHI 072128
CLIRDG


CLIMATE REPORT
NATIONAL WEATHER SERVICE MOUNT HOLLY NJ
426 PM EST SUN FEB 7 2016


...................................

...THE READING PA CLIMATE SUMMARY FOR FEBRUARY 7 2016...
VALID TODAY AS OF 0400 PM LOCAL TIME.

CLIMATE NORMAL PERIOD 1981 TO 2010
CLIMATE RECORD PERIOD 1869 TO 2016


WEATHER ITEM   OBSERVED TIME   RECORD YEAR NORMAL DEPARTURE LAST
                VALUE   (LST)  VALUE       VALUE  FROM      YEAR
                                                  NORMAL
..................................................................
TEMPERATURE (F)
 TODAY
  MAXIMUM         46    250 PM  56    1938  39      7       40
  MINIMUM         20    707 AM   0    1935  22     -2       14
                                      1910
                                      1907
  AVERAGE         33                        31      2       27

PRECIPITATION (IN)
  TODAY            0.00          1.85 1965   0.08  -0.08     0.00
  MONTH TO DATE    1.01                      0.56   0.45     0.86
  SINCE DEC 1      8.10                      6.90   1.20     6.07
  SINCE JAN 1      4.54                      3.61   0.93     3.17

SNOWFALL (IN)
  TODAY           MM            MM      MM  MM     MM       MM
  MONTH TO DATE   MM                        MM     MM       MM
  SINCE DEC 1     MM                        MM     MM       MM
  SINCE JUL 1     MM                        MM     MM       MM
  SNOW DEPTH      MM

DEGREE DAYS
 HEATING
  TODAY           32                        34     -2       38
  MONTH TO DATE  184                       244    -60      281
  SINCE DEC 1   1836                      2302   -466     2330
  SINCE JUL 1   2655                      3369   -714     3345

 COOLING
  TODAY            0                         0      0        0
  MONTH TO DATE    0                         0      0        0
  SINCE DEC 1      0                         0      0        0
  SINCE JAN 1      0                         0      0        0
..................................................................


WIND (MPH)
  HIGHEST WIND SPEED     7   HIGHEST WIND DIRECTION     N (360)
  HIGHEST GUST SPEED     8   HIGHEST GUST DIRECTION     N (350)
  AVERAGE WIND SPEED     1.8


SKY COVER
  POSSIBLE SUNSHINE  MM
  AVERAGE SKY COVER 0.0


WEATHER CONDITIONS
 THE FOLLOWING WEATHER WAS RECORDED TODAY.
  FOG


RELATIVE HUMIDITY (PERCENT)
 HIGHEST    84           400 AM
 LOWEST     31           200 PM
 AVERAGE    58

..........................................................


THE READING PA CLIMATE NORMALS FOR TOMORROW
                         NORMAL    RECORD    YEAR
 MAXIMUM TEMPERATURE (F)   40        63      1965
 MINIMUM TEMPERATURE (F)   22        -4      1934


SUNRISE AND SUNSET
FEBRUARY  7 2016......SUNRISE   707 AM EST   SUNSET   529 PM EST
FEBRUARY  8 2016......SUNRISE   706 AM EST   SUNSET   530 PM EST


-  INDICATES NEGATIVE NUMBERS.
R  INDICATES RECORD WAS SET OR TIED.
MM INDICATES DATA IS MISSING.
T  INDICATES TRACE AMOUNT.




$$
