000
CDUS41 KPHI 230550
CLIRDG


CLIMATE REPORT
NATIONAL WEATHER SERVICE MOUNT HOLLY NJ
1249 AM EST TUE JAN 23 2018


...................................

...THE READING PA CLIMATE SUMMARY FOR JANUARY 22 2018...

CLIMATE NORMAL PERIOD 1981 TO 2010
CLIMATE RECORD PERIOD 1869 TO 2018


WEATHER ITEM   OBSERVED TIME   RECORD YEAR NORMAL DEPARTURE LAST
                VALUE   (LST)  VALUE       VALUE  FROM      YEAR
                                                  NORMAL
..................................................................
TEMPERATURE (F)
 YESTERDAY
  MAXIMUM         54    429 PM  67    1959  38     16       50
                                      1906
  MINIMUM         37    641 AM -12    1984  21     16       41
  AVERAGE         46                        29     17       46

PRECIPITATION (IN)
  YESTERDAY        T             1.11 1891   0.08  -0.08      T
  MONTH TO DATE    1.77                      2.27  -0.50     1.81
  SINCE DEC 1      3.29                      5.56  -2.27     3.94
  SINCE JAN 1      1.77                      2.27  -0.50     1.81

DEGREE DAYS
 HEATING
  YESTERDAY       19                        36    -17       19
  MONTH TO DATE  857                       777     80      673
  SINCE DEC 1   1879                      1741    138     1589
  SINCE JUL 1   2783                      2808    -25     2443

 COOLING
  YESTERDAY        0                         0      0        0
  MONTH TO DATE    0                         0      0        0
  SINCE DEC 1      0                         0      0        0
  SINCE JAN 1      0                         0      0        0
..................................................................


WIND (MPH)
  HIGHEST WIND SPEED     8   HIGHEST WIND DIRECTION    NW (320)
  HIGHEST GUST SPEED     9   HIGHEST GUST DIRECTION    NW (320)
  AVERAGE WIND SPEED     2.7


SKY COVER
  POSSIBLE SUNSHINE  MM
  AVERAGE SKY COVER 0.7


WEATHER CONDITIONS
 THE FOLLOWING WEATHER WAS RECORDED YESTERDAY.
  LIGHT RAIN
  FOG
  HAZE


RELATIVE HUMIDITY (PERCENT)
 HIGHEST   100           500 AM
 LOWEST     66           400 PM
 AVERAGE    83

..........................................................


THE READING PA CLIMATE NORMALS FOR TODAY
                         NORMAL    RECORD    YEAR
 MAXIMUM TEMPERATURE (F)   38        68      1906
 MINIMUM TEMPERATURE (F)   21        -5      1936


SUNRISE AND SUNSET
JANUARY 23 2018.......SUNRISE   720 AM EST   SUNSET   511 PM EST
JANUARY 24 2018.......SUNRISE   720 AM EST   SUNSET   513 PM EST


-  INDICATES NEGATIVE NUMBERS.
R  INDICATES RECORD WAS SET OR TIED.
MM INDICATES DATA IS MISSING.
T  INDICATES TRACE AMOUNT.




$$
