000
CDUS46 KPDT 250859 RRA
CLIRDM

CLIMATE REPORT
NATIONAL WEATHER SERVICE PENDLETON OR
156 AM PDT THU MAY 25 2017


...................................

...THE REDMOND OR CLIMATE SUMMARY FOR MAY 24 2017...

CLIMATE NORMAL PERIOD 1981 TO 2010
CLIMATE RECORD PERIOD 1949 TO 2017


WEATHER ITEM   OBSERVED TIME   RECORD YEAR NORMAL DEPARTURE LAST
                VALUE   (LST)  VALUE       VALUE  FROM      YEAR
                                                  NORMAL
..................................................................
TEMPERATURE (F)
 YESTERDAY
  MAXIMUM         68    130 PM  93    1999  70     -2       65
  MINIMUM         34   1156 PM  25    1978  37     -3       38
  AVERAGE         51                        54     -3       52

PRECIPITATION (IN)
  YESTERDAY        0.00          0.71 1987   0.03  -0.03      T
  MONTH TO DATE    0.13                      0.76  -0.63     1.98
  SINCE OCT 1      8.10                      6.53   1.57     7.75
  SINCE JAN 1      4.35                      3.77   0.58     4.18

DEGREE DAYS
 HEATING
  YESTERDAY       14                        12      2       13
  MONTH TO DATE  319                       350    -31      244
  SINCE MAR 1   1639                      1748   -109     1414
  SINCE JUL 1   6516                      6421     95     5545

 COOLING
  YESTERDAY        0                         0      0        0
  MONTH TO DATE    4                         0      4        3
  SINCE MAR 1      4                         0      4        3
  SINCE JAN 1      4                         0      4        3
..................................................................


WIND (MPH)
  RESULTANT WIND SPEED   8   RESULTANT WIND DIRECTION   N (350)
  HIGHEST WIND SPEED    24   HIGHEST WIND DIRECTION     N (360)
  HIGHEST GUST SPEED    32   HIGHEST GUST DIRECTION     N (10)
  AVERAGE WIND SPEED     9.2


SKY COVER
  POSSIBLE SUNSHINE  MM
  AVERAGE SKY COVER 0.0


WEATHER CONDITIONS
 THE FOLLOWING WEATHER WAS RECORDED YESTERDAY.
  NO SIGNIFICANT WEATHER WAS OBSERVED.


RELATIVE HUMIDITY (PERCENT)
 HIGHEST    82          1100 PM
 LOWEST     18           100 PM
 AVERAGE    50

..........................................................


THE REDMOND OR CLIMATE NORMALS FOR TODAY
                         NORMAL    RECORD    YEAR
 MAXIMUM TEMPERATURE (F)   70        92      1986
 MINIMUM TEMPERATURE (F)   38        20      1975


SUNRISE AND SUNSET
MAY 25 2017...........SUNRISE   528 AM PDT   SUNSET   836 PM PDT
MAY 26 2017...........SUNRISE   527 AM PDT   SUNSET   837 PM PDT


-  INDICATES NEGATIVE NUMBERS.
R  INDICATES RECORD WAS SET OR TIED.
MM INDICATES DATA IS MISSING.
T  INDICATES TRACE AMOUNT.




$$
