000
CDUS46 KPDT 271102
CLIRDM

CLIMATE REPORT
NATIONAL WEATHER SERVICE PENDLETON OR
300 AM PST FRI FEB 27 2015


...................................

...THE REDMOND OR CLIMATE SUMMARY FOR FEBRUARY 26 2015...

CLIMATE NORMAL PERIOD 1981 TO 2010
CLIMATE RECORD PERIOD 1949 TO 2015


WEATHER ITEM   OBSERVED TIME   RECORD YEAR NORMAL DEPARTURE LAST
                VALUE   (LST)  VALUE       VALUE  FROM      YEAR
                                                  NORMAL
..................................................................
TEMPERATURE (F)
 YESTERDAY
  MAXIMUM         53    152 PM  64    1970  49      4       29
  MINIMUM         30    305 AM  -7    2011  24      6       26
  AVERAGE         42                        37      5       28

PRECIPITATION (IN)
  YESTERDAY        T             0.21 2000   0.03  -0.03      T
  MONTH TO DATE    0.54                      0.61  -0.07     1.16
  SINCE OCT 1      5.10                      4.34   0.76     2.39
  SINCE JAN 1      0.82                      1.58  -0.76     1.68

DEGREE DAYS
 HEATING
  YESTERDAY       23                        28     -5       37
  MONTH TO DATE  617                       778   -161      900
  SINCE DEC 1   2386                      2844   -458     2944
  SINCE JUL 1   3973                      4618   -645     4730

 COOLING
  YESTERDAY        0                         0      0        0
  MONTH TO DATE    0                         0      0        0
  SINCE DEC 1      0                         0      0        0
  SINCE JAN 1      0                         0      0        0
..................................................................


WIND (MPH)
  RESULTANT WIND SPEED   2   RESULTANT WIND DIRECTION  NW (300)
  HIGHEST WIND SPEED    17   HIGHEST WIND DIRECTION    NW (300)
  HIGHEST GUST SPEED    21   HIGHEST GUST DIRECTION    NW (300)
  AVERAGE WIND SPEED     5.5


SKY COVER
  POSSIBLE SUNSHINE  MM
  AVERAGE SKY COVER 0.5


WEATHER CONDITIONS
THE FOLLOWING WEATHER WAS RECORDED YESTERDAY.
  NO SIGNIFICANT WEATHER WAS OBSERVED.


RELATIVE HUMIDITY (PERCENT)
 HIGHEST    85           300 AM
 LOWEST     48           200 PM
 AVERAGE    67

..........................................................


THE REDMOND OR CLIMATE NORMALS FOR TODAY
                         NORMAL    RECORD    YEAR
 MAXIMUM TEMPERATURE (F)   50        63      1967
 MINIMUM TEMPERATURE (F)   24       -12      1960


SUNRISE AND SUNSET
FEBRUARY 27 2015......SUNRISE   645 AM PST   SUNSET   550 PM PST
FEBRUARY 28 2015......SUNRISE   644 AM PST   SUNSET   551 PM PST


-  INDICATES NEGATIVE NUMBERS.
R  INDICATES RECORD WAS SET OR TIED.
MM INDICATES DATA IS MISSING.
T  INDICATES TRACE AMOUNT.




$$
