000
CDUS46 KPDT 270830 RRA
CLIRDM

CLIMATE REPORT
NATIONAL WEATHER SERVICE PENDLETON OR
129 AM PDT THU JUL 27 2017


...................................

...THE REDMOND OR CLIMATE SUMMARY FOR JULY 26 2017...

CLIMATE NORMAL PERIOD 1981 TO 2010
CLIMATE RECORD PERIOD 1949 TO 2017


WEATHER ITEM   OBSERVED TIME   RECORD YEAR NORMAL DEPARTURE LAST
                VALUE   (LST)  VALUE       VALUE  FROM      YEAR
                                                  NORMAL
..................................................................
TEMPERATURE (F)
 YESTERDAY
  MAXIMUM         88    502 PM 101    1998  88      0       92
  MINIMUM         58   1150 PM  38    1963  47     11       51
  AVERAGE         73                        68      5       72

PRECIPITATION (IN)
  YESTERDAY        T             0.20 1978   0.01  -0.01     0.00
  MONTH TO DATE    T                         0.46  -0.46     0.64
  SINCE OCT 1      8.50                      7.90   0.60     9.04
  SINCE JAN 1      4.75                      5.14  -0.39     5.47

DEGREE DAYS
 HEATING
  YESTERDAY        0                         1     -1        0
  MONTH TO DATE    6                        63    -57       49
  SINCE JUN 1    171                       280   -109      226
  SINCE JUL 1      6                        63    -57       49

 COOLING
  YESTERDAY        8                         4      4        7
  MONTH TO DATE  138                        80     58       38
  SINCE JUN 1    179                       104     75      102
  SINCE JAN 1    189                       109     80      105
..................................................................


WIND (MPH)
  RESULTANT WIND SPEED   1   RESULTANT WIND DIRECTION   N (10)
  HIGHEST WIND SPEED    18   HIGHEST WIND DIRECTION    NW (310)
  HIGHEST GUST SPEED    23   HIGHEST GUST DIRECTION     N (360)
  AVERAGE WIND SPEED     5.3


SKY COVER
  POSSIBLE SUNSHINE  MM
  AVERAGE SKY COVER 0.2


WEATHER CONDITIONS
 THE FOLLOWING WEATHER WAS RECORDED YESTERDAY.
  THUNDERSTORM
  LIGHT RAIN


RELATIVE HUMIDITY (PERCENT)
 HIGHEST    67           400 AM
 LOWEST     22           400 PM
 AVERAGE    45

..........................................................


THE REDMOND OR CLIMATE NORMALS FOR TODAY
                         NORMAL    RECORD    YEAR
 MAXIMUM TEMPERATURE (F)   88       103      1968
 MINIMUM TEMPERATURE (F)   47        38      2015
                                             1986


SUNRISE AND SUNSET
JULY 27 2017..........SUNRISE   547 AM PDT   SUNSET   835 PM PDT
JULY 28 2017..........SUNRISE   548 AM PDT   SUNSET   833 PM PDT


-  INDICATES NEGATIVE NUMBERS.
R  INDICATES RECORD WAS SET OR TIED.
MM INDICATES DATA IS MISSING.
T  INDICATES TRACE AMOUNT.




$$
