000
CDUS46 KPDT 270040
CLIRDM

CLIMATE REPORT
NATIONAL WEATHER SERVICE PENDLETON OR
526 PM PDT THU MAY 26 2016


...................................

...THE REDMOND OR CLIMATE SUMMARY FOR MAY 26 2016...
VALID TODAY AS OF 0500 PM LOCAL TIME.

CLIMATE NORMAL PERIOD 1981 TO 2010
CLIMATE RECORD PERIOD 1949 TO 2016


WEATHER ITEM   OBSERVED TIME   RECORD YEAR NORMAL DEPARTURE LAST
                VALUE   (LST)  VALUE       VALUE  FROM      YEAR
                                                  NORMAL
..................................................................
TEMPERATURE (F)
 TODAY
  MAXIMUM         68    219 PM  88    1950  70     -2       73
  MINIMUM         38    440 AM  22    1964  38      0       39
  AVERAGE         53                        54     -1       56

PRECIPITATION (IN)
  TODAY            0.00          0.29 1953   0.04  -0.04     0.00
  MONTH TO DATE    1.98                      0.84   1.14     2.39
  SINCE OCT 1      7.75                      6.61   1.14     8.20
  SINCE JAN 1      4.18                      3.85   0.33     3.92

DEGREE DAYS
 HEATING
  TODAY           12                        11      1        9
  MONTH TO DATE  266                       373   -107      351
  SINCE MAR 1   1436                      1771   -335     1629
  SINCE JUL 1   5567                      6444   -877     5662

 COOLING
  TODAY            0                         0      0        0
  MONTH TO DATE    3                         0      3        0
  SINCE MAR 1      3                         0      3        0
  SINCE JAN 1      3                         0      3        0
..................................................................


WIND (MPH)
  RESULTANT WIND SPEED   2   RESULTANT WIND DIRECTION   W (290)
  HIGHEST WIND SPEED    21   HIGHEST WIND DIRECTION    NW (300)
  HIGHEST GUST SPEED    26   HIGHEST GUST DIRECTION    NW (310)
  AVERAGE WIND SPEED     6.8


SKY COVER
  POSSIBLE SUNSHINE  MM
  AVERAGE SKY COVER 0.0


WEATHER CONDITIONS
THE FOLLOWING WEATHER WAS RECORDED TODAY.
  NO SIGNIFICANT WEATHER WAS OBSERVED.


RELATIVE HUMIDITY (PERCENT)
 HIGHEST    85           300 AM
 LOWEST     26           100 PM
 AVERAGE    56

..........................................................


THE REDMOND OR CLIMATE NORMALS FOR TOMORROW
                         NORMAL    RECORD    YEAR
 MAXIMUM TEMPERATURE (F)   71        94      1983
 MINIMUM TEMPERATURE (F)   38        25      1954


SUNRISE AND SUNSET
MAY 26 2016...........SUNRISE   527 AM PDT   SUNSET   837 PM PDT
MAY 27 2016...........SUNRISE   526 AM PDT   SUNSET   838 PM PDT


-  INDICATES NEGATIVE NUMBERS.
R  INDICATES RECORD WAS SET OR TIED.
MM INDICATES DATA IS MISSING.
T  INDICATES TRACE AMOUNT.




$$
