000
CDUS46 KPDT 160855
CLIRDM

CLIMATE REPORT
NATIONAL WEATHER SERVICE PENDLETON OR
155 AM PDT TUE SEP 16 2014


...................................

...THE REDMOND OR CLIMATE SUMMARY FOR SEPTEMBER 15 2014...

CLIMATE NORMAL PERIOD 1981 TO 2010
CLIMATE RECORD PERIOD 1949 TO 2014


WEATHER ITEM   OBSERVED TIME   RECORD YEAR NORMAL DEPARTURE LAST
                VALUE   (LST)  VALUE       VALUE  FROM      YEAR
                                                  NORMAL
..................................................................
TEMPERATURE (F)
 YESTERDAY
  MAXIMUM         87    108 PM  97    1979  77     10       92
  MINIMUM         36    513 AM  23    1970  38     -2       52
  AVERAGE         62                        58      4       72

PRECIPITATION (IN)
  YESTERDAY        0.00          0.48 1963   0.01  -0.01     0.00
  MONTH TO DATE    0.00                      0.20  -0.20     0.02
  SINCE OCT 1      5.71                      8.69  -2.98     7.01
  SINCE JAN 1      5.00                      5.93  -0.93     3.10

DEGREE DAYS
 HEATING
  YESTERDAY        3                         8     -5        0
  MONTH TO DATE  110                        96     14       21
  SINCE SEP 1    110                        96     14       21
  SINCE JUL 1    184                       245    -61       57

 COOLING
  YESTERDAY        0                         0      0        7
  MONTH TO DATE    0                        14    -14       36
  SINCE SEP 1      0                        14    -14       36
  SINCE JAN 1    297                       220     77      350
..................................................................


WIND (MPH)
  RESULTANT WIND SPEED   2   RESULTANT WIND DIRECTION  NW (320)
  HIGHEST WIND SPEED    15   HIGHEST WIND DIRECTION    NW (330)
  HIGHEST GUST SPEED    17   HIGHEST GUST DIRECTION    NW (320)
  AVERAGE WIND SPEED     5.8


SKY COVER
  POSSIBLE SUNSHINE  MM
  AVERAGE SKY COVER 0.0


WEATHER CONDITIONS
THE FOLLOWING WEATHER WAS RECORDED YESTERDAY.
  NO SIGNIFICANT WEATHER WAS OBSERVED.


RELATIVE HUMIDITY (PERCENT)
 HIGHEST    54           500 AM
 LOWEST     14           100 PM
 AVERAGE    34

..........................................................


THE REDMOND OR CLIMATE NORMALS FOR TODAY
                         NORMAL    RECORD    YEAR
 MAXIMUM TEMPERATURE (F)   76        97      2008
 MINIMUM TEMPERATURE (F)   38        25      2006


SUNRISE AND SUNSET
SEPTEMBER 16 2014.....SUNRISE   645 AM PDT   SUNSET   713 PM PDT
SEPTEMBER 17 2014.....SUNRISE   646 AM PDT   SUNSET   711 PM PDT


-  INDICATES NEGATIVE NUMBERS.
R  INDICATES RECORD WAS SET OR TIED.
MM INDICATES DATA IS MISSING.
T  INDICATES TRACE AMOUNT.

$$
