000
CDUS46 KPDT 240907 RRA
CLIRDM

CLIMATE REPORT
NATIONAL WEATHER SERVICE PENDLETON OR
144 AM PDT MON APR 24 2017


...................................

...THE REDMOND OR CLIMATE SUMMARY FOR APRIL 23 2017...

CLIMATE NORMAL PERIOD 1981 TO 2010
CLIMATE RECORD PERIOD 1949 TO 2017


WEATHER ITEM   OBSERVED TIME   RECORD YEAR NORMAL DEPARTURE LAST
                VALUE   (LST)  VALUE       VALUE  FROM      YEAR
                                                  NORMAL
..................................................................
TEMPERATURE (F)
 YESTERDAY
  MAXIMUM         57   1019 AM  86    2012  61     -4       63
  MINIMUM         34    200 AM  18    2013  30      4       30
  AVERAGE         46                        46      0       47

PRECIPITATION (IN)
  YESTERDAY        T             0.82 2005   0.02  -0.02      T
  MONTH TO DATE    0.80                      0.54   0.26     0.26
  SINCE OCT 1      7.88                      5.58   2.30     5.74
  SINCE JAN 1      4.13                      2.82   1.31     2.17

DEGREE DAYS
 HEATING
  YESTERDAY       19                        19      0       18
  MONTH TO DATE  494                       490      4      300
  SINCE MAR 1   1171                      1268    -97     1030
  SINCE JUL 1   6048                      5941    107     5161

 COOLING
  YESTERDAY        0                         0      0        0
  MONTH TO DATE    0                         0      0        0
  SINCE MAR 1      0                         0      0        0
  SINCE JAN 1      0                         0      0        0
..................................................................


WIND (MPH)
  RESULTANT WIND SPEED   2   RESULTANT WIND DIRECTION   W (290)
  HIGHEST WIND SPEED    20   HIGHEST WIND DIRECTION     W (290)
  HIGHEST GUST SPEED    25   HIGHEST GUST DIRECTION     W (280)
  AVERAGE WIND SPEED     5.5


SKY COVER
  POSSIBLE SUNSHINE  MM
  AVERAGE SKY COVER 0.6


WEATHER CONDITIONS
 THE FOLLOWING WEATHER WAS RECORDED YESTERDAY.
  LIGHT RAIN


RELATIVE HUMIDITY (PERCENT)
 HIGHEST    85           300 AM
 LOWEST     32          1100 AM
 AVERAGE    59

..........................................................


THE REDMOND OR CLIMATE NORMALS FOR TODAY
                         NORMAL    RECORD    YEAR
 MAXIMUM TEMPERATURE (F)   61        87      1977
 MINIMUM TEMPERATURE (F)   30        16      1971


SUNRISE AND SUNSET
APRIL 24 2017.........SUNRISE   606 AM PDT   SUNSET   800 PM PDT
APRIL 25 2017.........SUNRISE   604 AM PDT   SUNSET   802 PM PDT


-  INDICATES NEGATIVE NUMBERS.
R  INDICATES RECORD WAS SET OR TIED.
MM INDICATES DATA IS MISSING.
T  INDICATES TRACE AMOUNT.




$$
