000
CDUS46 KPDT 290828
CLIRDM

CLIMATE REPORT
NATIONAL WEATHER SERVICE PENDLETON OR
1227 AM PST MON DEC 29 2014


...................................

...THE REDMOND OR CLIMATE SUMMARY FOR DECEMBER 28 2014...

CLIMATE NORMAL PERIOD 1981 TO 2010
CLIMATE RECORD PERIOD 1949 TO 2014


WEATHER ITEM   OBSERVED TIME   RECORD YEAR NORMAL DEPARTURE LAST
                VALUE   (LST)  VALUE       VALUE  FROM      YEAR
                                                  NORMAL
..................................................................
TEMPERATURE (F)
 YESTERDAY
  MAXIMUM         39   1229 PM  58    1997  40     -1       46
  MINIMUM         26   1001 PM  -3    1983  21      5       19
  AVERAGE         33                        30      3       33

PRECIPITATION (IN)
  YESTERDAY        T             0.50 2011   0.03  -0.03     0.00
  MONTH TO DATE    1.40                      1.06   0.34     0.37
  SINCE OCT 1      4.10                      2.66   1.44     0.71
  SINCE JAN 1      9.52                      8.80   0.72     4.80

DEGREE DAYS
 HEATING
  YESTERDAY       32                        35     -3       32
  MONTH TO DATE  759                       966   -207     1027
  SINCE DEC 1    759                       966   -207     1027
  SINCE JUL 1   2346                      2740   -394     2813

 COOLING
  YESTERDAY        0                         0      0        0
  MONTH TO DATE    0                         0      0        0
  SINCE DEC 1      0                         0      0        0
  SINCE JAN 1    311                       222     89      350
..................................................................


WIND (MPH)
  RESULTANT WIND SPEED   8   RESULTANT WIND DIRECTION  NW (310)
  HIGHEST WIND SPEED    24   HIGHEST WIND DIRECTION    NW (320)
  HIGHEST GUST SPEED    32   HIGHEST GUST DIRECTION    NW (300)
  AVERAGE WIND SPEED     9.7


SKY COVER
  POSSIBLE SUNSHINE  MM
  AVERAGE SKY COVER 0.8


WEATHER CONDITIONS
THE FOLLOWING WEATHER WAS RECORDED YESTERDAY.
  LIGHT SNOW
  FOG


RELATIVE HUMIDITY (PERCENT)
 HIGHEST    92           600 PM
 LOWEST     59           400 AM
 AVERAGE    76

..........................................................


THE REDMOND OR CLIMATE NORMALS FOR TODAY
                         NORMAL    RECORD    YEAR
 MAXIMUM TEMPERATURE (F)   40        61      1997
 MINIMUM TEMPERATURE (F)   21       -13      1990


SUNRISE AND SUNSET
DECEMBER 29 2014......SUNRISE   740 AM PST   SUNSET   434 PM PST
DECEMBER 30 2014......SUNRISE   740 AM PST   SUNSET   435 PM PST


-  INDICATES NEGATIVE NUMBERS.
R  INDICATES RECORD WAS SET OR TIED.
MM INDICATES DATA IS MISSING.
T  INDICATES TRACE AMOUNT.




$$
