000
CDUS46 KPDT 030032 RRA
CLIRDM

CLIMATE REPORT
NATIONAL WEATHER SERVICE PENDLETON OR
431 PM PST FRI DEC 2 2016


...................................

...THE REDMOND OR CLIMATE SUMMARY FOR DECEMBER 2 2016...
VALID TODAY AS OF 0400 PM LOCAL TIME.

CLIMATE NORMAL PERIOD 1981 TO 2010
CLIMATE RECORD PERIOD 1949 TO 2016


WEATHER ITEM   OBSERVED TIME   RECORD YEAR NORMAL DEPARTURE LAST
                VALUE   (LST)  VALUE       VALUE  FROM      YEAR
                                                  NORMAL
..................................................................
TEMPERATURE (F)
 TODAY
  MAXIMUM         43    337 PM  62    1958  42      1       MM
  MINIMUM         19    454 AM   3    1985  22     -3       MM
  AVERAGE         31                        32     -1       MM

PRECIPITATION (IN)
  TODAY            0.00          0.42 1962   0.04  -0.04     0.07
  MONTH TO DATE    T                         0.08  -0.08     0.10
  SINCE OCT 1      2.01                      1.68   0.33     1.79
  SINCE JAN 1      7.55                      7.82  -0.27     6.35

DEGREE DAYS
 HEATING
  TODAY           34                        33      1       MM
  MONTH TO DATE   67                        66      1       50
  SINCE DEC 1     67                        66      1       50
  SINCE JUL 1   1531                      1840   -309     1768

 COOLING
  TODAY            0                         0      0       MM
  MONTH TO DATE    0                         0      0        0
  SINCE DEC 1      0                         0      0        0
  SINCE JAN 1    240                       222     18      363
..................................................................


WIND (MPH)
  RESULTANT WIND SPEED   5   RESULTANT WIND DIRECTION  SE (150)
  HIGHEST WIND SPEED    15   HIGHEST WIND DIRECTION     S (170)
  HIGHEST GUST SPEED    20   HIGHEST GUST DIRECTION     S (190)
  AVERAGE WIND SPEED     5.4


SKY COVER
  POSSIBLE SUNSHINE  MM
  AVERAGE SKY COVER 0.6


WEATHER CONDITIONS
 THE FOLLOWING WEATHER WAS RECORDED TODAY.
  NO SIGNIFICANT WEATHER WAS OBSERVED.


RELATIVE HUMIDITY (PERCENT)
 HIGHEST    91           200 AM
 LOWEST     49           300 PM
 AVERAGE    70

..........................................................


THE REDMOND OR CLIMATE NORMALS FOR TOMORROW
                         NORMAL    RECORD    YEAR
 MAXIMUM TEMPERATURE (F)   42        67      1965
 MINIMUM TEMPERATURE (F)   22        -1      1992


SUNRISE AND SUNSET
DECEMBER  2 2016......SUNRISE   722 AM PST   SUNSET   426 PM PST
DECEMBER  3 2016......SUNRISE   723 AM PST   SUNSET   426 PM PST


-  INDICATES NEGATIVE NUMBERS.
R  INDICATES RECORD WAS SET OR TIED.
MM INDICATES DATA IS MISSING.
T  INDICATES TRACE AMOUNT.




$$
