000
CDUS46 KPDT 010859
CLIRDM

CLIMATE REPORT
NATIONAL WEATHER SERVICE PENDLETON OR
156 AM PDT WED OCT 1 2014


...................................

...THE REDMOND OR CLIMATE SUMMARY FOR SEPTEMBER 30 2014...

CLIMATE NORMAL PERIOD 1981 TO 2010
CLIMATE RECORD PERIOD 1949 TO 2014


WEATHER ITEM   OBSERVED TIME   RECORD YEAR NORMAL DEPARTURE LAST
                VALUE   (LST)  VALUE       VALUE  FROM      YEAR
                                                  NORMAL
..................................................................
TEMPERATURE (F)
 YESTERDAY
  MAXIMUM         64    108 PM  91    2011  71     -7       58
  MINIMUM         43    605 AM  23    1954  34      9       35
  AVERAGE         54                        53      1       47

PRECIPITATION (IN)
  YESTERDAY        0.00          0.22 1951   0.01  -0.01     0.02
  MONTH TO DATE    0.42                      0.41   0.01     1.01
  SINCE OCT 1      6.13                      8.90  -2.77     8.00
  SINCE JAN 1      5.42                      6.14  -0.72     4.09

DEGREE DAYS
 HEATING
  YESTERDAY       11                        12     -1       18
  MONTH TO DATE  186                       250    -64      230
  SINCE SEP 1    186                       250    -64      230
  SINCE JUL 1    260                       399   -139      266

 COOLING
  YESTERDAY        0                         0      0        0
  MONTH TO DATE   14                        16     -2       36
  SINCE SEP 1     14                        16     -2       36
  SINCE JAN 1    311                       222     89      350
..................................................................


WIND (MPH)
  RESULTANT WIND SPEED  11   RESULTANT WIND DIRECTION   W (290)
  HIGHEST WIND SPEED    23   HIGHEST WIND DIRECTION     W (280)
  HIGHEST GUST SPEED    31   HIGHEST GUST DIRECTION    NW (310)
  AVERAGE WIND SPEED    11.3


SKY COVER
  POSSIBLE SUNSHINE  MM
  AVERAGE SKY COVER 0.5


WEATHER CONDITIONS
THE FOLLOWING WEATHER WAS RECORDED YESTERDAY.
  NO SIGNIFICANT WEATHER WAS OBSERVED.


RELATIVE HUMIDITY (PERCENT)
 HIGHEST    76           600 AM
 LOWEST     34           100 PM
 AVERAGE    55

..........................................................


THE REDMOND OR CLIMATE NORMALS FOR TODAY
                         NORMAL    RECORD    YEAR
 MAXIMUM TEMPERATURE (F)   71        91      2001
 MINIMUM TEMPERATURE (F)   34        21      1950


SUNRISE AND SUNSET
OCTOBER  1 2014.......SUNRISE   702 AM PDT   SUNSET   645 PM PDT
OCTOBER  2 2014.......SUNRISE   704 AM PDT   SUNSET   643 PM PDT


-  INDICATES NEGATIVE NUMBERS.
R  INDICATES RECORD WAS SET OR TIED.
MM INDICATES DATA IS MISSING.
T  INDICATES TRACE AMOUNT.




$$
