000
CDUS46 KPDT 170833 RRA
CLIRDM

CLIMATE REPORT
NATIONAL WEATHER SERVICE PENDLETON OR
1232 AM PST FRI NOV 17 2017


...................................

...THE REDMOND OR CLIMATE SUMMARY FOR NOVEMBER 16 2017...

CLIMATE NORMAL PERIOD 1981 TO 2010
CLIMATE RECORD PERIOD 1949 TO 2017


WEATHER ITEM   OBSERVED TIME   RECORD YEAR NORMAL DEPARTURE LAST
                VALUE   (LST)  VALUE       VALUE  FROM      YEAR
                                                  NORMAL
..................................................................
TEMPERATURE (F)
 YESTERDAY
  MAXIMUM         48    223 PM  70    2008  49     -1       47
  MINIMUM         24   1157 PM -19    2014  26     -2       22
  AVERAGE         36                        37     -1       35

PRECIPITATION (IN)
  YESTERDAY        T             0.84 1981   0.03  -0.03     0.00
  MONTH TO DATE    0.36                      0.49  -0.13     0.19
  SINCE OCT 1      0.88                      1.13  -0.25     1.93
  SINCE JAN 1      6.35                      7.27  -0.92     7.47

DEGREE DAYS
 HEATING
  YESTERDAY       29                        28      1       30
  MONTH TO DATE  418                       404     14      244
  SINCE SEP 1   1229                      1200     29     1008
  SINCE JUL 1   1252                      1349    -97     1097

 COOLING
  YESTERDAY        0                         0      0        0
  MONTH TO DATE    0                         0      0        0
  SINCE SEP 1     56                        16     40        1
  SINCE JAN 1    434                       222    212      240
..................................................................


WIND (MPH)
  RESULTANT WIND SPEED   6   RESULTANT WIND DIRECTION  SW (210)
  HIGHEST WIND SPEED    22   HIGHEST WIND DIRECTION    SW (230)
  HIGHEST GUST SPEED    29   HIGHEST GUST DIRECTION    SW (210)
  AVERAGE WIND SPEED     7.1


SKY COVER
  POSSIBLE SUNSHINE  MM
  AVERAGE SKY COVER 0.4


WEATHER CONDITIONS
 THE FOLLOWING WEATHER WAS RECORDED YESTERDAY.
  LIGHT RAIN


RELATIVE HUMIDITY (PERCENT)
 HIGHEST    92           100 AM
 LOWEST     39           100 PM
 AVERAGE    66

..........................................................


THE REDMOND OR CLIMATE NORMALS FOR TODAY
                         NORMAL    RECORD    YEAR
 MAXIMUM TEMPERATURE (F)   48        75      2008
 MINIMUM TEMPERATURE (F)   26       -11      2014


SUNRISE AND SUNSET
NOVEMBER 17 2017......SUNRISE   703 AM PST   SUNSET   435 PM PST
NOVEMBER 18 2017......SUNRISE   705 AM PST   SUNSET   435 PM PST


-  INDICATES NEGATIVE NUMBERS.
R  INDICATES RECORD WAS SET OR TIED.
MM INDICATES DATA IS MISSING.
T  INDICATES TRACE AMOUNT.




$$
