000
CDUS42 KRAH 230620
CLIRDU


CLIMATE REPORT
NATIONAL WEATHER SERVICE RALEIGH NC
217 AM EDT SAT JUL 23 2016


...................................

...THE RALEIGH-DURHAM INTL AIRPORT NC CLIMATE SUMMARY FOR JULY 22 2016...

CLIMATE NORMAL PERIOD 1981 TO 2010
CLIMATE RECORD PERIOD 1887 TO 2016


WEATHER ITEM   OBSERVED TIME   RECORD YEAR NORMAL DEPARTURE LAST
                VALUE   (LST)  VALUE       VALUE  FROM      YEAR
                                                  NORMAL
..................................................................
TEMPERATURE (F)
 YESTERDAY
  MAXIMUM         93    323 PM 103    2011  90      3       88
                                      1952
  MINIMUM         73    618 AM  55    1974  70      3       71
  AVERAGE         83                        80      3       80

PRECIPITATION (IN)
  YESTERDAY        0.00          2.65 1946   0.16  -0.16     0.00
  MONTH TO DATE    7.82                      3.30   4.52     4.25
  SINCE JUN 1     13.84                      6.82   7.02    10.60
  SINCE JAN 1     33.45                     23.85   9.60    28.44

DEGREE DAYS
 HEATING
  YESTERDAY        0                         0      0        0
  MONTH TO DATE    0                         0      0        0
  SINCE JUN 1      0                         4     -4        0
  SINCE JUL 1      0                         0      0        0

 COOLING
  YESTERDAY       18                        15      3       15
  MONTH TO DATE  354                       330     24      338
  SINCE JUN 1    713                       677     36      775
  SINCE JAN 1    949                       886     63     1045
..................................................................


WIND (MPH)
  HIGHEST WIND SPEED    15   HIGHEST WIND DIRECTION     S (180)
  HIGHEST GUST SPEED    19   HIGHEST GUST DIRECTION    SW (240)
  AVERAGE WIND SPEED     7.9


SKY COVER
  POSSIBLE SUNSHINE  MM
  AVERAGE SKY COVER 0.6


WEATHER CONDITIONS
 THE FOLLOWING WEATHER WAS RECORDED YESTERDAY.
  NO SIGNIFICANT WEATHER WAS OBSERVED.


RELATIVE HUMIDITY (PERCENT)
 HIGHEST    93           300 AM
 LOWEST     55           600 PM
 AVERAGE    74

..........................................................


THE RALEIGH-DURHAM INTL AIRPORT NC CLIMATE NORMALS FOR TODAY
                         NORMAL    RECORD    YEAR
 MAXIMUM TEMPERATURE (F)   90       105      1952
 MINIMUM TEMPERATURE (F)   70        54      1947


SUNRISE AND SUNSET
JULY 23 2016..........SUNRISE   616 AM EDT   SUNSET   827 PM EDT
JULY 24 2016..........SUNRISE   617 AM EDT   SUNSET   826 PM EDT


-  INDICATES NEGATIVE NUMBERS.
R  INDICATES RECORD WAS SET OR TIED.
MM INDICATES DATA IS MISSING.
T  INDICATES TRACE AMOUNT.

&&

CLIMATE REPORT
NWS FORECAST OFFICE
NCSU CENTENNIAL CAMPUS
RALEIGH NC

MAXIMUM TEMPERATURE... 92

MINIMUM TEMPERATURE... 72

PRECIPITATION... 0.00

$$
