000
CDUS42 KRAH 070631
CLIRDU

CLIMATE REPORT
NATIONAL WEATHER SERVICE RALEIGH NC
225 AM EDT TUE JUL 7 2015
...................................

...THE RALEIGH-DURHAM INTL AIRPORT NC CLIMATE SUMMARY FOR JULY 6 2015...

CLIMATE NORMAL PERIOD 1981 TO 2010
CLIMATE RECORD PERIOD 1887 TO 2015


WEATHER ITEM   OBSERVED TIME   RECORD YEAR NORMAL DEPARTURE LAST
                VALUE   (LST)  VALUE       VALUE  FROM      YEAR
                                                  NORMAL
..................................................................
TEMPERATURE (F)
 YESTERDAY
  MAXIMUM         89    517 PM 102    1999  90     -1       90
  MINIMUM         70    239 AM  54    1979  70      0       61
  AVERAGE         80                        80      0       76

PRECIPITATION (IN)
  YESTERDAY        0.00          2.05 1898   0.14  -0.14     0.00
  MONTH TO DATE    1.23                      0.80   0.43      T
  SINCE JUN 1      7.58                      4.32   3.26     3.31
  SINCE JAN 1     25.42                     21.35   4.07    22.58

DEGREE DAYS
 HEATING
  YESTERDAY        0                         0      0        0
  MONTH TO DATE    0                         0      0        0
  SINCE JUN 1      0                         4     -4        0
  SINCE JUL 1      0                         0      0        0

 COOLING
  YESTERDAY       15                        15      0       11
  MONTH TO DATE   79                        90    -11       91
  SINCE JUN 1    516                       437     79      468
  SINCE JAN 1    786                       646    140      681
..................................................................


WIND (MPH)
  HIGHEST WIND SPEED    17   HIGHEST WIND DIRECTION    SW (230)
  HIGHEST GUST SPEED    24   HIGHEST GUST DIRECTION    SW (230)
  AVERAGE WIND SPEED     8.1


SKY COVER
  POSSIBLE SUNSHINE  MM
  AVERAGE SKY COVER 0.6


WEATHER CONDITIONS
 THE FOLLOWING WEATHER WAS RECORDED YESTERDAY.
  NO SIGNIFICANT WEATHER WAS OBSERVED.


RELATIVE HUMIDITY (PERCENT)
 HIGHEST   100           200 AM
 LOWEST     50           400 PM
 AVERAGE    75

..........................................................


THE RALEIGH-DURHAM INTL AIRPORT NC CLIMATE NORMALS FOR TODAY
                         NORMAL    RECORD    YEAR
 MAXIMUM TEMPERATURE (F)   90       102      2012
                                             2010
 MINIMUM TEMPERATURE (F)   70        55      1951


SUNRISE AND SUNSET
JULY  7 2015..........SUNRISE   605 AM EDT   SUNSET   835 PM EDT
JULY  8 2015..........SUNRISE   606 AM EDT   SUNSET   834 PM EDT


-  INDICATES NEGATIVE NUMBERS.
R  INDICATES RECORD WAS SET OR TIED.
MM INDICATES DATA IS MISSING.
T  INDICATES TRACE AMOUNT.


&&

CLIMATE REPORT NWS FORECAST OFFICE
NCSU CENTENNIAL CAMPUS
RALEIGH, NC

MAXIMUM TEMPERATURE...89

MINIMUM TEMPERATURE...69

PRECIPITATION... 0.01

$$
