000
CDUS42 KRAH 240544
CLIRDU


CLIMATE REPORT
NATIONAL WEATHER SERVICE RALEIGH NC
1243 AM EST TUE JAN 24 2017


...................................

...THE RALEIGH-DURHAM INTL AIRPORT NC CLIMATE SUMMARY FOR JANUARY 23 2017...

CLIMATE NORMAL PERIOD 1981 TO 2010
CLIMATE RECORD PERIOD 1887 TO 2017


WEATHER ITEM   OBSERVED TIME   RECORD YEAR NORMAL DEPARTURE LAST
                VALUE   (LST)  VALUE       VALUE  FROM      YEAR
                                                  NORMAL
..................................................................
TEMPERATURE (F)
 YESTERDAY
  MAXIMUM         60    435 PM  77    1999  51      9       32
                                      1937
  MINIMUM         43   1159 PM   8    1977  31     12       24
  AVERAGE         52                        41     11       28

PRECIPITATION (IN)
  YESTERDAY        0.28          1.57 1896   0.12   0.16     0.01
  MONTH TO DATE    3.69                      2.61   1.08     1.73
  SINCE DEC 1      5.88                      5.68   0.20     7.80
  SINCE JAN 1      3.69                      2.61   1.08     1.73

SNOWFALL (IN)
  YESTERDAY        0.0           4.1  1954   0.1   -0.1       T
  MONTH TO DATE    0.5                       2.1   -1.6      1.2
  SINCE DEC 1      0.5                       2.7   -2.2      1.2
  SINCE JUL 1      0.5                       2.8   -2.3      1.2
  SNOW DEPTH       0

DEGREE DAYS
 HEATING
  YESTERDAY       13                        24    -11       37
  MONTH TO DATE  419                       558   -139      619
  SINCE DEC 1   1046                      1228   -182      914
  SINCE JUL 1   1501                      1809   -308     1365

 COOLING
  YESTERDAY        0                         0      0        0
  MONTH TO DATE    0                         0      0        0
  SINCE DEC 1      0                         2     -2       27
  SINCE JAN 1      0                         0      0        0
..................................................................


WIND (MPH)
  HIGHEST WIND SPEED    25   HIGHEST WIND DIRECTION     E (80)
  HIGHEST GUST SPEED    31   HIGHEST GUST DIRECTION     E (80)
  AVERAGE WIND SPEED     9.8


SKY COVER
  POSSIBLE SUNSHINE  MM
  AVERAGE SKY COVER 0.9


WEATHER CONDITIONS
 THE FOLLOWING WEATHER WAS RECORDED YESTERDAY.
  HEAVY RAIN
  LIGHT RAIN
  FOG


RELATIVE HUMIDITY (PERCENT)
 HIGHEST   100           100 AM
 LOWEST     62           100 PM
 AVERAGE    81

..........................................................


THE RALEIGH-DURHAM INTL AIRPORT NC CLIMATE NORMALS FOR TODAY
                         NORMAL    RECORD    YEAR
 MAXIMUM TEMPERATURE (F)   51        77      1967
 MINIMUM TEMPERATURE (F)   31         7      1963


SUNRISE AND SUNSET
JANUARY 24 2017.......SUNRISE   721 AM EST   SUNSET   534 PM EST
JANUARY 25 2017.......SUNRISE   720 AM EST   SUNSET   535 PM EST


-  INDICATES NEGATIVE NUMBERS.
R  INDICATES RECORD WAS SET OR TIED.
MM INDICATES DATA IS MISSING.
T  INDICATES TRACE AMOUNT.

&&

CLIMATE REPORT
NWS FORECAST OFFICE
NCSU CENTENNIAL CAMPUS
RALEIGH NC

MAXIMUM TEMPERATURE...61

MINIMUM TEMPERATURE...42

PRECIPITATION...0.13

$$
