958
CDUS42 KRAH 300047
CLIRDU


CLIMATE REPORT
NATIONAL WEATHER SERVICE RALEIGH NC
845 PM EDT MON MAY 29 2017


...................................

...THE RALEIGH-DURHAM INTL AIRPORT NC CLIMATE SUMMARY FOR MAY 29 2017...
VALID AS OF 0845 PM LOCAL TIME.

CLIMATE NORMAL PERIOD 1981 TO 2010
CLIMATE RECORD PERIOD 1887 TO 2017


WEATHER ITEM   OBSERVED TIME   RECORD YEAR NORMAL DEPARTURE LAST
                VALUE   (LST)  VALUE       VALUE  FROM      YEAR
                                                  NORMAL
..................................................................
TEMPERATURE (F)
 TODAY
  MAXIMUM         87    425 PM  98    1941  83      4       76
  MINIMUM         64    538 AM  47    1968  61      3       65
                                      1926
                                      1922
  AVERAGE         76                        72      4       71

PRECIPITATION (IN)
  TODAY            0.00          2.46 1984   0.12  -0.12     1.95
  MONTH TO DATE    5.50                      3.02   2.48     5.68
  SINCE MAR 1     17.29                     10.05   7.24    12.70
  SINCE JAN 1     21.72                     16.78   4.94    19.11

..................................................................


WIND (MPH)
  HIGHEST WIND SPEED    12   HIGHEST WIND DIRECTION     W (270)
  HIGHEST GUST SPEED    17   HIGHEST GUST DIRECTION     W (280)
  AVERAGE WIND SPEED     3.5


SKY COVER
  POSSIBLE SUNSHINE  MM
  AVERAGE SKY COVER 0.5


WEATHER CONDITIONS
 THE FOLLOWING WEATHER WAS RECORDED TODAY.
  NO SIGNIFICANT WEATHER WAS OBSERVED.


RELATIVE HUMIDITY (PERCENT)
 HIGHEST    90           100 AM
 LOWEST     45           300 PM
 AVERAGE    68

..........................................................


THE RALEIGH-DURHAM INTL AIRPORT NC CLIMATE NORMALS FOR TOMORROW
                         NORMAL    RECORD    YEAR
 MAXIMUM TEMPERATURE (F)   83        95      1895
 MINIMUM TEMPERATURE (F)   61        48      1946


SUNRISE AND SUNSET
MAY 29 2017...........SUNRISE   601 AM EDT   SUNSET   824 PM EDT
MAY 30 2017...........SUNRISE   601 AM EDT   SUNSET   825 PM EDT


-  INDICATES NEGATIVE NUMBERS.
R  INDICATES RECORD WAS SET OR TIED.
MM INDICATES DATA IS MISSING.
T  INDICATES TRACE AMOUNT.

&&

CLIMATE REPORT
NWS FORECAST OFFICE
NCSU CENTENNIAL CAMPUS
RALEIGH NC

MAXIMUM TEMPERATURE... 87

MINIMUM TEMPERATURE... 63

PRECIPITATION... 0.00

$$
