000
CDUS42 KRAH 280009
CLIRDU


CLIMATE REPORT
NATIONAL WEATHER SERVICE RALEIGH NC
808 PM EDT THU AUG 27 2015


...................................

...THE RALEIGH-DURHAM INTL AIRPORT NC CLIMATE SUMMARY FOR AUGUST 27 2015...
VALID AS OF 0800 PM LOCAL TIME.

CLIMATE NORMAL PERIOD 1981 TO 2010
CLIMATE RECORD PERIOD 1887 TO 2015


WEATHER ITEM   OBSERVED TIME   RECORD YEAR NORMAL DEPARTURE LAST
                VALUE   (LST)  VALUE       VALUE  FROM      YEAR
                                                  NORMAL
..................................................................
TEMPERATURE (F)
 TODAY
  MAXIMUM         84    300 PM  97    1948  87     -3       86
  MINIMUM         68        MM  53    1945  67      1       58
  AVERAGE         76                        77     -1       72

PRECIPITATION (IN)
  TODAY            0.00          4.16 1887   0.15  -0.15     0.00
  MONTH TO DATE    3.07                      3.70  -0.63     6.80
  SINCE JUN 1     14.43                     11.95   2.48    19.07
  SINCE JAN 1     32.27                     28.98   3.29    38.34

DEGREE DAYS
 HEATING
  TODAY            0                         0      0        0
  MONTH TO DATE    0                         0      0        0
  SINCE JUN 1      0                         4     -4        0
  SINCE JUL 1      0                         0      0        0

 COOLING
  TODAY           11                        12     -1        7
  MONTH TO DATE  376                       372      4      286
  SINCE JUN 1   1285                      1185    100     1086
  SINCE JAN 1   1555                      1394    161     1299
..................................................................


WIND (MPH)
  RESULTANT WIND SPEED   7   RESULTANT WIND DIRECTION  NE (60)
  HIGHEST WIND SPEED    12   HIGHEST WIND DIRECTION    NE (50)
  HIGHEST GUST SPEED    16   HIGHEST GUST DIRECTION     E (80)
  AVERAGE WIND SPEED     7.5


SKY COVER
  POSSIBLE SUNSHINE  MM
  AVERAGE SKY COVER 0.8


WEATHER CONDITIONS
 THE FOLLOWING WEATHER WAS RECORDED TODAY.
  NO SIGNIFICANT WEATHER WAS OBSERVED.


RELATIVE HUMIDITY (PERCENT)
 HIGHEST    84           200 AM
 LOWEST     47           200 PM
 AVERAGE    66

..........................................................


THE RALEIGH-DURHAM INTL AIRPORT NC CLIMATE NORMALS FOR TOMORROW
                         NORMAL    RECORD    YEAR
 MAXIMUM TEMPERATURE (F)   87       100      1948
 MINIMUM TEMPERATURE (F)   67        52      1986
                                             1969


SUNRISE AND SUNSET
AUGUST 27 2015........SUNRISE   643 AM EDT   SUNSET   750 PM EDT
AUGUST 28 2015........SUNRISE   644 AM EDT   SUNSET   748 PM EDT


-  INDICATES NEGATIVE NUMBERS.
R  INDICATES RECORD WAS SET OR TIED.
MM INDICATES DATA IS MISSING.
T  INDICATES TRACE AMOUNT.




$$
