000
CDUS42 KRAH 310607
CLIRDU

CLIMATE REPORT
NATIONAL WEATHER SERVICE RALEIGH NC
205 AM EDT THU JUL 31 2014

...................................

...THE RALEIGH-DURHAM INTL AIRPORT NC CLIMATE SUMMARY FOR JULY 30 2014...

CLIMATE NORMAL PERIOD 1981 TO 2010
CLIMATE RECORD PERIOD 1887 TO 2014


WEATHER ITEM   OBSERVED TIME   RECORD YEAR NORMAL DEPARTURE LAST
                VALUE   (LST)  VALUE       VALUE  FROM      YEAR
                                                  NORMAL
..................................................................
TEMPERATURE (F)
 YESTERDAY
  MAXIMUM         81    114 PM 101    1953  90     -9       87
  MINIMUM         63    548 AM  56    1946  70     -7       62
                                      1936
  AVERAGE         72                        80     -8       75

PRECIPITATION (IN)
  YESTERDAY        T             3.70 1888   0.17  -0.17     0.00
  MONTH TO DATE    8.88                      4.57   4.31     2.97
  SINCE JUN 1     12.19                      8.09   4.10    13.05
  SINCE JAN 1     31.46                     25.12   6.34    32.08

DEGREE DAYS
 HEATING
  YESTERDAY        0                         0      0        0
  MONTH TO DATE    0                         0      0        0
  SINCE JUN 1      0                         4     -4        0
  SINCE JUL 1      0                         0      0        0

 COOLING
  YESTERDAY        7                        15     -8       10
  MONTH TO DATE  414                       450    -36      434
  SINCE JUN 1    791                       797     -6      765
  SINCE JAN 1   1004                      1006     -2      943
..................................................................


WIND (MPH)
  HIGHEST WIND SPEED    13   HIGHEST WIND DIRECTION     E (80)
  HIGHEST GUST SPEED    18   HIGHEST GUST DIRECTION    SE (130)
  AVERAGE WIND SPEED     4.2


SKY COVER
  POSSIBLE SUNSHINE  MM
  AVERAGE SKY COVER 0.6


WEATHER CONDITIONS
 THE FOLLOWING WEATHER WAS RECORDED YESTERDAY.
  THUNDERSTORM


RELATIVE HUMIDITY (PERCENT)
 HIGHEST    84           400 AM
 LOWEST     58           100 PM
 AVERAGE    71

..........................................................


THE RALEIGH-DURHAM INTL AIRPORT NC CLIMATE NORMALS FOR TODAY
                         NORMAL    RECORD    YEAR
 MAXIMUM TEMPERATURE (F)   90       104      1999
 MINIMUM TEMPERATURE (F)   70        55      1914


SUNRISE AND SUNSET
JULY 31 2014..........SUNRISE   622 AM EDT   SUNSET   821 PM EDT
AUGUST  1 2014........SUNRISE   623 AM EDT   SUNSET   820 PM EDT


-  INDICATES NEGATIVE NUMBERS.
R  INDICATES RECORD WAS SET OR TIED.
MM INDICATES DATA IS MISSING.
T  INDICATES TRACE AMOUNT.

&&

CLIMATE REPORT
NWS FORECAST OFFICE
NCSU CENTENNIAL CAMPUS
RALEIGH, NC

MAXIMUM TEMPERATURE... 81

MINIMUM TEMPERATURE... 65

PRECIPITATION... TRACE

$$

DJF
