000
CDUS42 KRAH 112100
CLIRDU


CLIMATE REPORT
NATIONAL WEATHER SERVICE RALEIGH NC
457 PM EDT FRI JUL 11 2014


...................................

...THE RALEIGH-DURHAM INTL AIRPORT NC CLIMATE SUMMARY FOR JULY 11 2014...
VALID TODAY AS OF 0456 PM LOCAL TIME.

CLIMATE NORMAL PERIOD 1981 TO 2010
CLIMATE RECORD PERIOD 1887 TO 2014


WEATHER ITEM   OBSERVED TIME   RECORD YEAR NORMAL DEPARTURE LAST
                VALUE   (LST)  VALUE       VALUE  FROM      YEAR
                                                  NORMAL
..................................................................
TEMPERATURE (F)
 TODAY
  MAXIMUM         86    354 PM  99    1993  90     -4       84
  MINIMUM         70    551 AM  49    1963  70      0       72
  AVERAGE         78                        80     -2       78

PRECIPITATION (IN)
  TODAY            0.00          2.67 1991   0.16  -0.16     0.20
  MONTH TO DATE    0.68                      1.52  -0.84     1.27
  SINCE JUN 1      3.99                      5.04  -1.05    11.35
  SINCE JAN 1     23.26                     22.07   1.19    30.38

DEGREE DAYS
 HEATING
  TODAY            0                         0      0        0
  MONTH TO DATE    0                         0      0        0
  SINCE JUN 1      0                         4     -4        0
  SINCE JUL 1      0                         0      0        0

 COOLING
  TODAY           13                        15     -2       13
  MONTH TO DATE  177                       165     12      159
  SINCE JUN 1    554                       512     42      490
  SINCE JAN 1    767                       721     46      668
..................................................................


WIND (MPH)
  HIGHEST WIND SPEED     7   HIGHEST WIND DIRECTION    SE (120)
  HIGHEST GUST SPEED    13   HIGHEST GUST DIRECTION     E (90)
  AVERAGE WIND SPEED     2.3


SKY COVER
  POSSIBLE SUNSHINE  MM
  AVERAGE SKY COVER 0.9


WEATHER CONDITIONS
 THE FOLLOWING WEATHER WAS RECORDED TODAY.
  FOG


RELATIVE HUMIDITY (PERCENT)
 HIGHEST    97           300 AM
 LOWEST     55           300 PM
 AVERAGE    76

..........................................................


THE RALEIGH-DURHAM INTL AIRPORT NC CLIMATE NORMALS FOR TOMORROW
                         NORMAL    RECORD    YEAR
 MAXIMUM TEMPERATURE (F)   90       101      1888
 MINIMUM TEMPERATURE (F)   70        55      1963


SUNRISE AND SUNSET
JULY 11 2014..........SUNRISE   608 AM EDT   SUNSET   833 PM EDT
JULY 12 2014..........SUNRISE   608 AM EDT   SUNSET   833 PM EDT


-  INDICATES NEGATIVE NUMBERS.
R  INDICATES RECORD WAS SET OR TIED.
MM INDICATES DATA IS MISSING.
T  INDICATES TRACE AMOUNT.

&&

CLIMATE REPORT NWS FORECAST OFFICE
NCSU CENTENNIAL CAMPUS
RALEIGH, NC

MAXIMUM TEMPERATURE...85

MINIMUM TEMPERATURE...70

PRECIPITATION...TRACE

$$
