000
CDUS46 KBOI 280931
CLIREO


CLIMATE REPORT
NATIONAL WEATHER SERVICE BOISE ID
231 AM MST SAT FEB 28 2015


...................................

...THE ROME OR CLIMATE SUMMARY FOR FEBRUARY 27 2015...

CLIMATE NORMAL PERIOD 1981 TO 2010
CLIMATE RECORD PERIOD 9999 TO 9999


WEATHER ITEM   OBSERVED TIME   NORMAL DEPARTURE LAST
                VALUE   (LST)  VALUE  FROM      YEAR
                                      NORMAL
......................................................
TEMPERATURE (F)
 YESTERDAY
  MAXIMUM         40    511 PM  49     -9       56
  MINIMUM         30   1159 PM  24      6       34
  AVERAGE         35            36     -1       45

PRECIPITATION (IN)
  YESTERDAY        0.23          0.02   0.21     0.02
  MONTH TO DATE    0.45          0.73  -0.28     0.62
  SINCE OCT 1      2.62          3.57  -0.95     0.94
  SINCE JAN 1      0.62          1.38  -0.76     0.75

DEGREE DAYS
 HEATING
  YESTERDAY       30            29      1       20
  MONTH TO DATE  625           855   -230      705
  SINCE DEC 1   2539          3091   -552     2877
  SINCE JUL 1   3777          4704   -927     4395

 COOLING
  YESTERDAY        0             0      0        0
  MONTH TO DATE    0             0      0        0
  SINCE DEC 1      0             0      0        0
  SINCE JAN 1      0             0      0        0
......................................................


WIND (MPH)
  RESULTANT WIND SPEED   3   RESULTANT WIND DIRECTION   S (160)
  HIGHEST WIND SPEED    14   HIGHEST WIND DIRECTION    SE (140)
  HIGHEST GUST SPEED    17   HIGHEST GUST DIRECTION    SE (130)
  AVERAGE WIND SPEED     4.7


SKY COVER
  AVERAGE SKY COVER 0.0


WEATHER CONDITIONS
 THE FOLLOWING WEATHER WAS RECORDED YESTERDAY.
  NO SIGNIFICANT WEATHER WAS OBSERVED.


RELATIVE HUMIDITY (PERCENT)
 HIGHEST    92          1100 AM
 LOWEST     75          1200 AM
 AVERAGE    84

..........................................................


THE ROME OR CLIMATE NORMALS FOR TODAY
                         NORMAL    RECORD    YEAR
 MAXIMUM TEMPERATURE (F)   49        MM        MM
 MINIMUM TEMPERATURE (F)   24        MM        MM


SUNRISE AND SUNSET
FEBRUARY 28 2015......SUNRISE   629 AM PST   SUNSET   540 PM PST
MARCH  1 2015.........SUNRISE   627 AM PST   SUNSET   541 PM PST


-  INDICATES NEGATIVE NUMBERS.
R  INDICATES RECORD WAS SET OR TIED.
MM INDICATES DATA IS MISSING.
T  INDICATES TRACE AMOUNT.




$$
