000
CDUS46 KBOI 180932
CLIREO


CLIMATE REPORT
NATIONAL WEATHER SERVICE BOISE ID
232 AM MST WED JAN 18 2017


...................................

...THE ROME OR CLIMATE SUMMARY FOR JANUARY 17 2017...

CLIMATE NORMAL PERIOD 1981 TO 2010
CLIMATE RECORD PERIOD 9999 TO 9999


WEATHER ITEM   OBSERVED TIME   NORMAL DEPARTURE LAST
                VALUE   (LST)  VALUE  FROM      YEAR
                                      NORMAL
......................................................
TEMPERATURE (F)
 YESTERDAY
  MAXIMUM         31   1018 PM  39     -8       45
  MINIMUM         -2    328 AM  20    -22       29
  AVERAGE         15            30    -15       37

PRECIPITATION (IN)
  YESTERDAY        0.00          0.02  -0.02     0.00
  MONTH TO DATE    1.54          0.38   1.16     0.20
  SINCE OCT 1      3.92          2.57   1.35     4.63
  SINCE JAN 1      1.54          0.38   1.16     0.20

DEGREE DAYS
 HEATING
  YESTERDAY       50            35     15       28
  MONTH TO DATE  745           615    130      689
  SINCE DEC 1   2034          1749    285     1724
  SINCE JUL 1   3269          3362    -93     2980

 COOLING
  YESTERDAY        0             0      0        0
  MONTH TO DATE    0             0      0        0
  SINCE DEC 1      0             0      0        0
  SINCE JAN 1      0             0      0        0
......................................................


WIND (MPH)
  RESULTANT WIND SPEED   3   RESULTANT WIND DIRECTION   N (20)
  HIGHEST WIND SPEED    14   HIGHEST WIND DIRECTION    SE (140)
  HIGHEST GUST SPEED    17   HIGHEST GUST DIRECTION    SE (140)
  AVERAGE WIND SPEED     5.7


SKY COVER
  AVERAGE SKY COVER 0.0


WEATHER CONDITIONS
 THE FOLLOWING WEATHER WAS RECORDED YESTERDAY.
  NO SIGNIFICANT WEATHER WAS OBSERVED.


RELATIVE HUMIDITY (PERCENT)
 HIGHEST    95           800 AM
 LOWEST     68           200 PM
 AVERAGE    82

..........................................................


THE ROME OR CLIMATE NORMALS FOR TODAY
                         NORMAL    RECORD    YEAR
 MAXIMUM TEMPERATURE (F)   39        MM        MM
 MINIMUM TEMPERATURE (F)   20        MM        MM


SUNRISE AND SUNSET
JANUARY 18 2017.......SUNRISE   717 AM PST   SUNSET   448 PM PST
JANUARY 19 2017.......SUNRISE   716 AM PST   SUNSET   449 PM PST


-  INDICATES NEGATIVE NUMBERS.
R  INDICATES RECORD WAS SET OR TIED.
MM INDICATES DATA IS MISSING.
T  INDICATES TRACE AMOUNT.




$$
