000
CDUS46 KBOI 110933
CLIREO


CLIMATE REPORT
NATIONAL WEATHER SERVICE BOISE ID
232 AM MST SUN DEC 11 2016


...................................

...THE ROME OR CLIMATE SUMMARY FOR DECEMBER 10 2016...

CLIMATE NORMAL PERIOD 1981 TO 2010
CLIMATE RECORD PERIOD 9999 TO 9999


WEATHER ITEM   OBSERVED TIME   NORMAL DEPARTURE LAST
                VALUE   (LST)  VALUE  FROM      YEAR
                                      NORMAL
......................................................
TEMPERATURE (F)
 YESTERDAY
  MAXIMUM         48    234 PM  39      9       53
  MINIMUM         30   1159 PM  18     12       33
  AVERAGE         39            28     11       43

PRECIPITATION (IN)
  YESTERDAY        0.16          0.03   0.13     0.15
  MONTH TO DATE    0.41          0.25   0.16     0.38
  SINCE OCT 1      1.07          1.62  -0.55     3.29
  SINCE JAN 1      5.38          8.35  -2.97     9.27

DEGREE DAYS
 HEATING
  YESTERDAY       26            36    -10       22
  MONTH TO DATE  361           354      7      287
  SINCE DEC 1    361           354      7      287
  SINCE JUL 1   1596          1967   -371     1543

 COOLING
  YESTERDAY        0             0      0        0
  MONTH TO DATE    0             0      0        0
  SINCE DEC 1      0             0      0        0
  SINCE JAN 1    697           507    190      868
......................................................


WIND (MPH)
  RESULTANT WIND SPEED   6   RESULTANT WIND DIRECTION   S (200)
  HIGHEST WIND SPEED    20   HIGHEST WIND DIRECTION    SW (220)
  HIGHEST GUST SPEED    24   HIGHEST GUST DIRECTION    SW (220)
  AVERAGE WIND SPEED     8.6


SKY COVER
  AVERAGE SKY COVER 0.0


WEATHER CONDITIONS
 THE FOLLOWING WEATHER WAS RECORDED YESTERDAY.
  NO SIGNIFICANT WEATHER WAS OBSERVED.


RELATIVE HUMIDITY (PERCENT)
 HIGHEST    89          1200 AM
 LOWEST     60           400 PM
 AVERAGE    75

..........................................................


THE ROME OR CLIMATE NORMALS FOR TODAY
                         NORMAL    RECORD    YEAR
 MAXIMUM TEMPERATURE (F)   39        MM        MM
 MINIMUM TEMPERATURE (F)   18        MM        MM


SUNRISE AND SUNSET
DECEMBER 11 2016......SUNRISE   712 AM PST   SUNSET   418 PM PST
DECEMBER 12 2016......SUNRISE   713 AM PST   SUNSET   418 PM PST


-  INDICATES NEGATIVE NUMBERS.
R  INDICATES RECORD WAS SET OR TIED.
MM INDICATES DATA IS MISSING.
T  INDICATES TRACE AMOUNT.




$$
