000
CDUS46 KBOI 210948
CLIREO


CLIMATE REPORT
NATIONAL WEATHER SERVICE BOISE ID
348 AM MDT TUE OCT 21 2014


...................................

...THE ROME OR CLIMATE SUMMARY FOR OCTOBER 20 2014...

CLIMATE NORMAL PERIOD 1981 TO 2010
CLIMATE RECORD PERIOD 9999 TO 9999


WEATHER ITEM   OBSERVED TIME   NORMAL DEPARTURE LAST
                VALUE   (LST)  VALUE  FROM      YEAR
                                      NORMAL
......................................................
TEMPERATURE (F)
 YESTERDAY
  MAXIMUM         77    132 PM  63     14       69
  MINIMUM         37    506 AM  30      7       28
  AVERAGE         57            46     11       49

PRECIPITATION (IN)
  YESTERDAY        0.04          0.03   0.01     0.00
  MONTH TO DATE    0.04          0.45  -0.41     0.04
  SINCE OCT 1      0.04          0.45  -0.41     0.04
  SINCE JAN 1      3.44          7.18  -3.74     5.14

DEGREE DAYS
 HEATING
  YESTERDAY        8            19    -11       16
  MONTH TO DATE  163           306   -143      375
  SINCE SEP 1    271           489   -218      525
  SINCE JUL 1    281           530   -249      525

 COOLING
  YESTERDAY        0             0      0        0
  MONTH TO DATE    2             0      2        0
  SINCE SEP 1     64            40     24       78
  SINCE JAN 1    690           506    184      878
......................................................


WIND (MPH)
  RESULTANT WIND SPEED   6   RESULTANT WIND DIRECTION   S (190)
  HIGHEST WIND SPEED    28   HIGHEST WIND DIRECTION     S (180)
  HIGHEST GUST SPEED    35   HIGHEST GUST DIRECTION    SW (230)
  AVERAGE WIND SPEED     8.7


SKY COVER
  AVERAGE SKY COVER 0.0


WEATHER CONDITIONS
 THE FOLLOWING WEATHER WAS RECORDED YESTERDAY.
  NO SIGNIFICANT WEATHER WAS OBSERVED.


RELATIVE HUMIDITY (PERCENT)
 HIGHEST    77          1000 PM
 LOWEST     13           100 PM
 AVERAGE    45

..........................................................


THE ROME OR CLIMATE NORMALS FOR TODAY
                         NORMAL    RECORD    YEAR
 MAXIMUM TEMPERATURE (F)   62        MM        MM
 MINIMUM TEMPERATURE (F)   30        MM        MM


SUNRISE AND SUNSET
OCTOBER 21 2014.......SUNRISE   712 AM PDT   SUNSET   600 PM PDT
OCTOBER 22 2014.......SUNRISE   713 AM PDT   SUNSET   558 PM PDT


-  INDICATES NEGATIVE NUMBERS.
R  INDICATES RECORD WAS SET OR TIED.
MM INDICATES DATA IS MISSING.
T  INDICATES TRACE AMOUNT.




$$
