002
CDUS43 KGRB 070809
CLIRHI


CLIMATE REPORT
NATIONAL WEATHER SERVICE GREEN BAY
207 AM CST WED DEC 7 2016


...................................

...THE RHINELANDER WI CLIMATE SUMMARY FOR DECEMBER 6 2016...

CLIMATE NORMAL PERIOD 1981 TO 2010
CLIMATE RECORD PERIOD 1908 TO 2016


WEATHER ITEM   OBSERVED TIME   RECORD YEAR NORMAL DEPARTURE LAST
                VALUE   (LST)  VALUE       VALUE  FROM      YEAR
                                                  NORMAL
..................................................................
TEMPERATURE (F)
 YESTERDAY
  MAXIMUM         33   1224 AM  52    1998  28      5       38
  MINIMUM         20   1159 PM -18    1926  12      8       30
  AVERAGE         27                        20      7       34

PRECIPITATION (IN)
  YESTERDAY        0.04          0.51 1912   0.05  -0.01     0.00
  MONTH TO DATE    0.20                      0.32  -0.12     0.39
  SINCE DEC 1      0.20                      0.32  -0.12     0.39
  SINCE JAN 1     40.98                     30.28  10.70    27.81

SNOWFALL (IN)
  YESTERDAY        1.3           3.5  1949  MM     MM        0.0
  MONTH TO DATE    2.7                      MM     MM        3.3
  SINCE DEC 1      2.7                      MM     MM        3.3
  SINCE JUL 1      9.3                      MM     MM        7.4
  SNOW DEPTH       2

DEGREE DAYS
 HEATING
  YESTERDAY       38                        45     -7       31
  MONTH TO DATE  209                       264    -55      193
  SINCE DEC 1    209                       264    -55      193
  SINCE JUL 1   1691                      2398   -707     1910

 COOLING
  YESTERDAY        0                         0      0        0
  MONTH TO DATE    0                         0      0        0
  SINCE DEC 1      0                         0      0        0
  SINCE JAN 1    321                       261     60      233
..................................................................


WIND (MPH)
  HIGHEST WIND SPEED    24   HIGHEST WIND DIRECTION    SW (240)
  HIGHEST GUST SPEED    39   HIGHEST GUST DIRECTION     W (260)
  AVERAGE WIND SPEED    12.7


SKY COVER
  POSSIBLE SUNSHINE  MM
  AVERAGE SKY COVER 0.8


WEATHER CONDITIONS
 THE FOLLOWING WEATHER WAS RECORDED YESTERDAY.
  SNOW
  LIGHT SNOW
  FOG
  FOG W/VISIBILITY <= 1/4 MILE


RELATIVE HUMIDITY (PERCENT)
 HIGHEST   100          1200 PM
 LOWEST     68           300 PM
 AVERAGE    84

..........................................................


THE RHINELANDER WI CLIMATE NORMALS FOR TODAY
                         NORMAL    RECORD    YEAR
 MAXIMUM TEMPERATURE (F)   28        49      1939
 MINIMUM TEMPERATURE (F)   12       -23      1936


SUNRISE AND SUNSET
DECEMBER  7 2016......SUNRISE   725 AM CST   SUNSET   414 PM CST
DECEMBER  8 2016......SUNRISE   726 AM CST   SUNSET   414 PM CST


-  INDICATES NEGATIVE NUMBERS.
R  INDICATES RECORD WAS SET OR TIED.
MM INDICATES DATA IS MISSING.
T  INDICATES TRACE AMOUNT.

$$
