649
CDUS43 KGRB 140626
CLIRHI


CLIMATE REPORT
NATIONAL WEATHER SERVICE GREEN BAY
1226 AM CST SUN FEB 14 2016


...................................

...THE RHINELANDER WI CLIMATE SUMMARY FOR FEBRUARY 13 2016...

CLIMATE NORMAL PERIOD 1981 TO 2010
CLIMATE RECORD PERIOD 1908 TO 2016


WEATHER ITEM   OBSERVED TIME   RECORD YEAR NORMAL DEPARTURE LAST
                VALUE   (LST)  VALUE       VALUE  FROM      YEAR
                                                  NORMAL
..................................................................
TEMPERATURE (F)
 YESTERDAY
  MAXIMUM         10    224 PM  46    2011  26    -16       16
  MINIMUM        -15   1108 PM -27    1971   6    -21       -7
                                      1917
  AVERAGE         -2                        16    -18        5

PRECIPITATION (IN)
  YESTERDAY        0.00          0.42 1938   0.03  -0.03     0.02
  MONTH TO DATE    0.43                      0.40   0.03     0.16
  SINCE DEC 1      5.15                      2.95   2.20     2.86
  SINCE JAN 1      1.19                      1.51  -0.32     0.84

SNOWFALL (IN)
  YESTERDAY        0.0           3.0  1962  MM     MM        1.0
                                      1939
  MONTH TO DATE    5.6                      MM     MM        3.1
  SINCE DEC 1     25.7                      MM     MM       31.5
  SINCE JUL 1     29.8                      MM     MM       66.6
  SNOW DEPTH      13

DEGREE DAYS
 HEATING
  YESTERDAY       67                        49     18       60
  MONTH TO DATE  650                       660    -10      728
  SINCE DEC 1   3309                      3787   -478     3819
  SINCE JUL 1   5026                      5921   -895     6340

 COOLING
  YESTERDAY        0                         0      0        0
  MONTH TO DATE    0                         0      0        0
  SINCE DEC 1      0                         0      0        0
  SINCE JAN 1      0                         0      0        0
..................................................................


WIND (MPH)
  HIGHEST WIND SPEED    14   HIGHEST WIND DIRECTION     W (290)
  HIGHEST GUST SPEED    19   HIGHEST GUST DIRECTION     W (280)
  AVERAGE WIND SPEED     6.3


SKY COVER
  POSSIBLE SUNSHINE  MM
  AVERAGE SKY COVER 0.1


WEATHER CONDITIONS
 THE FOLLOWING WEATHER WAS RECORDED YESTERDAY.
  NO SIGNIFICANT WEATHER WAS OBSERVED.


RELATIVE HUMIDITY (PERCENT)
 HIGHEST    87           700 AM
 LOWEST     45           600 PM
 AVERAGE    66

..........................................................


THE RHINELANDER WI CLIMATE NORMALS FOR TODAY
                         NORMAL    RECORD    YEAR
 MAXIMUM TEMPERATURE (F)   26        45      1954
 MINIMUM TEMPERATURE (F)    6       -31      1951


SUNRISE AND SUNSET
FEBRUARY 14 2016......SUNRISE   702 AM CST   SUNSET   523 PM CST
FEBRUARY 15 2016......SUNRISE   700 AM CST   SUNSET   524 PM CST


-  INDICATES NEGATIVE NUMBERS.
R  INDICATES RECORD WAS SET OR TIED.
MM INDICATES DATA IS MISSING.
T  INDICATES TRACE AMOUNT.




$$
