609
CDUS43 KGRB 221245
CLIRHI


CLIMATE REPORT
NATIONAL WEATHER SERVICE GREEN BAY
745 AM CDT FRI MAY 22 2015


...................................

...THE RHINELANDER WI CLIMATE SUMMARY FOR MAY 21 2015...

CLIMATE NORMAL PERIOD 1981 TO 2010
CLIMATE RECORD PERIOD 1908 TO 2015


WEATHER ITEM   OBSERVED TIME   RECORD YEAR NORMAL DEPARTURE LAST
                VALUE   (LST)  VALUE       VALUE  FROM      YEAR
                                                  NORMAL
..................................................................
TEMPERATURE (F)
 YESTERDAY
  MAXIMUM         69   1227 PM  88    1930  67      2       65
                                      1922
  MINIMUM         33    342 AM  24    2002  42     -9       48
  AVERAGE         51                        54     -3       57

PRECIPITATION (IN)
  YESTERDAY        0.00          1.73 1945   0.12  -0.12     0.00
  MONTH TO DATE    1.30                      2.31  -1.01     2.71
  SINCE MAR 1      5.32                      6.46  -1.14     8.33
  SINCE JAN 1      6.21                      8.50  -2.29    10.94

SNOWFALL (IN)
  YESTERDAY        0.0           0.0    MM  MM     MM        0.0
  MONTH TO DATE    T                        MM     MM        0.1
  SINCE MAR 1     20.4                      MM     MM       37.8
  SINCE JUL 1     89.3                      MM     MM      110.3
  SNOW DEPTH       0

DEGREE DAYS
 HEATING
  YESTERDAY       14                        11      3        8
  MONTH TO DATE  248                       291    -43      339
  SINCE MAR 1   2063                      2169   -106     2677
  SINCE JUL 1   9404                      8791    613    10306

 COOLING
  YESTERDAY        0                         0      0        0
  MONTH TO DATE    5                         0      5        0
  SINCE MAR 1      5                         1      4        0
  SINCE JAN 1      5                         1      4        0
..................................................................


WIND (MPH)
  HIGHEST WIND SPEED    21   HIGHEST WIND DIRECTION     W (280)
  HIGHEST GUST SPEED    28   HIGHEST GUST DIRECTION     W (290)
  AVERAGE WIND SPEED     7.7


SKY COVER
  POSSIBLE SUNSHINE  MM
  AVERAGE SKY COVER 0.2


WEATHER CONDITIONS
 THE FOLLOWING WEATHER WAS RECORDED YESTERDAY.
  NO SIGNIFICANT WEATHER WAS OBSERVED.


RELATIVE HUMIDITY (PERCENT)
 HIGHEST    82           400 AM
 LOWEST     22           400 PM
 AVERAGE    52

..........................................................


THE RHINELANDER WI CLIMATE NORMALS FOR TODAY
                         NORMAL    RECORD    YEAR
 MAXIMUM TEMPERATURE (F)   67        90      1975
 MINIMUM TEMPERATURE (F)   42        26      2006


SUNRISE AND SUNSET
MAY 22 2015...........SUNRISE   520 AM CDT   SUNSET   830 PM CDT
MAY 23 2015...........SUNRISE   519 AM CDT   SUNSET   831 PM CDT


-  INDICATES NEGATIVE NUMBERS.
R  INDICATES RECORD WAS SET OR TIED.
MM INDICATES DATA IS MISSING.
T  INDICATES TRACE AMOUNT.




$$
