000
CDUS43 KGRB 240638
CLIRHI


CLIMATE REPORT
NATIONAL WEATHER SERVICE GREEN BAY
1238 AM CST FRI NOV 24 2017


...................................

...THE RHINELANDER WI CLIMATE SUMMARY FOR NOVEMBER 23 2017...

CLIMATE NORMAL PERIOD 1981 TO 2010
CLIMATE RECORD PERIOD 1908 TO 2017


WEATHER ITEM   OBSERVED TIME   RECORD YEAR NORMAL DEPARTURE LAST
                VALUE   (LST)  VALUE       VALUE  FROM      YEAR
                                                  NORMAL
..................................................................
TEMPERATURE (F)
 YESTERDAY
  MAXIMUM         41    214 PM  59    1931  34      7       34
  MINIMUM         22   1215 AM  -9    1950  19      3       31
  AVERAGE         32                        26      6       33

PRECIPITATION (IN)
  YESTERDAY        T             1.42 1999   0.06  -0.06     0.63
  MONTH TO DATE    1.16                      1.43  -0.27     0.80
  SINCE SEP 1      7.42                      8.67  -1.25    12.06
  SINCE JAN 1     38.51                     29.55   8.96    39.65

SNOWFALL (IN)
  YESTERDAY        0.0          12.0  1991  MM     MM        5.3
  MONTH TO DATE   12.7                      MM     MM        6.2
  SINCE SEP 1     13.7                      MM     MM        6.2
  SINCE JUL 1     13.7                      MM     MM        6.2
  SNOW DEPTH       0

DEGREE DAYS
 HEATING
  YESTERDAY       33                        39     -6       32
  MONTH TO DATE  823                       756     67      540
  SINCE SEP 1   1558                      1722   -164     1217
  SINCE JUL 1   1724                      1849   -125     1278

 COOLING
  YESTERDAY        0                         0      0        0
  MONTH TO DATE    0                         0      0        0
  SINCE SEP 1     53                        20     33       13
  SINCE JAN 1    215                       261    -46      321
..................................................................


WIND (MPH)
  HIGHEST WIND SPEED    16   HIGHEST WIND DIRECTION    SW (220)
  HIGHEST GUST SPEED    23   HIGHEST GUST DIRECTION    SW (220)
  AVERAGE WIND SPEED     7.5


SKY COVER
  POSSIBLE SUNSHINE  MM
  AVERAGE SKY COVER 0.5


WEATHER CONDITIONS
 THE FOLLOWING WEATHER WAS RECORDED YESTERDAY.
  LIGHT RAIN
  FOG


RELATIVE HUMIDITY (PERCENT)
 HIGHEST    96           100 AM
 LOWEST     50           200 PM
 AVERAGE    73

..........................................................


THE RHINELANDER WI CLIMATE NORMALS FOR TODAY
                         NORMAL    RECORD    YEAR
 MAXIMUM TEMPERATURE (F)   33        54      1988
 MINIMUM TEMPERATURE (F)   18       -11      1950


SUNRISE AND SUNSET
NOVEMBER 24 2017......SUNRISE   710 AM CST   SUNSET   419 PM CST
NOVEMBER 25 2017......SUNRISE   711 AM CST   SUNSET   419 PM CST


-  INDICATES NEGATIVE NUMBERS.
R  INDICATES RECORD WAS SET OR TIED.
MM INDICATES DATA IS MISSING.
T  INDICATES TRACE AMOUNT.




$$
