000
CDUS43 KGRB 190641
CLIRHI


CLIMATE REPORT
NATIONAL WEATHER SERVICE GREEN BAY
1240 AM CST MON FEB 19 2018


...................................

...THE RHINELANDER WI CLIMATE SUMMARY FOR FEBRUARY 18 2018...

CLIMATE NORMAL PERIOD 1981 TO 2010
CLIMATE RECORD PERIOD 1908 TO 2018


WEATHER ITEM   OBSERVED TIME   RECORD YEAR NORMAL DEPARTURE LAST
                VALUE   (LST)  VALUE       VALUE  FROM      YEAR
                                                  NORMAL
..................................................................
TEMPERATURE (F)
 YESTERDAY
  MAXIMUM         35    514 PM  54    2017  27      8       54
                                      1994
                                      1981
  MINIMUM          6    645 AM -28    2006   7     -1       32
  AVERAGE         21                        17      4       43

PRECIPITATION (IN)
  YESTERDAY        0.00          0.42 1961   0.03  -0.03     0.00
  MONTH TO DATE    0.23                      0.56  -0.33     0.25
  SINCE DEC 1      3.15                      3.11   0.04     4.25
  SINCE JAN 1      1.42                      1.67  -0.25     2.18

SNOWFALL (IN)
  YESTERDAY        0.0           8.0  1961  MM     MM        0.0
  MONTH TO DATE    4.0                      MM     MM        1.5
  SINCE DEC 1     32.7                      MM     MM       38.2
  SINCE JUL 1     46.5                      MM     MM       44.8
  SNOW DEPTH      11

DEGREE DAYS
 HEATING
  YESTERDAY       44                        48     -4       22
  MONTH TO DATE 1021                       902    119      794
  SINCE DEC 1   4196                      4029    167     3709
  SINCE JUL 1   6169                      6163      6     5191

 COOLING
  YESTERDAY        0                         0      0        0
  MONTH TO DATE    0                         0      0        0
  SINCE DEC 1      0                         0      0        0
  SINCE JAN 1      0                         0      0        0
..................................................................


WIND (MPH)
  HIGHEST WIND SPEED    21   HIGHEST WIND DIRECTION     S (160)
  HIGHEST GUST SPEED    31   HIGHEST GUST DIRECTION     S (160)
  AVERAGE WIND SPEED     8.6


SKY COVER
  POSSIBLE SUNSHINE  MM
  AVERAGE SKY COVER 0.7


WEATHER CONDITIONS
 THE FOLLOWING WEATHER WAS RECORDED YESTERDAY.
  NO SIGNIFICANT WEATHER WAS OBSERVED.


RELATIVE HUMIDITY (PERCENT)
 HIGHEST    88           400 AM
 LOWEST     54          1200 PM
 AVERAGE    71

..........................................................


THE RHINELANDER WI CLIMATE NORMALS FOR TODAY
                         NORMAL    RECORD    YEAR
 MAXIMUM TEMPERATURE (F)   28        58      2017
 MINIMUM TEMPERATURE (F)    8       -32      1929


SUNRISE AND SUNSET
FEBRUARY 19 2018......SUNRISE   653 AM CST   SUNSET   531 PM CST
FEBRUARY 20 2018......SUNRISE   652 AM CST   SUNSET   532 PM CST


-  INDICATES NEGATIVE NUMBERS.
R  INDICATES RECORD WAS SET OR TIED.
MM INDICATES DATA IS MISSING.
T  INDICATES TRACE AMOUNT.




$$
