000
CDUS43 KGRB 220706
CLIRHI


CLIMATE REPORT
NATIONAL WEATHER SERVICE GREEN BAY
205 AM CDT SAT JUL 22 2017


...................................

...THE RHINELANDER WI CLIMATE SUMMARY FOR JULY 21 2017...

CLIMATE NORMAL PERIOD 1981 TO 2010
CLIMATE RECORD PERIOD 1908 TO 2017


WEATHER ITEM   OBSERVED TIME   RECORD YEAR NORMAL DEPARTURE LAST
                VALUE   (LST)  VALUE       VALUE  FROM      YEAR
                                                  NORMAL
..................................................................
TEMPERATURE (F)
 YESTERDAY
  MAXIMUM         84   1240 PM  98    1983  79      5       90
  MINIMUM         56    108 AM  39    1992  55      1       67
  AVERAGE         70                        67      3       79

PRECIPITATION (IN)
  YESTERDAY        T             2.10 2002   0.14  -0.14     0.27
  MONTH TO DATE    1.37                      2.83  -1.46     2.27
  SINCE JUN 1      8.64                      6.72   1.92     9.29
  SINCE JAN 1     26.36                     16.40   9.96    20.37

SNOWFALL (IN)
  YESTERDAY        0.0           0.0    MM  MM     MM        0.0
  MONTH TO DATE    0.0                      MM     MM        0.0
  SINCE JUN 1      0.0                      MM     MM        0.0
  SINCE JUL 1      0.0                      MM     MM        0.0
  SNOW DEPTH       0

DEGREE DAYS
 HEATING
  YESTERDAY        0                         2     -2        0
  MONTH TO DATE   29                        42    -13       28
  SINCE JUN 1    127                       176    -49      120
  SINCE JUL 1     29                        42    -13       28

 COOLING
  YESTERDAY        5                         4      1       14
  MONTH TO DATE   53                        74    -21       83
  SINCE JUN 1    116                       127    -11      136
  SINCE JAN 1    118                       139    -21      151
..................................................................


WIND (MPH)
  HIGHEST WIND SPEED    14   HIGHEST WIND DIRECTION     S (190)
  HIGHEST GUST SPEED    17   HIGHEST GUST DIRECTION     S (200)
  AVERAGE WIND SPEED     4.8


SKY COVER
  POSSIBLE SUNSHINE  MM
  AVERAGE SKY COVER 0.3


WEATHER CONDITIONS
 THE FOLLOWING WEATHER WAS RECORDED YESTERDAY.
  LIGHT RAIN
  FOG
  FOG W/VISIBILITY <= 1/4 MILE


RELATIVE HUMIDITY (PERCENT)
 HIGHEST   100          1200 AM
 LOWEST     51           100 PM
 AVERAGE    76

..........................................................


THE RHINELANDER WI CLIMATE NORMALS FOR TODAY
                         NORMAL    RECORD    YEAR
 MAXIMUM TEMPERATURE (F)   79        97      1936
 MINIMUM TEMPERATURE (F)   55        40      1947


SUNRISE AND SUNSET
JULY 22 2017..........SUNRISE   530 AM CDT   SUNSET   837 PM CDT
JULY 23 2017..........SUNRISE   531 AM CDT   SUNSET   836 PM CDT


-  INDICATES NEGATIVE NUMBERS.
R  INDICATES RECORD WAS SET OR TIED.
MM INDICATES DATA IS MISSING.
T  INDICATES TRACE AMOUNT.




$$
