000
CDUS43 KGRB 280634
CLIRHI


CLIMATE REPORT
NATIONAL WEATHER SERVICE GREEN BAY
1233 AM CST SAT FEB 28 2015


...................................

...THE RHINELANDER WI CLIMATE SUMMARY FOR FEBRUARY 27 2015...

CLIMATE NORMAL PERIOD 1981 TO 2010
CLIMATE RECORD PERIOD 1908 TO 2015


WEATHER ITEM   OBSERVED TIME   RECORD YEAR NORMAL DEPARTURE LAST
                VALUE   (LST)  VALUE       VALUE  FROM      YEAR
                                                  NORMAL
..................................................................
TEMPERATURE (F)
 YESTERDAY
  MAXIMUM         16    410 PM  52    1932  30    -14       -1
  MINIMUM        -22    622 AM -26    1935  10    -32      -22
  AVERAGE         -3                        20    -23      -11

PRECIPITATION (IN)
  YESTERDAY        0.00          0.91 1948   0.04  -0.04     0.01
  MONTH TO DATE    0.21                      0.89  -0.68     1.17
  SINCE DEC 1      2.91                      3.44  -0.53     4.21
  SINCE JAN 1      0.89                      2.00  -1.11     2.55

SNOWFALL (IN)
  YESTERDAY        0.0           9.5  1948  MM     MM        0.1
  MONTH TO DATE    5.4                      MM     MM       17.1
  SINCE DEC 1     33.8                      MM     MM       62.1
  SINCE JUL 1     68.9                      MM     MM       71.9
  SNOW DEPTH      17

DEGREE DAYS
 HEATING
  YESTERDAY       68                        45     23       76
  MONTH TO DATE 1666                      1316    350     1617
  SINCE DEC 1   4757                      4443    314     5328
  SINCE JUL 1   7278                      6577    701     7555

 COOLING
  YESTERDAY        0                         0      0        0
  MONTH TO DATE    0                         0      0        0
  SINCE DEC 1      0                         0      0        0
  SINCE JAN 1      0                         0      0        0
..................................................................


WIND (MPH)
  HIGHEST WIND SPEED    17   HIGHEST WIND DIRECTION     W (270)
  HIGHEST GUST SPEED    20   HIGHEST GUST DIRECTION     W (270)
  AVERAGE WIND SPEED     8.1


SKY COVER
  POSSIBLE SUNSHINE  MM
  AVERAGE SKY COVER 0.0


WEATHER CONDITIONS
 THE FOLLOWING WEATHER WAS RECORDED YESTERDAY.
  NO SIGNIFICANT WEATHER WAS OBSERVED.


RELATIVE HUMIDITY (PERCENT)
 HIGHEST    81           300 AM
 LOWEST     42           200 PM
 AVERAGE    62

..........................................................


THE RHINELANDER WI CLIMATE NORMALS FOR TODAY
                         NORMAL    RECORD    YEAR
 MAXIMUM TEMPERATURE (F)   31        48      1985
 MINIMUM TEMPERATURE (F)   11       -25      2014


SUNRISE AND SUNSET
FEBRUARY 28 2015......SUNRISE   638 AM CST   SUNSET   543 PM CST
MARCH  1 2015.........SUNRISE   637 AM CST   SUNSET   544 PM CST


-  INDICATES NEGATIVE NUMBERS.
R  INDICATES RECORD WAS SET OR TIED.
MM INDICATES DATA IS MISSING.
T  INDICATES TRACE AMOUNT.




$$
