000
CDUS43 KGRB 020721
CLIRHI

CLIMATE REPORT
NATIONAL WEATHER SERVICE GREEN BAY
219 AM CDT THU OCT 2 2014

...................................

...THE RHINELANDER WI CLIMATE SUMMARY FOR OCTOBER 1 2014...

CLIMATE NORMAL PERIOD 1981 TO 2010
CLIMATE RECORD PERIOD 1908 TO 2014

WEATHER ITEM   OBSERVED TIME   RECORD YEAR NORMAL DEPARTURE LAST
                VALUE   (LST)  VALUE       VALUE  FROM      YEAR
                                                  NORMAL
..................................................................
TEMPERATURE (F)
 YESTERDAY
  MAXIMUM         57   1205 PM  92    1976  60     -3       75
  MINIMUM         43    632 AM  24    2003  38      5       44
                                      1920
  AVERAGE         50                        49      1       60

PRECIPITATION (IN)
  YESTERDAY        0.03          1.13 1926   0.12  -0.09      T
  MONTH TO DATE    0.03                      0.12  -0.09      T
  SINCE SEP 1      6.41                      4.32   2.09     2.12
  SINCE JAN 1     32.87                     25.20   7.67    28.96

SNOWFALL (IN)
  YESTERDAY        0.0           T    2003  MM     MM        0.0
  MONTH TO DATE    0.0                      MM     MM        0.0
  SINCE SEP 1      T                        MM     MM        0.0
  SINCE JUL 1      T                        MM     MM        0.0
  SNOW DEPTH       0

DEGREE DAYS
 HEATING
  YESTERDAY       15                        16     -1        5
  MONTH TO DATE   15                        16     -1        5
  SINCE SEP 1    329                       321      8      267
  SINCE JUL 1    529                       448     81      457

COOLING
  YESTERDAY        0                         0      0        0
  MONTH TO DATE    0                         0      0        0
  SINCE SEP 1      1                        18    -17       17
  SINCE JAN 1    148                       259   -111      281
..................................................................

WIND (MPH)
  HIGHEST WIND SPEED    17   HIGHEST WIND DIRECTION    SE (130)
  HIGHEST GUST SPEED    25   HIGHEST GUST DIRECTION    SE (130)
  AVERAGE WIND SPEED     8.5

SKY COVER
  POSSIBLE SUNSHINE  MM
  AVERAGE SKY COVER 0.9

WEATHER CONDITIONS
 THE FOLLOWING WEATHER WAS RECORDED YESTERDAY.
  LIGHT RAIN
  FOG

RELATIVE HUMIDITY (PERCENT)
 HIGHEST   100          1200 AM
 LOWEST     72          1200 PM
 AVERAGE    86
..........................................................

THE RHINELANDER WI CLIMATE NORMALS FOR TODAY
                         NORMAL    RECORD    YEAR
 MAXIMUM TEMPERATURE (F)   59        86      1953
 MINIMUM TEMPERATURE (F)   38        19      2003

SUNRISE AND SUNSET
OCTOBER  2 2014.......SUNRISE   657 AM CDT   SUNSET   636 PM CDT
OCTOBER  3 2014.......SUNRISE   659 AM CDT   SUNSET   634 PM CDT

-  INDICATES NEGATIVE NUMBERS.
R  INDICATES RECORD WAS SET OR TIED.
MM INDICATES DATA IS MISSING.
T  INDICATES TRACE AMOUNT.

$$
