000
CDUS41 KAKQ 200826
CLIRIC


CLIMATE REPORT
NATIONAL WEATHER SERVICE WAKEFIELD, VA
425 AM EDT SAT SEP 20 2014


...................................

...THE RICHMOND VA CLIMATE SUMMARY FOR SEPTEMBER 19 2014...

CLIMATE NORMAL PERIOD 1981 TO 2010
CLIMATE RECORD PERIOD 1871 TO 2014


WEATHER ITEM   OBSERVED TIME   RECORD YEAR NORMAL DEPARTURE LAST
                VALUE   (LST)  VALUE       VALUE  FROM      YEAR
                                                  NORMAL
..................................................................
TEMPERATURE (F)
 YESTERDAY
  MAXIMUM         80    236 PM  96    1978  80      0       78
  MINIMUM         61    141 AM  43    1984  59      2       52
  AVERAGE         71                        70      1       65

PRECIPITATION (IN)
  YESTERDAY        T             3.63 1955   0.14  -0.14     0.00
  MONTH TO DATE    0.55                      2.73  -2.18     0.54
  SINCE SEP 1      0.55                      2.73  -2.18     0.54
  SINCE JAN 1     26.22                     32.72  -6.50    39.41

SNOWFALL (IN)
  YESTERDAY        0.0           0.0  2002   0.0    0.0
                                      2001
  MONTH TO DATE    0.0                       0.0    0.0
  SINCE NOV 1     14.5                      10.3    4.2
  SINCE JUL 1      0.0                       0.0    0.0
  SNOW DEPTH       0

DEGREE DAYS
 HEATING
  YESTERDAY        0                         1     -1        0
  MONTH TO DATE    0                         6     -6        6
  SINCE SEP 1      0                         6     -6        6
  SINCE JUL 1      0                         7     -7        6

 COOLING
  YESTERDAY        6                         6      0        0
  MONTH TO DATE  201                       153     48      174
  SINCE SEP 1    201                       153     48      174
  SINCE JAN 1   1581                      1460    121     1579
..................................................................


WIND (MPH)
  HIGHEST WIND SPEED    13   HIGHEST WIND DIRECTION     E (80)
  HIGHEST GUST SPEED    18   HIGHEST GUST DIRECTION    NE (60)
  AVERAGE WIND SPEED     4.1


SKY COVER
  POSSIBLE SUNSHINE  MM
  AVERAGE SKY COVER 0.8


WEATHER CONDITIONS
 THE FOLLOWING WEATHER WAS RECORDED YESTERDAY.
  NO SIGNIFICANT WEATHER WAS OBSERVED.


RELATIVE HUMIDITY (PERCENT)
 HIGHEST    90           300 AM
 LOWEST     42           200 PM
 AVERAGE    66

..........................................................


THE RICHMOND VA CLIMATE NORMALS FOR TODAY
                         NORMAL    RECORD    YEAR
 MAXIMUM TEMPERATURE (F)   80        95      2005
 MINIMUM TEMPERATURE (F)   59        42      1916


SUNRISE AND SUNSET
SEPTEMBER 20 2014.....SUNRISE   655 AM EDT   SUNSET   709 PM EDT
SEPTEMBER 21 2014.....SUNRISE   656 AM EDT   SUNSET   708 PM EDT


-  INDICATES NEGATIVE NUMBERS.
R  INDICATES RECORD WAS SET OR TIED.
MM INDICATES DATA IS MISSING.
T  INDICATES TRACE AMOUNT.




$$
