000
CDUS41 KAKQ 252128
CLIRIC


CLIMATE REPORT
NATIONAL WEATHER SERVICE WAKEFIELD, VA
528 PM EDT WED MAY 25 2016


...................................

...THE RICHMOND VA CLIMATE SUMMARY FOR MAY 25 2016...
VALID TODAY AS OF 0500 PM LOCAL TIME.

CLIMATE NORMAL PERIOD 1981 TO 2010
CLIMATE RECORD PERIOD 1871 TO 2016


WEATHER ITEM   OBSERVED TIME   RECORD YEAR NORMAL DEPARTURE LAST
                VALUE   (LST)  VALUE       VALUE  FROM      YEAR
                                                  NORMAL
..................................................................
TEMPERATURE (F)
 TODAY
  MAXIMUM         86    357 PM  93    2004  80      6       85
                                      1991
  MINIMUM         57    338 AM  39    1967  58     -1       61
  AVERAGE         72

PRECIPITATION (IN)
  TODAY            0.00          2.25 1958   0.13  -0.13     0.00
  MONTH TO DATE    8.41                      3.00   5.41     1.61
  SINCE MAR 1     11.60                     10.31   1.29    10.72
  SINCE JAN 1     19.25                     16.11   3.14    17.98

SNOWFALL (IN)
  TODAY            0.0
  MONTH TO DATE    0.0
  SINCE NOV 1     15.1
  SINCE JUL 1     15.1
  SNOW DEPTH       0

DEGREE DAYS
 HEATING
  TODAY            0                         1     -1        0
  MONTH TO DATE  110                        68     42       28
  SINCE MAR 1    737                       824    -87      744
  SINCE JUL 1   3325                      3760   -435     3846

 COOLING
  TODAY            7                         5      2        8
  MONTH TO DATE   24                        81    -57      155
  SINCE MAR 1     54                       123    -69      180
  SINCE JAN 1     54                       123    -69      180
..................................................................


WIND (MPH)
  RESULTANT WIND SPEED   5   RESULTANT WIND DIRECTION   W (260)
  HIGHEST WIND SPEED    15   HIGHEST WIND DIRECTION    SW (230)
  HIGHEST GUST SPEED    20   HIGHEST GUST DIRECTION    SW (220)


SKY COVER
  POSSIBLE SUNSHINE  MM
  AVERAGE SKY COVER 0.5


WEATHER CONDITIONS
 THE FOLLOWING WEATHER WAS RECORDED TODAY.
  NO SIGNIFICANT WEATHER WAS OBSERVED.


RELATIVE HUMIDITY (PERCENT)
 HIGHEST    84
 LOWEST     32
 AVERAGE    58

..........................................................


THE RICHMOND VA CLIMATE NORMALS FOR TOMORROW
                         NORMAL    RECORD    YEAR
 MAXIMUM TEMPERATURE (F)   80        94      1991
                                             1984
                                             1953
 MINIMUM TEMPERATURE (F)   58        42      1925


SUNRISE AND SUNSET
MAY 25 2016...........SUNRISE   553 AM EDT   SUNSET   820 PM EDT
MAY 26 2016...........SUNRISE   552 AM EDT   SUNSET   821 PM EDT


-  INDICATES NEGATIVE NUMBERS.
R  INDICATES RECORD WAS SET OR TIED.
MM INDICATES DATA IS MISSING.
T  INDICATES TRACE AMOUNT.




$$
