364
CDUS41 KAKQ 030626
CLIRIC


CLIMATE REPORT
NATIONAL WEATHER SERVICE WAKEFIELD, VA
126 AM EST SAT DEC 3 2016


...................................

...THE RICHMOND VA CLIMATE SUMMARY FOR DECEMBER 2 2016...

CLIMATE NORMAL PERIOD 1981 TO 2010
CLIMATE RECORD PERIOD 1871 TO 2016


WEATHER ITEM   OBSERVED TIME   RECORD YEAR NORMAL DEPARTURE LAST
                VALUE   (LST)  VALUE       VALUE  FROM      YEAR
                                                  NORMAL
..................................................................
TEMPERATURE (F)
 YESTERDAY
  MAXIMUM         55    313 PM  73    1970  55      0       62
  MINIMUM         31    704 AM  19    1965  35     -4       52
                                      1930
  AVERAGE         43                        45     -2       57

PRECIPITATION (IN)
  YESTERDAY        0.00          1.99 1925   0.12  -0.12     0.06
  MONTH TO DATE    0.18                      0.23  -0.05     0.51
  SINCE DEC 1      0.18                      0.23  -0.05     0.51
  SINCE JAN 1     50.13                     40.57   9.56    43.64

SNOWFALL (IN)
  YESTERDAY        0.0           T    2000   0.1   -0.1
  MONTH TO DATE    0.0                       0.1   -0.1
  SINCE NOV 1      0.0                       0.3   -0.3
  SINCE JUL 1      0.0                       0.3   -0.3
  SNOW DEPTH       0

DEGREE DAYS
 HEATING
  YESTERDAY       22                        20      2        8
  MONTH TO DATE   32                        40     -8       26
  SINCE DEC 1     32                        40     -8       26
  SINCE JUL 1    622                       716    -94      618

 COOLING
  YESTERDAY        0                         0      0        0
  MONTH TO DATE    0                         0      0        0
  SINCE DEC 1      0                         0      0        0
  SINCE JAN 1   1699                      1548    151     1817
..................................................................


WIND (MPH)
  HIGHEST WIND SPEED    17   HIGHEST WIND DIRECTION     W (280)
  HIGHEST GUST SPEED    25   HIGHEST GUST DIRECTION     W (260)
  AVERAGE WIND SPEED     5.8


SKY COVER
  POSSIBLE SUNSHINE  MM
  AVERAGE SKY COVER 0.1


WEATHER CONDITIONS
 THE FOLLOWING WEATHER WAS RECORDED YESTERDAY.
  NO SIGNIFICANT WEATHER WAS OBSERVED.


RELATIVE HUMIDITY (PERCENT)
 HIGHEST    89           500 AM
 LOWEST     38          1200 PM
 AVERAGE    64

..........................................................


THE RICHMOND VA CLIMATE NORMALS FOR TODAY
                         NORMAL    RECORD    YEAR
 MAXIMUM TEMPERATURE (F)   55        75      1991
 MINIMUM TEMPERATURE (F)   35        15      1940
                                             1930


SUNRISE AND SUNSET
DECEMBER  3 2016......SUNRISE   707 AM EST   SUNSET   451 PM EST
DECEMBER  4 2016......SUNRISE   708 AM EST   SUNSET   451 PM EST


-  INDICATES NEGATIVE NUMBERS.
R  INDICATES RECORD WAS SET OR TIED.
MM INDICATES DATA IS MISSING.
T  INDICATES TRACE AMOUNT.




$$
