000
CDUS41 KAKQ 252148
CLIRIC


CLIMATE REPORT
NATIONAL WEATHER SERVICE WAKEFIELD, VA
548 PM EDT SAT OCT 25 2014


...................................

...THE RICHMOND VA CLIMATE SUMMARY FOR OCTOBER 25 2014...
VALID TODAY AS OF 0500 PM LOCAL TIME.

CLIMATE NORMAL PERIOD 1981 TO 2010
CLIMATE RECORD PERIOD 1871 TO 2014


WEATHER ITEM   OBSERVED TIME   RECORD YEAR NORMAL DEPARTURE LAST
                VALUE   (LST)  VALUE       VALUE  FROM      YEAR
                                                  NORMAL
..................................................................
TEMPERATURE (F)
 TODAY
  MAXIMUM         72    229 PM  83    1921  68      4       60
  MINIMUM         40    408 AM  28    1962  45     -5       38
  AVERAGE         56

PRECIPITATION (IN)
  TODAY            0.00          1.98 1913   0.09  -0.09     0.00
  MONTH TO DATE    2.62                      2.37   0.25     4.24
  SINCE SEP 1      3.97                      6.50  -2.53     5.63
  SINCE JAN 1     29.64                     36.49  -6.85    44.50

SNOWFALL (IN)
  TODAY            0.0
  MONTH TO DATE    0.0
  SINCE NOV 1     14.5
  SINCE JUL 1      0.0
  SNOW DEPTH       0

DEGREE DAYS
 HEATING
  TODAY            9                         9      0       16
  MONTH TO DATE   90                       147    -57       89
  SINCE SEP 1     97                       175    -78      102
  SINCE JUL 1     97                       176    -79      102

 COOLING
  TODAY            0                         1     -1        0
  MONTH TO DATE   48                        38     10       71
  SINCE SEP 1    292                       235     57      265
  SINCE JAN 1   1672                      1542    130     1670
..................................................................


WIND (MPH)
  RESULTANT WIND SPEED   3   RESULTANT WIND DIRECTION  SW (240)
  HIGHEST WIND SPEED    15   HIGHEST WIND DIRECTION    SW (220)
  HIGHEST GUST SPEED    20   HIGHEST GUST DIRECTION    SW (220)


SKY COVER
  POSSIBLE SUNSHINE  MM
  AVERAGE SKY COVER 0.0


WEATHER CONDITIONS
 THE FOLLOWING WEATHER WAS RECORDED TODAY.
  NO SIGNIFICANT WEATHER WAS OBSERVED.


RELATIVE HUMIDITY (PERCENT)
 HIGHEST    89
 LOWEST     25
 AVERAGE    57

..........................................................


THE RICHMOND VA CLIMATE NORMALS FOR TOMORROW
                         NORMAL    RECORD    YEAR
 MAXIMUM TEMPERATURE (F)   68        83      1939
 MINIMUM TEMPERATURE (F)   45        28      1933


SUNRISE AND SUNSET
OCTOBER 25 2014.......SUNRISE   727 AM EDT   SUNSET   619 PM EDT
OCTOBER 26 2014.......SUNRISE   728 AM EDT   SUNSET   618 PM EDT


-  INDICATES NEGATIVE NUMBERS.
R  INDICATES RECORD WAS SET OR TIED.
MM INDICATES DATA IS MISSING.
T  INDICATES TRACE AMOUNT.




$$
