000
CDUS41 KAKQ 220635
CLIRIC


CLIMATE REPORT
NATIONAL WEATHER SERVICE WAKEFIELD, VA
134 AM EST SUN JAN 22 2017


...................................

...THE RICHMOND VA CLIMATE SUMMARY FOR JANUARY 21 2017...

CLIMATE NORMAL PERIOD 1981 TO 2010
CLIMATE RECORD PERIOD 1871 TO 2017


WEATHER ITEM   OBSERVED TIME   RECORD YEAR NORMAL DEPARTURE LAST
                VALUE   (LST)  VALUE       VALUE  FROM      YEAR
                                                  NORMAL
..................................................................
TEMPERATURE (F)
 YESTERDAY
  MAXIMUM         50   1003 PM  74    1935  47      3       36
  MINIMUM         46    817 AM  -6    1985  28     18       24
  AVERAGE         48                        38     10       30

PRECIPITATION (IN)
  YESTERDAY        0.38          1.73 1902   0.10   0.28     0.00
  MONTH TO DATE    2.86                      2.06   0.80     1.53
  SINCE DEC 1      5.66                      5.32   0.34     7.47
  SINCE JAN 1      2.86                      2.06   0.80     1.53

SNOWFALL (IN)
  YESTERDAY        0.0           2.0  2014   0.1   -0.1
  MONTH TO DATE    7.1                       2.4    4.7
  SINCE NOV 1      7.1                       4.7    2.4
  SINCE JUL 1      7.1                       4.7    2.4
  SNOW DEPTH       0

DEGREE DAYS
 HEATING
  YESTERDAY       17                        27    -10       35
  MONTH TO DATE  510                       567    -57      599
  SINCE DEC 1   1244                      1310    -66     1002
  SINCE JUL 1   1834                      1986   -152     1594

 COOLING
  YESTERDAY        0                         0      0        0
  MONTH TO DATE    0                         0      0        0
  SINCE DEC 1      0                         1     -1        8
  SINCE JAN 1      0                         0      0        0
..................................................................


WIND (MPH)
  HIGHEST WIND SPEED    12   HIGHEST WIND DIRECTION    NE (30)
  HIGHEST GUST SPEED    14   HIGHEST GUST DIRECTION    NE (30)
  AVERAGE WIND SPEED     4.6


SKY COVER
  POSSIBLE SUNSHINE  MM
  AVERAGE SKY COVER 1.0


WEATHER CONDITIONS
 THE FOLLOWING WEATHER WAS RECORDED YESTERDAY.
  HEAVY RAIN
  RAIN
  LIGHT RAIN
  FOG
  FOG W/VISIBILITY <= 1/4 MILE


RELATIVE HUMIDITY (PERCENT)
 HIGHEST   100           100 AM
 LOWEST    100           100 AM
 AVERAGE   100

..........................................................


THE RICHMOND VA CLIMATE NORMALS FOR TODAY
                         NORMAL    RECORD    YEAR
 MAXIMUM TEMPERATURE (F)   48        75      1906
 MINIMUM TEMPERATURE (F)   28        -1      1970


SUNRISE AND SUNSET
JANUARY 22 2017.......SUNRISE   720 AM EST   SUNSET   523 PM EST
JANUARY 23 2017.......SUNRISE   719 AM EST   SUNSET   524 PM EST


-  INDICATES NEGATIVE NUMBERS.
R  INDICATES RECORD WAS SET OR TIED.
MM INDICATES DATA IS MISSING.
T  INDICATES TRACE AMOUNT.




$$
