000
CDUS41 KAKQ 302126
CLIRIC


CLIMATE REPORT
NATIONAL WEATHER SERVICE WAKEFIELD, VA
526 PM EDT SAT MAY 30 2015


...................................

...THE RICHMOND VA CLIMATE SUMMARY FOR MAY 30 2015...
VALID TODAY AS OF 0500 PM LOCAL TIME.

CLIMATE NORMAL PERIOD 1981 TO 2010
CLIMATE RECORD PERIOD 1871 TO 2015


WEATHER ITEM   OBSERVED TIME   RECORD YEAR NORMAL DEPARTURE LAST
                VALUE   (LST)  VALUE       VALUE  FROM      YEAR
                                                  NORMAL
..................................................................
TEMPERATURE (F)
 TODAY
  MAXIMUM         88    326 PM  98    1991  81      7       73
  MINIMUM         68    520 AM  42    1932  60      8       59
  AVERAGE         78

PRECIPITATION (IN)
  TODAY            0.00          1.15 1992   0.13  -0.13     0.01
  MONTH TO DATE    1.61                      3.65  -2.04     2.44
  SINCE MAR 1     10.72                     10.96  -0.24     9.73
  SINCE JAN 1     17.98                     16.76   1.22    16.04

SNOWFALL (IN)
  TODAY            0.0
  MONTH TO DATE    0.0
  SINCE NOV 1     12.8
  SINCE JUL 1     12.8
  SNOW DEPTH       0

DEGREE DAYS
 HEATING
  TODAY            0                         1     -1        0
  MONTH TO DATE   28                        73    -45       20
  SINCE MAR 1    744                       829    -85      827
  SINCE JUL 1   3846                      3765     81     3780

 COOLING
  TODAY           13                         6      7        1
  MONTH TO DATE  223                       110    113      174
  SINCE MAR 1    248                       152     96      203
  SINCE JAN 1    248                       152     96      203
..................................................................


WIND (MPH)
  RESULTANT WIND SPEED   7   RESULTANT WIND DIRECTION   S (180)
  HIGHEST WIND SPEED    17   HIGHEST WIND DIRECTION     S (180)
  HIGHEST GUST SPEED    23   HIGHEST GUST DIRECTION     S (200)


SKY COVER
  POSSIBLE SUNSHINE  MM
  AVERAGE SKY COVER 0.5


WEATHER CONDITIONS
 THE FOLLOWING WEATHER WAS RECORDED TODAY.
  NO SIGNIFICANT WEATHER WAS OBSERVED.


RELATIVE HUMIDITY (PERCENT)
 HIGHEST    93
 LOWEST     43
 AVERAGE    68

..........................................................


THE RICHMOND VA CLIMATE NORMALS FOR TOMORROW
                         NORMAL    RECORD    YEAR
 MAXIMUM TEMPERATURE (F)   82        98      2011
                                             1991
 MINIMUM TEMPERATURE (F)   60        45      1938


SUNRISE AND SUNSET
MAY 30 2015...........SUNRISE   551 AM EDT   SUNSET   823 PM EDT
MAY 31 2015...........SUNRISE   550 AM EDT   SUNSET   824 PM EDT


-  INDICATES NEGATIVE NUMBERS.
R  INDICATES RECORD WAS SET OR TIED.
MM INDICATES DATA IS MISSING.
T  INDICATES TRACE AMOUNT.




$$
