000
CDUS41 KAKQ 230645
CLIRIC


CLIMATE REPORT
NATIONAL WEATHER SERVICE WAKEFIELD, VA
145 AM EST THU FEB 23 2017


...................................

...THE RICHMOND VA CLIMATE SUMMARY FOR FEBRUARY 22 2017...

CLIMATE NORMAL PERIOD 1981 TO 2010
CLIMATE RECORD PERIOD 1871 TO 2017


WEATHER ITEM   OBSERVED TIME   RECORD YEAR NORMAL DEPARTURE LAST
                VALUE   (LST)  VALUE       VALUE  FROM      YEAR
                                                  NORMAL
..................................................................
TEMPERATURE (F)
 YESTERDAY
  MAXIMUM         57        MM  73    1985  53      4       55
  MINIMUM         38        MM   6    1968  32      6       43
  AVERAGE         48                        42      6       49

PRECIPITATION (IN)
  YESTERDAY        0.01          1.21 1900   0.10  -0.09     0.00
  MONTH TO DATE    0.53                      2.14  -1.61     2.69
  SINCE DEC 1      7.62                      8.44  -0.82    11.93
  SINCE JAN 1      4.82                      5.18  -0.36     5.99

SNOWFALL (IN)
  YESTERDAY       MM             2.5  2001   0.2   MM
  MONTH TO DATE    0.0                       2.9   -2.9
  SINCE NOV 1      7.1                       9.1   -2.0
  SINCE JUL 1      7.1                       9.1   -2.0
  SNOW DEPTH       0

DEGREE DAYS
 HEATING
  YESTERDAY       17                        23     -6       16
  MONTH TO DATE  389                       544   -155      564
  SINCE DEC 1   1841                      2129   -288     1868
  SINCE JUL 1   2431                      2805   -374     2460

 COOLING
  YESTERDAY        0                         0      0        0
  MONTH TO DATE    0                         0      0        0
  SINCE DEC 1      0                         1     -1        8
  SINCE JAN 1      0                         0      0        0
..................................................................


WIND (MPH)
  HIGHEST WIND SPEED    10   HIGHEST WIND DIRECTION     S (200)
  HIGHEST GUST SPEED    MM   HIGHEST GUST DIRECTION    MM
  AVERAGE WIND SPEED     4.3


SKY COVER
  POSSIBLE SUNSHINE  MM
  AVERAGE SKY COVER 1.0


WEATHER CONDITIONS
 THE FOLLOWING WEATHER WAS RECORDED YESTERDAY.
  LIGHT RAIN
  FOG


RELATIVE HUMIDITY (PERCENT)
 HIGHEST   100           200 PM
 LOWEST     77          1100 AM
 AVERAGE    89

..........................................................


THE RICHMOND VA CLIMATE NORMALS FOR TODAY
                         NORMAL    RECORD    YEAR
 MAXIMUM TEMPERATURE (F)   53        75      1985
                                             1925
 MINIMUM TEMPERATURE (F)   32        12      1963


SUNRISE AND SUNSET
FEBRUARY 23 2017......SUNRISE   648 AM EST   SUNSET   557 PM EST
FEBRUARY 24 2017......SUNRISE   647 AM EST   SUNSET   558 PM EST


-  INDICATES NEGATIVE NUMBERS.
R  INDICATES RECORD WAS SET OR TIED.
MM INDICATES DATA IS MISSING.
T  INDICATES TRACE AMOUNT.




$$
