000
CDUS41 KAKQ 010550
CLIRIC


CLIMATE REPORT
NATIONAL WEATHER SERVICE WAKEFIELD, VA
150 AM EDT WED JUL 1 2015


...................................

...THE RICHMOND VA CLIMATE SUMMARY FOR JUNE 30 2015...

CLIMATE NORMAL PERIOD 1981 TO 2010
CLIMATE RECORD PERIOD 1871 TO 2015


WEATHER ITEM   OBSERVED TIME   RECORD YEAR NORMAL DEPARTURE LAST
                VALUE   (LST)  VALUE       VALUE  FROM      YEAR
                                                  NORMAL
..................................................................
TEMPERATURE (F)
 YESTERDAY
  MAXIMUM         90    130 PM 103    1936  89      1       89
  MINIMUM         69    521 AM  50    1919  68      1       67
  AVERAGE         80                        79      1       78

PRECIPITATION (IN)
  YESTERDAY        0.22          1.79 1999   0.13   0.09     0.00
  MONTH TO DATE    6.05                      3.93   2.12     3.39
  SINCE JUN 1      6.05                      3.93   2.12     3.39
  SINCE JAN 1     24.03                     20.82   3.21    19.43

SNOWFALL (IN)
  YESTERDAY        0.0           0.0  2002   0.0    0.0
                                      2001
  MONTH TO DATE    0.0                       0.0    0.0
  SINCE NOV 1     12.8                      10.3    2.5
  SINCE JUL 1     12.8                      10.3    2.5
  SNOW DEPTH       0

DEGREE DAYS
 HEATING
  YESTERDAY        0                         0      0        0
  MONTH TO DATE    6                         5      1        0
  SINCE JUN 1      6                         7     -1        0
  SINCE JUL 1   3852                      3773     79     3780

 COOLING
  YESTERDAY       15                        14      1       13
  MONTH TO DATE  401                       315     86      355
  SINCE JUN 1    401                       315     86      355
  SINCE JAN 1    663                       476    187      563
..................................................................


WIND (MPH)
  HIGHEST WIND SPEED    22   HIGHEST WIND DIRECTION     S (200)
  HIGHEST GUST SPEED    32   HIGHEST GUST DIRECTION     S (180)
  AVERAGE WIND SPEED     8.7


SKY COVER
  POSSIBLE SUNSHINE  MM
  AVERAGE SKY COVER 0.6


WEATHER CONDITIONS
 THE FOLLOWING WEATHER WAS RECORDED YESTERDAY.
  THUNDERSTORM
  FOG


RELATIVE HUMIDITY (PERCENT)
 HIGHEST    90           200 AM
 LOWEST     50           100 PM
 AVERAGE    70

..........................................................


THE RICHMOND VA CLIMATE NORMALS FOR TODAY
                         NORMAL    RECORD    YEAR
 MAXIMUM TEMPERATURE (F)   90       102      1945
 MINIMUM TEMPERATURE (F)   68        53      1988


SUNRISE AND SUNSET
JULY  1 2015..........SUNRISE   552 AM EDT   SUNSET   834 PM EDT
JULY  2 2015..........SUNRISE   552 AM EDT   SUNSET   834 PM EDT


-  INDICATES NEGATIVE NUMBERS.
R  INDICATES RECORD WAS SET OR TIED.
MM INDICATES DATA IS MISSING.
T  INDICATES TRACE AMOUNT.




$$
