000
CDUS45 KGJT 310733
CLIRIL


CLIMATE REPORT
NATIONAL WEATHER SERVICE GRAND JUNCTION CO
130 AM MDT THU JUL 31 2014


...................................

...THE RIFLE CO CLIMATE SUMMARY FOR JULY 30 2014...

CLIMATE NORMAL PERIOD 1981 TO 2010
CLIMATE RECORD PERIOD 9999 TO 9999


WEATHER ITEM   OBSERVED TIME   RECORD YEAR NORMAL DEPARTURE LAST
                VALUE   (LST)  VALUE       VALUE  FROM      YEAR
                                                  NORMAL
..................................................................
TEMPERATURE (F)
 YESTERDAY
  MAXIMUM         79    159 PM  MM      MM  91    -12       85
  MINIMUM         55    554 AM  MM      MM  56     -1       53
  AVERAGE         67                        73     -6       69

PRECIPITATION (IN)
  YESTERDAY        T            MM      MM   0.05  -0.05      T
  MONTH TO DATE    0.88                      1.07  -0.19     0.77
  SINCE JUN 1      0.99                      2.09  -1.10     0.77
  SINCE JAN 1      5.48                      7.51  -2.03     4.76

SNOWFALL (IN)
  YESTERDAY       MM            MM      MM  MM     MM       MM
  MONTH TO DATE   MM                        MM     MM       MM
  SINCE JUN 1     MM                        MM     MM       MM
  SINCE JUL 1     MM                        MM     MM       MM
  SNOW DEPTH      MM

DEGREE DAYS
 HEATING
  YESTERDAY        0                         0      0        0
  MONTH TO DATE    0                         0      0        0
  SINCE JUN 1     40                        59    -19       13
  SINCE JUL 1      0                         0      0        0

 COOLING
  YESTERDAY        2                         8     -6        4
  MONTH TO DATE  291                       228     63      330
  SINCE JUN 1    373                       323     50      481
  SINCE JAN 1    387                       330     57      488
..................................................................


WIND (MPH)
  HIGHEST WIND SPEED    14   HIGHEST WIND DIRECTION    NW (320)
  HIGHEST GUST SPEED    17   HIGHEST GUST DIRECTION    NW (300)
  AVERAGE WIND SPEED     2.6


SKY COVER
  POSSIBLE SUNSHINE  MM
  AVERAGE SKY COVER 0.5


WEATHER CONDITIONS
 THE FOLLOWING WEATHER WAS RECORDED YESTERDAY.
  LIGHT RAIN
  FOG


RELATIVE HUMIDITY (PERCENT)
 HIGHEST    93           300 AM
 LOWEST     39           200 PM
 AVERAGE    66

..........................................................


THE RIFLE CO CLIMATE NORMALS FOR TODAY
                         NORMAL    RECORD    YEAR
 MAXIMUM TEMPERATURE (F)   91        MM        MM
 MINIMUM TEMPERATURE (F)   56        MM        MM


SUNRISE AND SUNSET
JULY 31 2014..........SUNRISE   610 AM MDT   SUNSET   824 PM MDT
AUGUST  1 2014........SUNRISE   610 AM MDT   SUNSET   823 PM MDT


-  INDICATES NEGATIVE NUMBERS.
R  INDICATES RECORD WAS SET OR TIED.
MM INDICATES DATA IS MISSING.
T  INDICATES TRACE AMOUNT.




$$
