000
CDUS45 KRIW 240740
CLIRIW


CLIMATE REPORT
NATIONAL WEATHER SERVICE RIVERTON WY
130 AM MDT SUN JUL 24 2016


...................................

...THE RIVERTON WY CLIMATE SUMMARY FOR JULY 23 2016...

CLIMATE NORMAL PERIOD 1981 TO 2010
CLIMATE RECORD PERIOD 1995 TO 2016


WEATHER ITEM   OBSERVED TIME   RECORD YEAR NORMAL DEPARTURE LAST
                VALUE   (LST)  VALUE       VALUE  FROM      YEAR
                                                  NORMAL
..................................................................
TEMPERATURE (F)
 YESTERDAY
  MAXIMUM         92    437 PM  99    2000  89      3       88
  MINIMUM         57    525 AM  50    2004  58     -1       61
  AVERAGE         75                        73      2       75

PRECIPITATION (IN)
  YESTERDAY        0.00          0.16 2004   0.02  -0.02     0.00
  MONTH TO DATE    T                         0.71  -0.71     1.10
  SINCE JUN 1      0.39                      1.99  -1.60     1.89
  SINCE JAN 1      9.28                      6.07   3.21     8.74

SNOWFALL (IN)
  YESTERDAY        0.0                                       0.0
  MONTH TO DATE    0.0                                       0.0
  SINCE JUN 1      0.0                                        T
  SINCE JUL 1      0.0                                       0.0
  SNOW DEPTH       0

DEGREE DAYS
 HEATING
  YESTERDAY        0                         0      0        0
  MONTH TO DATE    4                         8     -4        6
  SINCE JUN 1     20                       127   -107       29
  SINCE JUL 1      4                         8     -4        6

 COOLING
  YESTERDAY       10                         8      2       10
  MONTH TO DATE  174                       154     20      107
  SINCE JUN 1    336                       220    116      238
  SINCE JAN 1    336                       229    107      238
..................................................................


WIND (MPH)
  HIGHEST WIND SPEED    23   HIGHEST WIND DIRECTION     W (280)
  HIGHEST GUST SPEED    29   HIGHEST GUST DIRECTION     W (280)
  AVERAGE WIND SPEED     8.7


SKY COVER
  POSSIBLE SUNSHINE  MM
  AVERAGE SKY COVER 0.0


WEATHER CONDITIONS
 THE FOLLOWING WEATHER WAS RECORDED YESTERDAY.
  NO SIGNIFICANT WEATHER WAS OBSERVED.


RELATIVE HUMIDITY (PERCENT)
 HIGHEST    55           500 AM
 LOWEST      4           500 PM
 AVERAGE    30

..........................................................


THE RIVERTON WY CLIMATE NORMALS FOR TODAY
                         NORMAL    RECORD    YEAR
 MAXIMUM TEMPERATURE (F)   89       100      2003
 MINIMUM TEMPERATURE (F)   58        46      2004


SUNRISE AND SUNSET
JULY 24 2016..........SUNRISE   557 AM MDT   SUNSET   843 PM MDT
JULY 25 2016..........SUNRISE   558 AM MDT   SUNSET   842 PM MDT


-  INDICATES NEGATIVE NUMBERS.
R  INDICATES RECORD WAS SET OR TIED.
MM INDICATES DATA IS MISSING.
T  INDICATES TRACE AMOUNT.




$$
