000
CDUS45 KRIW 020036
CLIRIW


CLIMATE REPORT
NATIONAL WEATHER SERVICE RIVERTON WY
533 PM MST SUN FEB 1 2015


...................................

...THE RIVERTON WY CLIMATE SUMMARY FOR FEBRUARY 1 2015...
VALID TODAY AS OF 0500 PM LOCAL TIME.

CLIMATE NORMAL PERIOD 1981 TO 2010
CLIMATE RECORD PERIOD 1995 TO 2015


WEATHER ITEM   OBSERVED TIME   RECORD YEAR NORMAL DEPARTURE LAST
                VALUE   (LST)  VALUE       VALUE  FROM      YEAR
                                                  NORMAL
..................................................................
TEMPERATURE (F)
 TODAY
  MAXIMUM         29        MM  57    2003  32     -3       18
  MINIMUM         19        MM -17    2011  10      9        0
  AVERAGE         24                        21      3        9

PRECIPITATION (IN)
  TODAY            T             0.02 2014   0.01  -0.01     0.02
  MONTH TO DATE    T                         0.01  -0.01     0.02
  SINCE DEC 1      0.68                      0.57   0.11     0.98
  SINCE JAN 1      0.03                      0.25  -0.22     0.70

SNOWFALL (IN)
  TODAY            0.1                                       0.2
  MONTH TO DATE    0.1                                       0.2
  SINCE DEC 1      7.4                                      18.1
  SINCE JUL 1     12.9                                      44.4
  SNOW DEPTH       0

DEGREE DAYS
 HEATING
  TODAY           41                        44     -3       56
  MONTH TO DATE   41                        44     -3       56
  SINCE DEC 1   2656                      2843   -187     2771
  SINCE JUL 1   4433                      4759   -326     4669

 COOLING
  TODAY            0                         0      0        0
  MONTH TO DATE    0                         0      0        0
  SINCE DEC 1      0                         0      0        0
  SINCE JAN 1      0                         0      0        0
..................................................................


WIND (MPH)
  HIGHEST WIND SPEED     9   HIGHEST WIND DIRECTION    NE (60)
  HIGHEST GUST SPEED    MM   HIGHEST GUST DIRECTION    MM
  AVERAGE WIND SPEED     6.6


SKY COVER
  POSSIBLE SUNSHINE  MM
  AVERAGE SKY COVER 0.7


WEATHER CONDITIONS
 THE FOLLOWING WEATHER WAS RECORDED TODAY.
  LIGHT SNOW


RELATIVE HUMIDITY (PERCENT)
 HIGHEST    88          1200 AM
 LOWEST     53           200 PM
 AVERAGE    71

..........................................................


THE RIVERTON WY CLIMATE NORMALS FOR TOMORROW
                         NORMAL    RECORD    YEAR
 MAXIMUM TEMPERATURE (F)   32        51      2009
 MINIMUM TEMPERATURE (F)   10       -20      2011


SUNRISE AND SUNSET
FEBRUARY  1 2015......SUNRISE   729 AM MST   SUNSET   526 PM MST
FEBRUARY  2 2015......SUNRISE   728 AM MST   SUNSET   527 PM MST


-  INDICATES NEGATIVE NUMBERS.
R  INDICATES RECORD WAS SET OR TIED.
MM INDICATES DATA IS MISSING.
T  INDICATES TRACE AMOUNT.




$$
