000
CDUS45 KRIW 230737
CLIRIW


CLIMATE REPORT
NATIONAL WEATHER SERVICE RIVERTON WY
129 AM MDT TUE SEP 23 2014


...................................

...THE RIVERTON WY CLIMATE SUMMARY FOR SEPTEMBER 22 2014...

CLIMATE NORMAL PERIOD 1981 TO 2010
CLIMATE RECORD PERIOD 1995 TO 2014


WEATHER ITEM   OBSERVED TIME   RECORD YEAR NORMAL DEPARTURE LAST
                VALUE   (LST)  VALUE       VALUE  FROM      YEAR
                                                  NORMAL
..................................................................
TEMPERATURE (F)
 YESTERDAY
  MAXIMUM         74    340 PM  86    2007  69      5       70
  MINIMUM         52    659 AM  25    2000  42     10       52
  AVERAGE         63                        55      8       61

PRECIPITATION (IN)
  YESTERDAY        0.02          0.16 2006   0.05  -0.03      T
  MONTH TO DATE    0.19                      0.56  -0.37     1.56
  SINCE SEP 1      0.19                      0.56  -0.37     1.56
  SINCE JAN 1      5.56                      7.38  -1.82     5.62

SNOWFALL (IN)
  YESTERDAY        0.0                                       0.0
  MONTH TO DATE    0.3                                       0.0
  SINCE SEP 1      0.3                                       0.0
  SINCE JUL 1      0.3                                       0.0
  SNOW DEPTH       0

DEGREE DAYS
 HEATING
  YESTERDAY        2                        10     -8        4
  MONTH TO DATE  131                       132     -1       75
  SINCE SEP 1    131                       132     -1       75
  SINCE JUL 1    181                       170     11       75

 COOLING
  YESTERDAY        0                         0      0        0
  MONTH TO DATE   20                        24     -4       68
  SINCE SEP 1     20                        24     -4       68
  SINCE JAN 1    420                       492    -72      798
..................................................................


WIND (MPH)
  HIGHEST WIND SPEED    26   HIGHEST WIND DIRECTION    NW (330)
  HIGHEST GUST SPEED    32   HIGHEST GUST DIRECTION    NW (330)
  AVERAGE WIND SPEED    11.1


SKY COVER
  POSSIBLE SUNSHINE  MM
  AVERAGE SKY COVER 0.4


WEATHER CONDITIONS
 THE FOLLOWING WEATHER WAS RECORDED YESTERDAY.
  LIGHT RAIN


RELATIVE HUMIDITY (PERCENT)
 HIGHEST    71           400 AM
 LOWEST     31           300 PM
 AVERAGE    51

..........................................................


THE RIVERTON WY CLIMATE NORMALS FOR TODAY
                         NORMAL    RECORD    YEAR
 MAXIMUM TEMPERATURE (F)   69        83      2011
 MINIMUM TEMPERATURE (F)   41        24      2000


SUNRISE AND SUNSET
SEPTEMBER 23 2014.....SUNRISE   702 AM MDT   SUNSET   709 PM MDT
SEPTEMBER 24 2014.....SUNRISE   703 AM MDT   SUNSET   707 PM MDT


-  INDICATES NEGATIVE NUMBERS.
R  INDICATES RECORD WAS SET OR TIED.
MM INDICATES DATA IS MISSING.
T  INDICATES TRACE AMOUNT.




$$
