000
CDUS45 KRIW 250749
CLIRIW


CLIMATE REPORT
NATIONAL WEATHER SERVICE RIVERTON WY
134 AM MDT SAT MAR 25 2017


...................................

...THE RIVERTON WY CLIMATE SUMMARY FOR MARCH 24 2017...

CLIMATE NORMAL PERIOD 1981 TO 2010
CLIMATE RECORD PERIOD 1995 TO 2017


WEATHER ITEM   OBSERVED TIME   RECORD YEAR NORMAL DEPARTURE LAST
                VALUE   (LST)  VALUE       VALUE  FROM      YEAR
                                                  NORMAL
..................................................................
TEMPERATURE (F)
 YESTERDAY
  MAXIMUM         57    446 PM  69    2012  50      7       52
                                      2004
  MINIMUM         31    550 AM  -2    1996  26      5       26
  AVERAGE         44                        38      6       39

PRECIPITATION (IN)
  YESTERDAY        0.00          0.10 2002   0.01  -0.01     0.00
  MONTH TO DATE    0.85                      0.35   0.50     0.87
  SINCE MAR 1      0.85                      0.35   0.50     0.87
  SINCE JAN 1      2.71                      0.86   1.85     1.55

SNOWFALL (IN)
  YESTERDAY        0.0                                       0.0
  MONTH TO DATE    T                                         4.2
  SINCE MAR 1      T                                         4.2
  SINCE JUL 1     47.7                                      32.4
  SNOW DEPTH       0

DEGREE DAYS
 HEATING
  YESTERDAY       21                        27     -6       26
  MONTH TO DATE  554                       738   -184      603
  SINCE MAR 1    554                       738   -184      603
  SINCE JUL 1   6428                      6592   -164     5924

 COOLING
  YESTERDAY        0                         0      0        0
  MONTH TO DATE    0                         0      0        0
  SINCE MAR 1      0                         0      0        0
  SINCE JAN 1      0                         0      0        0
..................................................................


WIND (MPH)
  HIGHEST WIND SPEED    14   HIGHEST WIND DIRECTION    SE (130)
  HIGHEST GUST SPEED    21   HIGHEST GUST DIRECTION    SE (140)
  AVERAGE WIND SPEED     5.4


SKY COVER
  POSSIBLE SUNSHINE  MM
  AVERAGE SKY COVER 0.2


WEATHER CONDITIONS
 THE FOLLOWING WEATHER WAS RECORDED YESTERDAY.
  NO SIGNIFICANT WEATHER WAS OBSERVED.


RELATIVE HUMIDITY (PERCENT)
 HIGHEST   100           700 AM
 LOWEST     27           200 PM
 AVERAGE    64

..........................................................


THE RIVERTON WY CLIMATE NORMALS FOR TODAY
                         NORMAL    RECORD    YEAR
 MAXIMUM TEMPERATURE (F)   51        73      2012
 MINIMUM TEMPERATURE (F)   26        -4      1996


SUNRISE AND SUNSET
MARCH 25 2017.........SUNRISE   708 AM MDT   SUNSET   732 PM MDT
MARCH 26 2017.........SUNRISE   706 AM MDT   SUNSET   734 PM MDT


-  INDICATES NEGATIVE NUMBERS.
R  INDICATES RECORD WAS SET OR TIED.
MM INDICATES DATA IS MISSING.
T  INDICATES TRACE AMOUNT.




$$
