000
CDUS45 KRIW 310740
CLIRIW


CLIMATE REPORT
NATIONAL WEATHER SERVICE RIVERTON WY
139 AM MDT THU JUL 31 2014


...................................

...THE RIVERTON WY CLIMATE SUMMARY FOR JULY 30 2014...

CLIMATE NORMAL PERIOD 1981 TO 2010
CLIMATE RECORD PERIOD 1995 TO 2014


WEATHER ITEM   OBSERVED TIME   RECORD YEAR NORMAL DEPARTURE LAST
                VALUE   (LST)  VALUE       VALUE  FROM      YEAR
                                                  NORMAL
..................................................................
TEMPERATURE (F)
 YESTERDAY
  MAXIMUM         76    602 PM  96    2001  89    -13       88
  MINIMUM         55    442 AM  48    2009  57     -2       53
  AVERAGE         66                        73     -7       71

PRECIPITATION (IN)
  YESTERDAY        0.00          0.35 1998   0.02  -0.02     0.00
  MONTH TO DATE    0.78                      0.87  -0.09     0.54
  SINCE JUN 1      1.90                      2.15  -0.25     0.59
  SINCE JAN 1      4.22                      6.23  -2.01     4.03

SNOWFALL (IN)
  YESTERDAY        0.0                                       0.0
  MONTH TO DATE    0.0                                       0.0
  SINCE JUN 1      0.0                                       0.0
  SINCE JUL 1      0.0                                       0.0
  SNOW DEPTH       0

DEGREE DAYS
 HEATING
  YESTERDAY        0                         0      0        0
  MONTH TO DATE    4                         8     -4        0
  SINCE JUN 1    130                       127      3       52
  SINCE JUL 1      4                         8     -4        0

 COOLING
  YESTERDAY        1                         8     -7        6
  MONTH TO DATE  235                       210     25      302
  SINCE JUN 1    258                       276    -18      439
  SINCE JAN 1    273                       285    -12      452
..................................................................


WIND (MPH)
  HIGHEST WIND SPEED    13   HIGHEST WIND DIRECTION    NW (310)
  HIGHEST GUST SPEED    16   HIGHEST GUST DIRECTION    NW (320)
  AVERAGE WIND SPEED     5.6


SKY COVER
  POSSIBLE SUNSHINE  MM
  AVERAGE SKY COVER 0.1


WEATHER CONDITIONS
 THE FOLLOWING WEATHER WAS RECORDED YESTERDAY.
  NO SIGNIFICANT WEATHER WAS OBSERVED.


RELATIVE HUMIDITY (PERCENT)
 HIGHEST    93           200 AM
 LOWEST     31           200 PM
 AVERAGE    62

..........................................................


THE RIVERTON WY CLIMATE NORMALS FOR TODAY
                         NORMAL    RECORD    YEAR
 MAXIMUM TEMPERATURE (F)   89        98      2003
 MINIMUM TEMPERATURE (F)   57        49      2009


SUNRISE AND SUNSET
JULY 31 2014..........SUNRISE   604 AM MDT   SUNSET   836 PM MDT
AUGUST  1 2014........SUNRISE   605 AM MDT   SUNSET   835 PM MDT


-  INDICATES NEGATIVE NUMBERS.
R  INDICATES RECORD WAS SET OR TIED.
MM INDICATES DATA IS MISSING.
T  INDICATES TRACE AMOUNT.




$$
