000
CDUS45 KRIW 240753
CLIRIW


CLIMATE REPORT
NATIONAL WEATHER SERVICE RIVERTON WY
153 AM MDT SUN SEP 24 2017


...................................

...THE RIVERTON WY CLIMATE SUMMARY FOR SEPTEMBER 23 2017...

CLIMATE NORMAL PERIOD 1981 TO 2010
CLIMATE RECORD PERIOD 1995 TO 2017


WEATHER ITEM   OBSERVED TIME   RECORD YEAR NORMAL DEPARTURE LAST
                VALUE   (LST)  VALUE       VALUE  FROM      YEAR
                                                  NORMAL
..................................................................
TEMPERATURE (F)
 YESTERDAY
  MAXIMUM         41    308 PM  87    2015  69    -28       58
  MINIMUM         38   1159 PM  24    2000  41     -3       44
  AVERAGE         40                        55    -15       51

PRECIPITATION (IN)
  YESTERDAY        0.19          0.58 2016   0.04   0.15     0.58
  MONTH TO DATE    1.52                      0.60   0.92     1.31
  SINCE SEP 1      1.52                      0.60   0.92     1.31
  SINCE JAN 1     12.97                      7.42   5.55    11.03

SNOWFALL (IN)
  YESTERDAY        0.0                                       0.0
  MONTH TO DATE    T                                         0.0
  SINCE SEP 1      T                                         0.0
  SINCE JUL 1      T                                         0.0
  SNOW DEPTH       0

DEGREE DAYS
 HEATING
  YESTERDAY       25                        10     15       14
  MONTH TO DATE  162                       142     20      141
  SINCE SEP 1    162                       142     20      141
  SINCE JUL 1    169                       180    -11      192

 COOLING
  YESTERDAY        0                         0      0        0
  MONTH TO DATE   67                        24     43       35
  SINCE SEP 1     67                        24     43       35
  SINCE JAN 1    547                       492     55      605
..................................................................


WIND (MPH)
  HIGHEST WIND SPEED    14   HIGHEST WIND DIRECTION     N (20)
  HIGHEST GUST SPEED    17   HIGHEST GUST DIRECTION    NE (30)
  AVERAGE WIND SPEED     6.9


SKY COVER
  POSSIBLE SUNSHINE  MM
  AVERAGE SKY COVER 1.0


WEATHER CONDITIONS
 THE FOLLOWING WEATHER WAS RECORDED YESTERDAY.
  RAIN
  LIGHT RAIN
  FOG


RELATIVE HUMIDITY (PERCENT)
 HIGHEST   100          1200 AM
 LOWEST     92           600 AM
 AVERAGE    96

..........................................................


THE RIVERTON WY CLIMATE NORMALS FOR TODAY
                         NORMAL    RECORD    YEAR
 MAXIMUM TEMPERATURE (F)   68        84      2015
                                             2014
 MINIMUM TEMPERATURE (F)   41        24      2000


SUNRISE AND SUNSET
SEPTEMBER 24 2017.....SUNRISE   704 AM MDT   SUNSET   707 PM MDT
SEPTEMBER 25 2017.....SUNRISE   705 AM MDT   SUNSET   705 PM MDT


-  INDICATES NEGATIVE NUMBERS.
R  INDICATES RECORD WAS SET OR TIED.
MM INDICATES DATA IS MISSING.
T  INDICATES TRACE AMOUNT.




$$
