000
CDUS45 KRIW 180731
CLIRKS


CLIMATE REPORT
NATIONAL WEATHER SERVICE RIVERTON WY
130 AM MDT FRI APR 18 2014


...................................

...THE ROCK SPRINGS WY CLIMATE SUMMARY FOR APRIL 17 2014...

CLIMATE NORMAL PERIOD 1981 TO 2010
CLIMATE RECORD PERIOD 1948 TO 2014


WEATHER ITEM   OBSERVED TIME   RECORD YEAR NORMAL DEPARTURE LAST
                VALUE   (LST)  VALUE       VALUE  FROM      YEAR
                                                  NORMAL
..................................................................
TEMPERATURE (F)
 YESTERDAY
  MAXIMUM         62    453 PM  76    1987  54      8       27
  MINIMUM         28    312 AM  15    2013  30     -2       15
  AVERAGE         45                        42      3       21

PRECIPITATION (IN)
  YESTERDAY        0.00          0.98 1986   0.03  -0.03      T
  MONTH TO DATE    0.17                      0.47  -0.30     0.28
  SINCE MAR 1      0.60                      1.15  -0.55     0.47
  SINCE JAN 1      0.75                      2.08  -1.33     0.84

DEGREE DAYS
 HEATING
  YESTERDAY       20                        23     -3       44
  MONTH TO DATE  409                       428    -19      508
  SINCE MAR 1   1295                      1405   -110     1423
  SINCE JUL 1   6747                      7257   -510     6904

 COOLING
  YESTERDAY        0                         0      0        0
  MONTH TO DATE    0                         0      0        0
  SINCE MAR 1      0                         0      0        0
  SINCE JAN 1      0                         0      0        0
..................................................................


WIND (MPH)
  HIGHEST WIND SPEED    23   HIGHEST WIND DIRECTION     W (250)
  HIGHEST GUST SPEED    31   HIGHEST GUST DIRECTION     W (250)
  AVERAGE WIND SPEED     8.6


SKY COVER
  POSSIBLE SUNSHINE  MM
  AVERAGE SKY COVER 0.0


WEATHER CONDITIONS
 THE FOLLOWING WEATHER WAS RECORDED YESTERDAY.
  NO SIGNIFICANT WEATHER WAS OBSERVED.


RELATIVE HUMIDITY (PERCENT)
 HIGHEST    50           700 AM
 LOWEST     17           100 PM
 AVERAGE    34

..........................................................


THE ROCK SPRINGS WY CLIMATE NORMALS FOR TODAY
                         NORMAL    RECORD    YEAR
 MAXIMUM TEMPERATURE (F)   54        73      1981
 MINIMUM TEMPERATURE (F)   30        12      2013
                                             1966


SUNRISE AND SUNSET
APRIL 18 2014.........SUNRISE   632 AM MDT   SUNSET   800 PM MDT
APRIL 19 2014.........SUNRISE   630 AM MDT   SUNSET   801 PM MDT


-  INDICATES NEGATIVE NUMBERS.
R  INDICATES RECORD WAS SET OR TIED.
MM INDICATES DATA IS MISSING.
T  INDICATES TRACE AMOUNT.




$$
