000
CDUS45 KRIW 250753
CLIRKS


CLIMATE REPORT
NATIONAL WEATHER SERVICE RIVERTON WY
146 AM MDT SAT OCT 25 2014


...................................

...THE ROCK SPRINGS WY CLIMATE SUMMARY FOR OCTOBER 24 2014...

CLIMATE NORMAL PERIOD 1981 TO 2010
CLIMATE RECORD PERIOD 1948 TO 2014


WEATHER ITEM   OBSERVED TIME   RECORD YEAR NORMAL DEPARTURE LAST
                VALUE   (LST)  VALUE       VALUE  FROM      YEAR
                                                  NORMAL
..................................................................
TEMPERATURE (F)
 YESTERDAY
  MAXIMUM         68R   328 PM  67    2011  53     15       62
                                      1992
  MINIMUM         41    603 AM  13    1975  30     11       31
  AVERAGE         55                        42     13       47

PRECIPITATION (IN)
  YESTERDAY        0.00          0.48 1956   0.03  -0.03     0.00
  MONTH TO DATE    0.32                      0.69  -0.37     0.81
  SINCE SEP 1      1.52                      1.61  -0.09     2.18
  SINCE JAN 1      4.00                      7.39  -3.39     4.38

DEGREE DAYS
 HEATING
  YESTERDAY       10                        24    -14       18
  MONTH TO DATE  363                       463   -100      534
  SINCE SEP 1    548                       727   -179      763
  SINCE JUL 1    639                       791   -152      764

 COOLING
  YESTERDAY        0                         0      0        0
  MONTH TO DATE    0                         0      0        0
  SINCE SEP 1      8                         9     -1       44
  SINCE JAN 1    307                       286     21      517
..................................................................


WIND (MPH)
  HIGHEST WIND SPEED    20   HIGHEST WIND DIRECTION     W (260)
  HIGHEST GUST SPEED    24   HIGHEST GUST DIRECTION     W (260)
  AVERAGE WIND SPEED     5.3


SKY COVER
  POSSIBLE SUNSHINE  MM
  AVERAGE SKY COVER 0.0


WEATHER CONDITIONS
 THE FOLLOWING WEATHER WAS RECORDED YESTERDAY.
  NO SIGNIFICANT WEATHER WAS OBSERVED.


RELATIVE HUMIDITY (PERCENT)
 HIGHEST    57           300 AM
 LOWEST     17           300 PM
 AVERAGE    37

..........................................................


THE ROCK SPRINGS WY CLIMATE NORMALS FOR TODAY
                         NORMAL    RECORD    YEAR
 MAXIMUM TEMPERATURE (F)   52        68      1968
 MINIMUM TEMPERATURE (F)   30        13      1975


SUNRISE AND SUNSET
OCTOBER 25 2014.......SUNRISE   740 AM MDT   SUNSET   620 PM MDT
OCTOBER 26 2014.......SUNRISE   741 AM MDT   SUNSET   619 PM MDT


-  INDICATES NEGATIVE NUMBERS.
R  INDICATES RECORD WAS SET OR TIED.
MM INDICATES DATA IS MISSING.
T  INDICATES TRACE AMOUNT.




$$
