000
CDUS45 KRIW 250735
CLIRKS


CLIMATE REPORT
NATIONAL WEATHER SERVICE RIVERTON WY
135 AM MDT FRI JUL 25 2014


...................................

...THE ROCK SPRINGS WY CLIMATE SUMMARY FOR JULY 24 2014...

CLIMATE NORMAL PERIOD 1981 TO 2010
CLIMATE RECORD PERIOD 1948 TO 2014


WEATHER ITEM   OBSERVED TIME   RECORD YEAR NORMAL DEPARTURE LAST
                VALUE   (LST)  VALUE       VALUE  FROM      YEAR
                                                  NORMAL
..................................................................
TEMPERATURE (F)
 YESTERDAY
  MAXIMUM         91    318 PM  94    2003  85      6       85
  MINIMUM         63    415 AM  40    2004  55      8       62
  AVERAGE         77                        70      7       74

PRECIPITATION (IN)
  YESTERDAY        T             1.42 1991   0.03  -0.03     0.00
  MONTH TO DATE    0.12                      0.49  -0.37     0.20
  SINCE JUN 1      0.41                      1.28  -0.87     0.20
  SINCE JAN 1      1.72                      5.01  -3.29     1.69

DEGREE DAYS
 HEATING
  YESTERDAY        0                         0      0        0
  MONTH TO DATE    3                        19    -16        0
  SINCE JUN 1    150                       186    -36       62
  SINCE JUL 1      3                        19    -16        0

 COOLING
  YESTERDAY       12                         5      7        9
  MONTH TO DATE  172                       105     67      197
  SINCE JUN 1    189                       140     49      290
  SINCE JAN 1    196                       141     55      291
..................................................................


WIND (MPH)
  HIGHEST WIND SPEED    37   HIGHEST WIND DIRECTION    SW (230)
  HIGHEST GUST SPEED    47   HIGHEST GUST DIRECTION    SW (230)
  AVERAGE WIND SPEED    15.2


SKY COVER
  POSSIBLE SUNSHINE  MM
  AVERAGE SKY COVER 0.1


WEATHER CONDITIONS
 THE FOLLOWING WEATHER WAS RECORDED YESTERDAY.
  THUNDERSTORM


RELATIVE HUMIDITY (PERCENT)
 HIGHEST    30           500 AM
 LOWEST     11           300 PM
 AVERAGE    21

..........................................................


THE ROCK SPRINGS WY CLIMATE NORMALS FOR TODAY
                         NORMAL    RECORD    YEAR
 MAXIMUM TEMPERATURE (F)   85        92      2011
 MINIMUM TEMPERATURE (F)   55        44      1993


SUNRISE AND SUNSET
JULY 25 2014..........SUNRISE   604 AM MDT   SUNSET   841 PM MDT
JULY 26 2014..........SUNRISE   605 AM MDT   SUNSET   840 PM MDT


-  INDICATES NEGATIVE NUMBERS.
R  INDICATES RECORD WAS SET OR TIED.
MM INDICATES DATA IS MISSING.
T  INDICATES TRACE AMOUNT.




$$
