000
CDUS45 KRIW 010031
CLIRKS


CLIMATE REPORT
NATIONAL WEATHER SERVICE RIVERTON WY
629 PM MDT WED AUG 31 2016


...................................

...THE ROCK SPRINGS WY CLIMATE SUMMARY FOR AUGUST 31 2016...
VALID TODAY AS OF 0500 PM LOCAL TIME.

CLIMATE NORMAL PERIOD 1981 TO 2010
CLIMATE RECORD PERIOD 1948 TO 2016


WEATHER ITEM   OBSERVED TIME   RECORD YEAR NORMAL DEPARTURE LAST
                VALUE   (LST)  VALUE       VALUE  FROM      YEAR
                                                  NORMAL
..................................................................
TEMPERATURE (F)
 TODAY
  MAXIMUM         86        MM  88    1991  77      9       77
  MINIMUM         53        MM  33    1962  49      4       50
  AVERAGE         70                        63      7       64

PRECIPITATION (IN)
  TODAY            0.00                      0.02  -0.02     0.00
  MONTH TO DATE    0.20                      0.62  -0.42     0.37
  SINCE JUN 1      0.71                      2.05  -1.34     3.60
  SINCE JAN 1      5.17                      5.78  -0.61     7.68

DEGREE DAYS
 HEATING
  TODAY            0                         3     -3        1
  MONTH TO DATE   46                        39      7       29
  SINCE JUN 1     98                       231   -133      104
  SINCE JUL 1     59                        64     -5       55

 COOLING
  TODAY            5                         1      4        0
  MONTH TO DATE   87                        97    -10       83
  SINCE JUN 1    342                       276     66      252
  SINCE JAN 1    342                       277     65      252
..................................................................


WIND (MPH)
  HIGHEST WIND SPEED     8   HIGHEST WIND DIRECTION     E (90)
  HIGHEST GUST SPEED    MM   HIGHEST GUST DIRECTION    MM
  AVERAGE WIND SPEED     5.4


SKY COVER
  POSSIBLE SUNSHINE  MM
  AVERAGE SKY COVER 0.0


WEATHER CONDITIONS
 THE FOLLOWING WEATHER WAS RECORDED TODAY.
  NO SIGNIFICANT WEATHER WAS OBSERVED.


RELATIVE HUMIDITY (PERCENT)
 HIGHEST    50           600 AM
 LOWEST      9           400 PM
 AVERAGE    30

..........................................................


THE ROCK SPRINGS WY CLIMATE NORMALS FOR TOMORROW
                         NORMAL    RECORD    YEAR
 MAXIMUM TEMPERATURE (F)   77        88      1955
 MINIMUM TEMPERATURE (F)   48        32      1973


SUNRISE AND SUNSET
AUGUST 31 2016........SUNRISE   642 AM MDT   SUNSET   750 PM MDT
SEPTEMBER  1 2016.....SUNRISE   643 AM MDT   SUNSET   748 PM MDT


-  INDICATES NEGATIVE NUMBERS.
R  INDICATES RECORD WAS SET OR TIED.
MM INDICATES DATA IS MISSING.
T  INDICATES TRACE AMOUNT.




$$
