000
CDUS42 KFFC 230028
CLIRMG


CLIMATE REPORT
NATIONAL WEATHER SERVICE PEACHTREE CITY GA
728 PM EST THU FEB 22 2018


...................................

...THE ROME  CLIMATE SUMMARY FOR FEBRUARY 22 2018...
VALID AS OF 0700 PM LOCAL TIME.

CLIMATE NORMAL PERIOD 1981 TO 2010
CLIMATE RECORD PERIOD 9999 TO 9999


WEATHER ITEM   OBSERVED TIME   RECORD YEAR NORMAL DEPARTURE LAST
                VALUE   (LST)  VALUE       VALUE  FROM      YEAR
                                                  NORMAL
..................................................................
TEMPERATURE (F)
 TODAY
  MAXIMUM         83    445 PM  MM      MM  58     25       68
  MINIMUM         57    740 AM  MM      MM  34     23       52
  AVERAGE         70                        46     24       60

PRECIPITATION (IN)
  TODAY            0.00         MM      MM   0.18  -0.18     0.18
  MONTH TO DATE    5.70                      3.69   2.01     2.93
  SINCE DEC 1     11.73                     12.89  -1.16    14.15

SNOWFALL (IN)
  TODAY            0.0          MM      MM  MM     MM        0.0
  MONTH TO DATE    0.0                      MM     MM        0.0
  SINCE DEC 1      0.0                      MM     MM         T
  SINCE JUL 1      0.0                      MM     MM         T

DEGREE DAYS
 HEATING
  TODAY            0                        19    -19        5
  MONTH TO DATE  255                       470   -215      292
  SINCE DEC 1   1734                      1905   -171     1296
  SINCE JUL 1   2254                      2512   -258     1649

 COOLING
  TODAY            5                         0      5        0
  MONTH TO DATE   15                         0     15        0
  SINCE DEC 1     15                         1     14        0
  SINCE JAN 1     15                         0     15        0
..................................................................


WIND (MPH)
  RESULTANT WIND SPEED   4   RESULTANT WIND DIRECTION   S (190)
  HIGHEST WIND SPEED    15   HIGHEST WIND DIRECTION     S (180)
  HIGHEST GUST SPEED    23   HIGHEST GUST DIRECTION     S (180)
  AVERAGE WIND SPEED     4.6


SKY COVER
  AVERAGE SKY COVER 0.3


WEATHER CONDITIONS
 THE FOLLOWING WEATHER WAS RECORDED TODAY.
  FOG
  FOG W/VISIBILITY <= 1/4 MILE


RELATIVE HUMIDITY (PERCENT)
 HIGHEST   100          1200 AM
 LOWEST     49           400 PM
 AVERAGE    75

..........................................................


THE ROME  CLIMATE NORMALS FOR TOMORROW
                         NORMAL    RECORD    YEAR
 MAXIMUM TEMPERATURE (F)   58        MM        MM
 MINIMUM TEMPERATURE (F)   34        MM        MM


SUNRISE AND SUNSET
FEBRUARY 22 2018......SUNRISE   718 AM EST   SUNSET   631 PM EST
FEBRUARY 23 2018......SUNRISE   717 AM EST   SUNSET   632 PM EST


-  INDICATES NEGATIVE NUMBERS.
R  INDICATES RECORD WAS SET OR TIED.
MM INDICATES DATA IS MISSING.
T  INDICATES TRACE AMOUNT.




$$
