000
CDUS42 KFFC 290818
CLIRMG


CLIMATE REPORT
NATIONAL WEATHER SERVICE PEACHTREE CITY GA
417 AM EDT SAT JUL 29 2017


...................................

...THE ROME  CLIMATE SUMMARY FOR JULY 28 2017...

CLIMATE NORMAL PERIOD 1981 TO 2010
CLIMATE RECORD PERIOD 9999 TO 9999


WEATHER ITEM   OBSERVED TIME   RECORD YEAR NORMAL DEPARTURE LAST
                VALUE   (LST)  VALUE       VALUE  FROM      YEAR
                                                  NORMAL
..................................................................
TEMPERATURE (F)
 YESTERDAY
  MAXIMUM         84    347 PM  MM      MM  90     -6       90
  MINIMUM         72    620 AM  MM      MM  69      3       72
  AVERAGE         78                        80     -2       81

PRECIPITATION (IN)
  YESTERDAY        0.06         MM      MM   0.09  -0.03     0.20
  MONTH TO DATE    2.94                      4.03  -1.09     1.25
  SINCE JUN 1      7.46                      8.13  -0.67     3.53
  SINCE JAN 1     35.41                     31.00   4.41    20.65

DEGREE DAYS
 COOLING
  YESTERDAY       13                        15     -2       16
  MONTH TO DATE  452                       406     46      497
  SINCE JUN 1    802                       736     66      936
  SINCE JAN 1   1128                       904    224     1161
..................................................................


WIND (MPH)
  RESULTANT WIND SPEED   2   RESULTANT WIND DIRECTION  SW (230)
  HIGHEST WIND SPEED    16   HIGHEST WIND DIRECTION     W (270)
  HIGHEST GUST SPEED    21   HIGHEST GUST DIRECTION     W (270)
  AVERAGE WIND SPEED     3.4


SKY COVER
  AVERAGE SKY COVER 0.5


WEATHER CONDITIONS
 THE FOLLOWING WEATHER WAS RECORDED YESTERDAY.
  LIGHT RAIN
  FOG


RELATIVE HUMIDITY (PERCENT)
 HIGHEST   100          1200 AM
 LOWEST     79           300 PM
 AVERAGE    90

..........................................................


THE ROME  CLIMATE NORMALS FOR TODAY
                         NORMAL    RECORD    YEAR
 MAXIMUM TEMPERATURE (F)   90        MM        MM
 MINIMUM TEMPERATURE (F)   69        MM        MM


SUNRISE AND SUNSET
JULY 29 2017..........SUNRISE   649 AM EDT   SUNSET   844 PM EDT
JULY 30 2017..........SUNRISE   650 AM EDT   SUNSET   844 PM EDT


-  INDICATES NEGATIVE NUMBERS.
R  INDICATES RECORD WAS SET OR TIED.
MM INDICATES DATA IS MISSING.
T  INDICATES TRACE AMOUNT.




$$
