000
CDUS42 KFFC 300818
CLIRMG


CLIMATE REPORT
NATIONAL WEATHER SERVICE PEACHTREE CITY GA
417 AM EDT SAT APR 30 2016


...................................

...THE ROME  CLIMATE SUMMARY FOR APRIL 29 2016...

CLIMATE NORMAL PERIOD 1981 TO 2010
CLIMATE RECORD PERIOD 9999 TO 9999


WEATHER ITEM   OBSERVED TIME   RECORD YEAR NORMAL DEPARTURE LAST
                VALUE   (LST)  VALUE       VALUE  FROM      YEAR
                                                  NORMAL
..................................................................
TEMPERATURE (F)
 YESTERDAY
  MAXIMUM         86    356 PM  MM      MM  76     10       67
  MINIMUM         53    609 AM  MM      MM  50      3       55
  AVERAGE         70                        63      7       61

PRECIPITATION (IN)
  YESTERDAY        T            MM      MM   0.15  -0.15     0.11
  MONTH TO DATE    1.90                      3.89  -1.99     5.05
  SINCE MAR 1      6.76                      8.84  -2.08     8.57
  SINCE JAN 1     15.77                     18.53  -2.76    16.65

SNOWFALL (IN)
  YESTERDAY       MM            MM      MM  MM     MM       MM
  MONTH TO DATE    0.0                      MM     MM        0.0
  SINCE MAR 1      0.0                      MM     MM        0.0
  SINCE JUL 1      T                        MM     MM         T
  SNOW DEPTH      MM

DEGREE DAYS
 HEATING
  YESTERDAY        0                         3     -3        4
  MONTH TO DATE  139                       184    -45       93
  SINCE MAR 1    396                       589   -193      400
  SINCE JUL 1   2454                      3211   -757     3219

 COOLING
  YESTERDAY        5                         2      3        0
  MONTH TO DATE   38                        27     11       54
  SINCE MAR 1     50                        31     19       54
  SINCE JAN 1     50                        31     19       54
..................................................................


WIND (MPH)
  RESULTANT WIND SPEED   2   RESULTANT WIND DIRECTION  NE (40)
  HIGHEST WIND SPEED    12   HIGHEST WIND DIRECTION     N (10)
  HIGHEST GUST SPEED    14   HIGHEST GUST DIRECTION     W (250)
  AVERAGE WIND SPEED     3.6


SKY COVER
  AVERAGE SKY COVER 0.1


WEATHER CONDITIONS
 THE FOLLOWING WEATHER WAS RECORDED YESTERDAY.
  FOG


RELATIVE HUMIDITY (PERCENT)
 HIGHEST    93           200 AM
 LOWEST     23           400 PM
 AVERAGE    58

..........................................................


THE ROME  CLIMATE NORMALS FOR TODAY
                         NORMAL    RECORD    YEAR
 MAXIMUM TEMPERATURE (F)   76        MM        MM
 MINIMUM TEMPERATURE (F)   51        MM        MM


SUNRISE AND SUNSET
APRIL 30 2016.........SUNRISE   651 AM EDT   SUNSET   825 PM EDT
MAY  1 2016...........SUNRISE   650 AM EDT   SUNSET   825 PM EDT


-  INDICATES NEGATIVE NUMBERS.
R  INDICATES RECORD WAS SET OR TIED.
MM INDICATES DATA IS MISSING.
T  INDICATES TRACE AMOUNT.




$$
