000
CDUS42 KFFC 250817
CLIRMG


CLIMATE REPORT
NATIONAL WEATHER SERVICE PEACHTREE CITY GA
417 AM EDT THU MAY 25 2017


...................................

...THE ROME  CLIMATE SUMMARY FOR MAY 24 2017...

CLIMATE NORMAL PERIOD 1981 TO 2010
CLIMATE RECORD PERIOD 9999 TO 9999


WEATHER ITEM   OBSERVED TIME   RECORD YEAR NORMAL DEPARTURE LAST
                VALUE   (LST)  VALUE       VALUE  FROM      YEAR
                                                  NORMAL
..................................................................
TEMPERATURE (F)
 YESTERDAY
  MAXIMUM         76    313 PM  MM      MM  83     -7       86
  MINIMUM         60   1127 PM  MM      MM  58      2       52
  AVERAGE         68                        71     -3       69

PRECIPITATION (IN)
  YESTERDAY        0.53         MM      MM   0.12   0.41     0.00
  MONTH TO DATE    4.81                      3.34   1.47     1.33
  SINCE MAR 1     15.59                     12.34   3.25     8.09
  SINCE JAN 1     26.85                     22.03   4.82    17.10

DEGREE DAYS
 COOLING
  YESTERDAY        3                         6     -3        4
  MONTH TO DATE  137                        86     51       86
  SINCE MAR 1    279                       119    160      146
  SINCE JAN 1    279                       119    160      146
..................................................................


WIND (MPH)
  RESULTANT WIND SPEED   3   RESULTANT WIND DIRECTION  SW (230)
  HIGHEST WIND SPEED    26   HIGHEST WIND DIRECTION     W (280)
  HIGHEST GUST SPEED    33   HIGHEST GUST DIRECTION     W (270)
  AVERAGE WIND SPEED     5.0


SKY COVER
  AVERAGE SKY COVER 0.8


WEATHER CONDITIONS
 THE FOLLOWING WEATHER WAS RECORDED YESTERDAY.
  THUNDERSTORM
  HEAVY RAIN
  RAIN
  LIGHT RAIN
  FOG


RELATIVE HUMIDITY (PERCENT)
 HIGHEST   100           100 AM
 LOWEST     57           400 PM
 AVERAGE    79

..........................................................


THE ROME  CLIMATE NORMALS FOR TODAY
                         NORMAL    RECORD    YEAR
 MAXIMUM TEMPERATURE (F)   83        MM        MM
 MINIMUM TEMPERATURE (F)   59        MM        MM


SUNRISE AND SUNSET
MAY 25 2017...........SUNRISE   632 AM EDT   SUNSET   843 PM EDT
MAY 26 2017...........SUNRISE   632 AM EDT   SUNSET   844 PM EDT


-  INDICATES NEGATIVE NUMBERS.
R  INDICATES RECORD WAS SET OR TIED.
MM INDICATES DATA IS MISSING.
T  INDICATES TRACE AMOUNT.




$$
