000
CDUS41 KRNK 300619
CLIRNK


CLIMATE REPORT
NATIONAL WEATHER SERVICE BLACKSBURG VA
214 AM EDT TUE AUG 30 2016


...................................

...THE BLACKSBURG VA CLIMATE SUMMARY FOR AUGUST 29 2016...

CLIMATE NORMAL PERIOD 1981 TO 2010
CLIMATE RECORD PERIOD 1952 TO 2016


WEATHER ITEM   OBSERVED RECORD YEAR NORMAL DEPARTURE LAST
                VALUE   VALUE       VALUE  FROM      YEAR
                                           NORMAL
...........................................................
TEMPERATURE (F)
 YESTERDAY
  MAXIMUM         87     94    1953  81      6       80
  MINIMUM         60     36    1986  57      3       59
  AVERAGE         74                 69      5       70

PRECIPITATION (IN)
  YESTERDAY        0.00   0.95 1988   0.10  -0.10     0.00
  MONTH TO DATE    4.15               3.38   0.77     4.08
  SINCE JUN 1     12.29              11.64   0.65    11.82
  SINCE JAN 1     28.31              28.98  -0.67    27.35

SNOWFALL (IN)
  YESTERDAY        0.0                                0.0
  MONTH TO DATE    0.0                                0.0
  SINCE JUN 1      0.0                                 T
  SINCE JUL 1      0.0                                 T
  SNOW DEPTH       0

DEGREE DAYS
 HEATING
  YESTERDAY        0                  1     -1        0
  MONTH TO DATE    0                  4     -4        1
  SINCE JUN 1     12                 48    -36       12
  SINCE JUL 1      0                 10    -10        1

 COOLING
  YESTERDAY        9                  4      5        5
  MONTH TO DATE  253                161     92      180
  SINCE JUN 1    710                476    234      638
  SINCE JAN 1    756                505    251      714
...........................................................


WIND (MPH)
  HIGHEST WIND SPEED     9   HIGHEST WIND DIRECTION     E (70)
  HIGHEST GUST SPEED    17   HIGHEST GUST DIRECTION     E (80)
  AVERAGE WIND SPEED     1.8


SKY COVER
  AVERAGE SKY COVER 0.0


WEATHER CONDITIONS
 THE FOLLOWING WEATHER WAS RECORDED YESTERDAY.
  FOG


RELATIVE HUMIDITY (PERCENT)
 HIGHEST   100           400 AM
 LOWEST     50           300 PM
 AVERAGE    75

..........................................................


THE BLACKSBURG VA CLIMATE NORMALS FOR TODAY
                         NORMAL    RECORD    YEAR
 MAXIMUM TEMPERATURE (F)   80        94      1953
 MINIMUM TEMPERATURE (F)   57        38      1986


SUNRISE AND SUNSET
AUGUST 30 2016........SUNRISE   651 AM EDT   SUNSET   753 PM EDT
AUGUST 31 2016........SUNRISE   652 AM EDT   SUNSET   751 PM EDT


-  INDICATES NEGATIVE NUMBERS.
R  INDICATES RECORD WAS SET OR TIED.
MM INDICATES DATA IS MISSING.
T  INDICATES TRACE AMOUNT.




$$
