000
CDUS41 KRNK 240715
CLIRNK


CLIMATE REPORT
NATIONAL WEATHER SERVICE BLACKSBURG VA
309 AM EDT MON APR 24 2017


...................................

...THE BLACKSBURG VA CLIMATE SUMMARY FOR APRIL 23 2017...

CLIMATE NORMAL PERIOD 1981 TO 2010
CLIMATE RECORD PERIOD 1952 TO 2017


WEATHER ITEM   OBSERVED RECORD YEAR NORMAL DEPARTURE LAST
                VALUE   VALUE       VALUE  FROM      YEAR
                                           NORMAL
...........................................................
TEMPERATURE (F)
 YESTERDAY
  MAXIMUM         48     85    1985  66    -18       67
  MINIMUM         43     20    1982  40      3       42
  AVERAGE         46                 53     -7       55

PRECIPITATION (IN)
  YESTERDAY        1.40   1.45 1958   0.12   1.28     0.00
  MONTH TO DATE    4.21               2.67   1.54     1.13
  SINCE MAR 1      7.45               6.31   1.14     3.70
  SINCE JAN 1     13.23              12.20   1.03    10.84

SNOWFALL (IN)
  YESTERDAY        0.0                                0.0
  MONTH TO DATE    0.1                                0.6
  SINCE MAR 1      1.1                                1.6
  SINCE JUL 1      7.7                               25.6
  SNOW DEPTH       0

DEGREE DAYS
 HEATING
  YESTERDAY       19                 12      7       10
  MONTH TO DATE  220                353   -133      341
  SINCE MAR 1    887               1080   -193      826
  SINCE JUL 1   3979               5128  -1149     4261

 COOLING
  YESTERDAY        0                  0      0        0
  MONTH TO DATE    3                  0      3        0
  SINCE MAR 1      3                  0      3        0
  SINCE JAN 1      3                  0      3        0
...........................................................


WIND (MPH)
  HIGHEST WIND SPEED    16   HIGHEST WIND DIRECTION    NE (60)
  HIGHEST GUST SPEED    24   HIGHEST GUST DIRECTION     E (80)
  AVERAGE WIND SPEED    16.0


SKY COVER
  AVERAGE SKY COVER 1.0


WEATHER CONDITIONS
 THE FOLLOWING WEATHER WAS RECORDED YESTERDAY.
  HEAVY RAIN
  RAIN
  LIGHT RAIN
  FOG


RELATIVE HUMIDITY (PERCENT)
 HIGHEST    96           100 AM
 LOWEST     82           900 AM
 AVERAGE    89

..........................................................


THE BLACKSBURG VA CLIMATE NORMALS FOR TODAY
                         NORMAL    RECORD    YEAR
 MAXIMUM TEMPERATURE (F)   66        85      2001
 MINIMUM TEMPERATURE (F)   41        28      1974


SUNRISE AND SUNSET
APRIL 24 2017.........SUNRISE   635 AM EDT   SUNSET   805 PM EDT
APRIL 25 2017.........SUNRISE   634 AM EDT   SUNSET   806 PM EDT


-  INDICATES NEGATIVE NUMBERS.
R  INDICATES RECORD WAS SET OR TIED.
MM INDICATES DATA IS MISSING.
T  INDICATES TRACE AMOUNT.

$$

RAB
