447
CDUS41 KRNK 300622
CLIRNK


CLIMATE REPORT
NATIONAL WEATHER SERVICE BLACKSBURG VA
220 AM EDT SAT JUL 30 2016


...................................

...THE BLACKSBURG VA CLIMATE SUMMARY FOR JULY 29 2016...

CLIMATE NORMAL PERIOD 1981 TO 2010
CLIMATE RECORD PERIOD 1952 TO 2016


WEATHER ITEM   OBSERVED RECORD YEAR NORMAL DEPARTURE LAST
                VALUE   VALUE       VALUE  FROM      YEAR
                                           NORMAL
...........................................................
TEMPERATURE (F)
 YESTERDAY
  MAXIMUM         84     94    1953  82      2       84
  MINIMUM         66     50    1983  60      6       67
  AVERAGE         75                 71      4       76

PRECIPITATION (IN)
  YESTERDAY        0.02   1.83 1980   0.14  -0.12     0.00
  MONTH TO DATE    4.76               3.99   0.77     4.26
  SINCE JUN 1      8.04               7.99   0.05     7.74
  SINCE JAN 1     24.06              25.33  -1.27    23.27

SNOWFALL (IN)
  YESTERDAY        0.0                                0.0
  MONTH TO DATE    0.0                                 T
  SINCE JUN 1      0.0                                 T
  SINCE JUL 1      0.0                                 T
  SNOW DEPTH       0

DEGREE DAYS
 HEATING
  YESTERDAY        0                  0      0        0
  MONTH TO DATE    0                  0      0        0
  SINCE JUN 1     12                 38    -26       11
  SINCE JUL 1      0                  0      0        0

 COOLING
  YESTERDAY       10                  6      4       11
  MONTH TO DATE  277                180     97      231
  SINCE JUN 1    435                299    136      443
  SINCE JAN 1    481                328    153      519
...........................................................


WIND (MPH)
  HIGHEST WIND SPEED     9   HIGHEST WIND DIRECTION    NW (300)
  HIGHEST GUST SPEED    16   HIGHEST GUST DIRECTION    NW (300)
  AVERAGE WIND SPEED     2.3


SKY COVER
  AVERAGE SKY COVER 0.7


WEATHER CONDITIONS
 THE FOLLOWING WEATHER WAS RECORDED YESTERDAY.
  LIGHT RAIN
  FOG


RELATIVE HUMIDITY (PERCENT)
 HIGHEST   100          1200 AM
 LOWEST     61           400 PM
 AVERAGE    81

..........................................................


THE BLACKSBURG VA CLIMATE NORMALS FOR TODAY
                         NORMAL    RECORD    YEAR
 MAXIMUM TEMPERATURE (F)   82        94      1953
 MINIMUM TEMPERATURE (F)   60        49      2014


SUNRISE AND SUNSET
JULY 30 2016..........SUNRISE   625 AM EDT   SUNSET   830 PM EDT
JULY 31 2016..........SUNRISE   626 AM EDT   SUNSET   830 PM EDT


-  INDICATES NEGATIVE NUMBERS.
R  INDICATES RECORD WAS SET OR TIED.
MM INDICATES DATA IS MISSING.
T  INDICATES TRACE AMOUNT.

$$
RCS
