000
CDUS41 KRNK 220717
CLIRNK


CLIMATE REPORT
NATIONAL WEATHER SERVICE BLACKSBURG VA
316 AM EDT MON MAY 22 2017


...................................

...THE BLACKSBURG VA CLIMATE SUMMARY FOR MAY 21 2017...

CLIMATE NORMAL PERIOD 1981 TO 2010
CLIMATE RECORD PERIOD 1952 TO 2017


WEATHER ITEM   OBSERVED RECORD YEAR NORMAL DEPARTURE LAST
                VALUE   VALUE       VALUE  FROM      YEAR
                                           NORMAL
...........................................................
TEMPERATURE (F)
 YESTERDAY
  MAXIMUM         66     88    1996  73     -7       73
  MINIMUM         56     34    2002  49      7       54
  AVERAGE         61                 61      0       64

PRECIPITATION (IN)
  YESTERDAY        0.38   0.90 1965   0.14   0.24     0.23
  MONTH TO DATE    3.19               2.76   0.43     4.15
  SINCE MAR 1     12.35               9.88   2.47     8.47
  SINCE JAN 1     18.13              15.77   2.36    15.61

SNOWFALL (IN)
  YESTERDAY        0.0                                0.0
  MONTH TO DATE    0.0                                0.0
  SINCE MAR 1      1.1                                1.6
  SINCE JUL 1      7.7                               25.6
  SNOW DEPTH       0

DEGREE DAYS
 HEATING
  YESTERDAY        4                  5     -1        1
  MONTH TO DATE  128                160    -32      152
  SINCE MAR 1   1046               1317   -271      999
  SINCE JUL 1   4138               5365  -1227     4434

 COOLING
  YESTERDAY        0                  1     -1        0
  MONTH TO DATE   27                 10     17       11
  SINCE MAR 1     46                 13     33       21
  SINCE JAN 1     46                 13     33       21
...........................................................


WIND (MPH)
  HIGHEST WIND SPEED    13   HIGHEST WIND DIRECTION     E (100)
  HIGHEST GUST SPEED    16   HIGHEST GUST DIRECTION     E (90)
  AVERAGE WIND SPEED     6.9


SKY COVER
  AVERAGE SKY COVER 1.0


WEATHER CONDITIONS
 THE FOLLOWING WEATHER WAS RECORDED YESTERDAY.
  HEAVY RAIN
  RAIN
  LIGHT RAIN
  FOG


RELATIVE HUMIDITY (PERCENT)
 HIGHEST    96           500 PM
 LOWEST     78           100 PM
 AVERAGE    87

..........................................................


THE BLACKSBURG VA CLIMATE NORMALS FOR TODAY
                         NORMAL    RECORD    YEAR
 MAXIMUM TEMPERATURE (F)   73        88      2009
 MINIMUM TEMPERATURE (F)   49        28      2002


SUNRISE AND SUNSET
MAY 22 2017...........SUNRISE   608 AM EDT   SUNSET   829 PM EDT
MAY 23 2017...........SUNRISE   607 AM EDT   SUNSET   830 PM EDT


-  INDICATES NEGATIVE NUMBERS.
R  INDICATES RECORD WAS SET OR TIED.
MM INDICATES DATA IS MISSING.
T  INDICATES TRACE AMOUNT.




$$
