772
CDUS41 KRNK 100648
CLIRNK


CLIMATE REPORT
NATIONAL WEATHER SERVICE BLACKSBURG VA
144 AM EST WED FEB 10 2016


...................................

...THE BLACKSBURG VA CLIMATE SUMMARY FOR FEBRUARY 9 2016...

CLIMATE NORMAL PERIOD 1981 TO 2010
CLIMATE RECORD PERIOD 1952 TO 2016


WEATHER ITEM   OBSERVED RECORD YEAR NORMAL DEPARTURE LAST
                VALUE   VALUE       VALUE  FROM      YEAR
                                           NORMAL
...........................................................
TEMPERATURE (F)
 YESTERDAY
  MAXIMUM         28     65    1965  44    -16       60
  MINIMUM         19      4    1967  23     -4       44
  AVERAGE         24                 33     -9       52

PRECIPITATION (IN)
  YESTERDAY        0.03   1.13 1957   0.11  -0.08      T
  MONTH TO DATE    1.32               0.90   0.42     0.31
  SINCE DEC 1      8.78               6.93   1.85     4.26
  SINCE JAN 1      3.76               3.98  -0.22     1.61

SNOWFALL (IN)
  YESTERDAY        0.3                                0.0
  MONTH TO DATE    0.8                                 T
  SINCE DEC 1     15.0                                1.6
  SINCE JUL 1     15.0                                4.0
  SNOW DEPTH       1

DEGREE DAYS
 HEATING
  YESTERDAY       41                 32      9       13
  MONTH TO DATE  263                291    -28      251
  SINCE DEC 1   1922               2298   -376     2109
  SINCE JUL 1   2810               3478   -668     3302

 COOLING
  YESTERDAY        0                  0      0        0
  MONTH TO DATE    0                  0      0        0
  SINCE DEC 1      0                  0      0        0
  SINCE JAN 1      0                  0      0        0
...........................................................


WIND (MPH)
  HIGHEST WIND SPEED    17   HIGHEST WIND DIRECTION     W (290)
  HIGHEST GUST SPEED    29   HIGHEST GUST DIRECTION     W (290)
  AVERAGE WIND SPEED     9.0


SKY COVER
  AVERAGE SKY COVER 0.9


WEATHER CONDITIONS
 THE FOLLOWING WEATHER WAS RECORDED YESTERDAY.
  LIGHT SNOW


RELATIVE HUMIDITY (PERCENT)
 HIGHEST    96           600 AM
 LOWEST     60           200 PM
 AVERAGE    78

..........................................................


THE BLACKSBURG VA CLIMATE NORMALS FOR TODAY
                         NORMAL    RECORD    YEAR
 MAXIMUM TEMPERATURE (F)   44        66      2009
                                             2001
 MINIMUM TEMPERATURE (F)   23         2      1979


SUNRISE AND SUNSET
FEBRUARY 10 2016......SUNRISE   717 AM EST   SUNSET   556 PM EST
FEBRUARY 11 2016......SUNRISE   716 AM EST   SUNSET   557 PM EST


-  INDICATES NEGATIVE NUMBERS.
R  INDICATES RECORD WAS SET OR TIED.
MM INDICATES DATA IS MISSING.
T  INDICATES TRACE AMOUNT.

$$

RAB
