000
CDUS41 KRNK 182204
CLIRNK


CLIMATE REPORT
NATIONAL WEATHER SERVICE BLACKSBURG VA
504 PM EST SUN FEB 18 2018


...................................

...THE BLACKSBURG VA CLIMATE SUMMARY FOR FEBRUARY 18 2018...
VALID TODAY AS OF 0500 PM LOCAL TIME.

CLIMATE NORMAL PERIOD 1981 TO 2010
CLIMATE RECORD PERIOD 1952 TO 2018


WEATHER ITEM   OBSERVED RECORD YEAR NORMAL DEPARTURE LAST
                VALUE   VALUE       VALUE  FROM      YEAR
                                           NORMAL
...........................................................
TEMPERATURE (F)
 TODAY
  MAXIMUM         54     65    2011  46      8       63
                               1976
  MINIMUM         35     -2    1958  24     11       31
  AVERAGE         45                 35     10       47

PRECIPITATION (IN)
  TODAY            0.00   0.75 2000   0.10  -0.10      T
  MONTH TO DATE    4.22               1.82   2.40     0.61
  SINCE DEC 1      6.46               7.85  -1.39     8.20
  SINCE JAN 1      5.82               4.90   0.92     5.11

SNOWFALL (IN)
  TODAY           MM                                  0.0
  MONTH TO DATE    1.4                                 T
  SINCE DEC 1      7.4                                6.6
  SINCE JUL 1      7.4                                6.6
  SNOW DEPTH       0

DEGREE DAYS
 HEATING
  TODAY           20                 30    -10       18
  MONTH TO DATE  487                570    -83      437
  SINCE DEC 1   2545               2577    -32     2145
  SINCE JUL 1   3535               3757   -222     2918

 COOLING
  TODAY            0                  0      0        0
  MONTH TO DATE    0                  0      0        0
  SINCE DEC 1      0                  0      0        0
  SINCE JAN 1      0                  0      0        0
...........................................................


WIND (MPH)
  HIGHEST WIND SPEED    22   HIGHEST WIND DIRECTION     W (290)
  HIGHEST GUST SPEED    33   HIGHEST GUST DIRECTION     W (280)
  AVERAGE WIND SPEED     8.0


SKY COVER
  AVERAGE SKY COVER 0.5


WEATHER CONDITIONS
 THE FOLLOWING WEATHER WAS RECORDED TODAY.
  NO SIGNIFICANT WEATHER WAS OBSERVED.


RELATIVE HUMIDITY (PERCENT)
 HIGHEST    96          1200 AM
 LOWEST     38           300 PM
 AVERAGE    67

..........................................................


THE BLACKSBURG VA CLIMATE NORMALS FOR TOMORROW
                         NORMAL    RECORD    YEAR
 MAXIMUM TEMPERATURE (F)   46        65      1994
 MINIMUM TEMPERATURE (F)   24        -2      2015
                                             1958


SUNRISE AND SUNSET
FEBRUARY 18 2018......SUNRISE   707 AM EST   SUNSET   605 PM EST
FEBRUARY 19 2018......SUNRISE   706 AM EST   SUNSET   606 PM EST


-  INDICATES NEGATIVE NUMBERS.
R  INDICATES RECORD WAS SET OR TIED.
MM INDICATES DATA IS MISSING.
T  INDICATES TRACE AMOUNT.

REMARKS:
DUE TO MISSING TEMPERATURES FROM SEPTEMBER 8-10...THE
HEATING DEGREE DAY AND DEPARTURE FROM NORMAL WILL BE CALCULATED
WITHOUT DATA FROM THESE DATES.


$$
