871
CDUS41 KRNK 270934
CLIRNK


CLIMATE REPORT
NATIONAL WEATHER SERVICE BLACKSBURG VA
431 AM EST MON FEB 27 2017


...................................

...THE BLACKSBURG VA CLIMATE SUMMARY FOR FEBRUARY 26 2017...

CLIMATE NORMAL PERIOD 1981 TO 2010
CLIMATE RECORD PERIOD 1952 TO 2017


WEATHER ITEM   OBSERVED RECORD YEAR NORMAL DEPARTURE LAST
                VALUE   VALUE       VALUE  FROM      YEAR
                                           NORMAL
...........................................................
TEMPERATURE (F)
 YESTERDAY
  MAXIMUM         46     73    2000  48     -2       33
  MINIMUM         25      2    1968  25      0       27
  AVERAGE         36                 36      0       30

PRECIPITATION (IN)
  YESTERDAY        0.00   1.25 1979   0.10  -0.10      T
  MONTH TO DATE    0.89               2.62  -1.73     4.70
  SINCE DEC 1      8.48               8.65  -0.17    12.16
  SINCE JAN 1      5.39               5.70  -0.31     7.14

SNOWFALL (IN)
  YESTERDAY        0.0                                 T
  MONTH TO DATE    T                                  9.8
  SINCE DEC 1      6.6                               24.0
  SINCE JUL 1      6.6                               24.0
  SNOW DEPTH       0

DEGREE DAYS
 HEATING
  YESTERDAY       29                 28      1       35
  MONTH TO DATE  566                804   -238      823
  SINCE DEC 1   2274               2811   -537     2482
  SINCE JUL 1   3047               3991   -944     3370

 COOLING
  YESTERDAY        0                  0      0        0
  MONTH TO DATE    0                  0      0        0
  SINCE DEC 1      0                  0      0        0
  SINCE JAN 1      0                  0      0        0
...........................................................


WIND (MPH)
  HIGHEST WIND SPEED    18   HIGHEST WIND DIRECTION    NW (300)
  HIGHEST GUST SPEED    30   HIGHEST GUST DIRECTION     W (290)
  AVERAGE WIND SPEED     8.1


SKY COVER
  AVERAGE SKY COVER 0.1


WEATHER CONDITIONS
 THE FOLLOWING WEATHER WAS RECORDED YESTERDAY.
  NO SIGNIFICANT WEATHER WAS OBSERVED.


RELATIVE HUMIDITY (PERCENT)
 HIGHEST    63           200 AM
 LOWEST     26           400 PM
 AVERAGE    45

..........................................................


THE BLACKSBURG VA CLIMATE NORMALS FOR TODAY
                         NORMAL    RECORD    YEAR
 MAXIMUM TEMPERATURE (F)   48        75      1977
 MINIMUM TEMPERATURE (F)   26         2      1963


SUNRISE AND SUNSET
FEBRUARY 27 2017......SUNRISE   655 AM EST   SUNSET   614 PM EST
FEBRUARY 28 2017......SUNRISE   654 AM EST   SUNSET   615 PM EST


-  INDICATES NEGATIVE NUMBERS.
R  INDICATES RECORD WAS SET OR TIED.
MM INDICATES DATA IS MISSING.
T  INDICATES TRACE AMOUNT.

$$

RAB
