000
CDUS41 KRNK 290650
CLIRNK


CLIMATE REPORT
NATIONAL WEATHER SERVICE BLACKSBURG VA
247 AM EDT SAT AUG 29 2015


...................................

...THE BLACKSBURG VA CLIMATE SUMMARY FOR AUGUST 28 2015...

CLIMATE NORMAL PERIOD 1981 TO 2010
CLIMATE RECORD PERIOD 1952 TO 2015


WEATHER ITEM   OBSERVED RECORD YEAR NORMAL DEPARTURE LAST
                VALUE   VALUE       VALUE  FROM      YEAR
                                           NORMAL
...........................................................
TEMPERATURE (F)
 YESTERDAY
  MAXIMUM         82     93    1953  81      1       85
  MINIMUM         57     38    1968  57      0       64
  AVERAGE         70                 69      1       75

PRECIPITATION (IN)
  YESTERDAY        0.00   1.96 2000   0.11  -0.11     0.00
  MONTH TO DATE    4.08               3.28   0.80     5.95
  SINCE JUN 1     11.82              11.54   0.28    10.94
  SINCE JAN 1     27.35              28.88  -1.53    25.77

SNOWFALL (IN)
  YESTERDAY        0.0                                0.0
  MONTH TO DATE    0.0                                0.0
  SINCE JUN 1      T                                   T
  SINCE JUL 1      T                                  0.0
  SNOW DEPTH       0

DEGREE DAYS
 HEATING
  YESTERDAY        0                  1     -1        0
  MONTH TO DATE    1                  3     -2        3
  SINCE JUN 1     12                 47    -35       14
  SINCE JUL 1      1                  9     -8       11

 COOLING
  YESTERDAY        5                  5      0       10
  MONTH TO DATE  175                157     18      100
  SINCE JUN 1    633                472    161      446
  SINCE JAN 1    709                501    208      504
...........................................................


WIND (MPH)
  HIGHEST WIND SPEED     9   HIGHEST WIND DIRECTION     S (160)
  HIGHEST GUST SPEED    MM   HIGHEST GUST DIRECTION    MM
  AVERAGE WIND SPEED     2.3


SKY COVER
  AVERAGE SKY COVER 0.7


WEATHER CONDITIONS
 THE FOLLOWING WEATHER WAS RECORDED YESTERDAY.
  NO SIGNIFICANT WEATHER WAS OBSERVED.


RELATIVE HUMIDITY (PERCENT)
 HIGHEST   100           100 AM
 LOWEST     47           300 PM
 AVERAGE    74

..........................................................


THE BLACKSBURG VA CLIMATE NORMALS FOR TODAY
                         NORMAL    RECORD    YEAR
 MAXIMUM TEMPERATURE (F)   81        94      1953
 MINIMUM TEMPERATURE (F)   57        36      1986


SUNRISE AND SUNSET
AUGUST 29 2015........SUNRISE   650 AM EDT   SUNSET   755 PM EDT
AUGUST 30 2015........SUNRISE   650 AM EDT   SUNSET   754 PM EDT


-  INDICATES NEGATIVE NUMBERS.
R  INDICATES RECORD WAS SET OR TIED.
MM INDICATES DATA IS MISSING.
T  INDICATES TRACE AMOUNT.




$$
