000
CDUS41 KRNK 190911
CLIRNK


CLIMATE REPORT
NATIONAL WEATHER SERVICE BLACKSBURG VA
507 AM EDT FRI SEP 19 2014


...................................

...THE BLACKSBURG VA CLIMATE SUMMARY FOR SEPTEMBER 18 2014...

CLIMATE NORMAL PERIOD 1981 TO 2010
CLIMATE RECORD PERIOD 1952 TO 2014


WEATHER ITEM   OBSERVED TIME   RECORD YEAR NORMAL DEPARTURE LAST
                VALUE   (LST)  VALUE       VALUE  FROM      YEAR
                                                  NORMAL
..................................................................
TEMPERATURE (F)
 YESTERDAY
  MAXIMUM         73    300 PM  91    1954  75     -2       66
  MINIMUM         54   1200 AM  34    2000  50      4       45
  AVERAGE         64                        62      2       56

PRECIPITATION (IN)
  YESTERDAY        0.00          1.75 1988   0.11  -0.11     0.00
  MONTH TO DATE    3.43                      1.89   1.54     0.03
  SINCE SEP 1      3.43                      1.89   1.54     0.03
  SINCE JAN 1     29.20                     31.08  -1.88    39.58

SNOWFALL (IN)
  YESTERDAY        0.0
  MONTH TO DATE    0.0
  SINCE SEP 1      0.0
  SINCE JUL 1      0.0
  SNOW DEPTH       0

DEGREE DAYS
 HEATING
  YESTERDAY        1                         4     -3        9
  MONTH TO DATE   18                        38    -20       45
  SINCE SEP 1     18                        38    -20       45
  SINCE JUL 1     29                        56    -27       68

 COOLING
  YESTERDAY        0                         1     -1        0
  MONTH TO DATE   75                        47     28       52
  SINCE SEP 1     75                        47     28       52
  SINCE JAN 1    605                       559     46      558
..................................................................


WIND (MPH)
  HIGHEST WIND SPEED     5   HIGHEST WIND DIRECTION     W (290)
  HIGHEST GUST SPEED    MM   HIGHEST GUST DIRECTION    MM
  AVERAGE WIND SPEED     0.9


SKY COVER
  POSSIBLE SUNSHINE  MM
  AVERAGE SKY COVER 0.7


WEATHER CONDITIONS
 THE FOLLOWING WEATHER WAS RECORDED YESTERDAY.
  FOG
  FOG W/VISIBILITY <= 1/4 MILE


RELATIVE HUMIDITY (PERCENT)
 HIGHEST   100          1200 AM
 LOWEST     53           200 PM
 AVERAGE    77

..........................................................


THE BLACKSBURG VA CLIMATE NORMALS FOR TODAY
                         NORMAL    RECORD    YEAR
 MAXIMUM TEMPERATURE (F)   74        92      1978
 MINIMUM TEMPERATURE (F)   50        35      1973


SUNRISE AND SUNSET
SEPTEMBER 19 2014.....SUNRISE   707 AM EDT   SUNSET   723 PM EDT
SEPTEMBER 20 2014.....SUNRISE   708 AM EDT   SUNSET   722 PM EDT


-  INDICATES NEGATIVE NUMBERS.
R  INDICATES RECORD WAS SET OR TIED.
MM INDICATES DATA IS MISSING.
T  INDICATES TRACE AMOUNT.




$$
