000
CDUS46 KSGX 291416
CLIRNM


CLIMATE REPORT
NATIONAL WEATHER SERVICE SAN DIEGO, CA
715 AM PDT FRI JUL 29 2016


...................................

...THE RAMONA AIRPORT CA CLIMATE SUMMARY FOR JULY 28 2016...

CLIMATE NORMAL PERIOD 1981 TO 2010
CLIMATE RECORD PERIOD 1974 TO 2016


WEATHER ITEM   OBSERVED TIME   RECORD YEAR NORMAL DEPARTURE LAST
                VALUE   (LST)  VALUE       VALUE  FROM      YEAR
                                                  NORMAL
..................................................................
TEMPERATURE (F)
 YESTERDAY
  MAXIMUM         95    218 PM 102    1980  89      6       88
  MINIMUM         60    510 AM  48    2012  57      3       54
                                      1986
  AVERAGE         78                        73      5       71

PRECIPITATION (IN)
  YESTERDAY        0.00          0.32 1984   0.00   0.00     0.00
  MONTH TO DATE    0.00                      0.11  -0.11     2.38
  SINCE OCT 1     13.19                     15.58  -2.39    12.02
  SINCE JAN 1      9.66                     11.44  -1.78     7.42

DEGREE DAYS
 HEATING
  YESTERDAY        0                         0      0        0
  MONTH TO DATE    0                         0      0        0
  SINCE JUN 1      4                        27    -23        8
  SINCE JUL 1      0                         0      0        0

 COOLING
  YESTERDAY       13                         8      5        6
  MONTH TO DATE  252                       197     55      185
  SINCE JUN 1    446                       283    163      377
  SINCE JAN 1    458                       310    148      412
..................................................................


WIND (MPH)
  RESULTANT WIND SPEED   4   RESULTANT WIND DIRECTION   W (280)
  HIGHEST WIND SPEED    16   HIGHEST WIND DIRECTION     W (270)
  HIGHEST GUST SPEED    21   HIGHEST GUST DIRECTION     W (270)
  AVERAGE WIND SPEED     4.6


SKY COVER
  POSSIBLE SUNSHINE  MM
  AVERAGE SKY COVER 0.0


WEATHER CONDITIONS
 THE FOLLOWING WEATHER WAS RECORDED YESTERDAY.
  NO SIGNIFICANT WEATHER WAS OBSERVED.


RELATIVE HUMIDITY (PERCENT)
 HIGHEST    60           400 AM
 LOWEST     16           500 PM
 AVERAGE    38

..........................................................


THE RAMONA AIRPORT CA CLIMATE NORMALS FOR TODAY
                         NORMAL    RECORD    YEAR
 MAXIMUM TEMPERATURE (F)   89       104      1980
 MINIMUM TEMPERATURE (F)   57        46      2012


SUNRISE AND SUNSET
JULY 29 2016..........SUNRISE   559 AM PDT   SUNSET   748 PM PDT
JULY 30 2016..........SUNRISE   600 AM PDT   SUNSET   748 PM PDT


-  INDICATES NEGATIVE NUMBERS.
R  INDICATES RECORD WAS SET OR TIED.
MM INDICATES DATA IS MISSING.
T  INDICATES TRACE AMOUNT.




$$
