000
CDUS46 KSGX 240121
CLIRNM


CLIMATE REPORT
NATIONAL WEATHER SERVICE SAN DIEGO, CA
521 PM PST TUE JAN 23 2018


...................................

...THE RAMONA AIRPORT CA CLIMATE SUMMARY FOR JANUARY 23 2018...
VALID TODAY AS OF 0500 PM LOCAL TIME.

CLIMATE NORMAL PERIOD 1981 TO 2010
CLIMATE RECORD PERIOD 1974 TO 2018


WEATHER ITEM   OBSERVED TIME   RECORD YEAR NORMAL DEPARTURE LAST
                VALUE   (LST)  VALUE       VALUE  FROM      YEAR
                                                  NORMAL
..................................................................
TEMPERATURE (F)
 TODAY
  MAXIMUM         75    223 PM  82    1994  65     10       53
  MINIMUM         31    540 AM  23    2007  35     -4       40
  AVERAGE         53                        50      3       47

PRECIPITATION (IN)
  TODAY            0.00          1.20 2017   0.09  -0.09     1.20
  MONTH TO DATE    3.29                      2.73   0.56     7.31
  SINCE OCT 1      3.33                      6.87  -3.54    14.33
  SINCE JAN 1      3.29                      2.73   0.56     7.31

DEGREE DAYS
 HEATING
  TODAY           12                        15     -3       18
  MONTH TO DATE  183                       345   -162      342
  SINCE DEC 1    492                       822   -330      734
  SINCE JUL 1    673                      1233   -560      985

 COOLING
  TODAY            0                         0      0        0
  MONTH TO DATE    3                         0      3        0
  SINCE DEC 1      4                         0      4        1
  SINCE JAN 1      3                         0      3        0
..................................................................


WIND (MPH)
  RESULTANT WIND SPEED   5   RESULTANT WIND DIRECTION   E (90)
  HIGHEST WIND SPEED    20   HIGHEST WIND DIRECTION     E (90)
  HIGHEST GUST SPEED    28   HIGHEST GUST DIRECTION     E (90)
  AVERAGE WIND SPEED     6.6


SKY COVER
  POSSIBLE SUNSHINE  MM
  AVERAGE SKY COVER 0.0


WEATHER CONDITIONS
 THE FOLLOWING WEATHER WAS RECORDED TODAY.
  HAZE


RELATIVE HUMIDITY (PERCENT)
 HIGHEST    78           700 AM
 LOWEST     11           300 PM
 AVERAGE    45

..........................................................


THE RAMONA AIRPORT CA CLIMATE NORMALS FOR TOMORROW
                         NORMAL    RECORD    YEAR
 MAXIMUM TEMPERATURE (F)   65        80      1992
                                             1988
                                             1975
 MINIMUM TEMPERATURE (F)   35        25      2011


SUNRISE AND SUNSET
JANUARY 23 2018.......SUNRISE   648 AM PST   SUNSET   511 PM PST
JANUARY 24 2018.......SUNRISE   648 AM PST   SUNSET   512 PM PST


-  INDICATES NEGATIVE NUMBERS.
R  INDICATES RECORD WAS SET OR TIED.
MM INDICATES DATA IS MISSING.
T  INDICATES TRACE AMOUNT.




$$
