000
CDUS46 KSGX 241132
CLIRNM


CLIMATE REPORT
NATIONAL WEATHER SERVICE SAN DIEGO, CA
431 AM PDT SAT JUN 24 2017


...................................

...THE RAMONA AIRPORT CA CLIMATE SUMMARY FOR JUNE 23 2017...

CLIMATE NORMAL PERIOD 1981 TO 2010
CLIMATE RECORD PERIOD 1974 TO 2017


WEATHER ITEM   OBSERVED TIME   RECORD YEAR NORMAL DEPARTURE LAST
                VALUE   (LST)  VALUE       VALUE  FROM      YEAR
                                                  NORMAL
..................................................................
TEMPERATURE (F)
 YESTERDAY
  MAXIMUM         86   1219 PM 100    1978  85      1       87
                                      1976
  MINIMUM         56    328 AM  41    1991  52      4       58
  AVERAGE         71                        69      2       73

PRECIPITATION (IN)
  YESTERDAY        0.00          0.01 2010   0.01  -0.01     0.00
  MONTH TO DATE    0.01                      0.12  -0.11     0.00
  SINCE OCT 1     22.73                     15.47   7.26    13.19
  SINCE JAN 1     15.71                     11.33   4.38     9.66

DEGREE DAYS
 HEATING
  YESTERDAY        0                         0      0        0
  MONTH TO DATE   13                        26    -13        4
  SINCE JUN 1     13                        26    -13        4
  SINCE JUL 1   1922                      2550   -628     2157

 COOLING
  YESTERDAY        6                         4      2        8
  MONTH TO DATE  108                        53     55      127
  SINCE JUN 1    108                        53     55      127
  SINCE JAN 1    158                        80     78      139
..................................................................


WIND (MPH)
  RESULTANT WIND SPEED   4   RESULTANT WIND DIRECTION  NW (300)
  HIGHEST WIND SPEED    14   HIGHEST WIND DIRECTION     W (260)
  HIGHEST GUST SPEED    19   HIGHEST GUST DIRECTION    NW (320)
  AVERAGE WIND SPEED     4.7


SKY COVER
  POSSIBLE SUNSHINE  MM
  AVERAGE SKY COVER 0.3


WEATHER CONDITIONS
 THE FOLLOWING WEATHER WAS RECORDED YESTERDAY.
  FOG
  FOG W/VISIBILITY <= 1/4 MILE


RELATIVE HUMIDITY (PERCENT)
 HIGHEST   100          1200 AM
 LOWEST     48          1100 AM
 AVERAGE    74

..........................................................


THE RAMONA AIRPORT CA CLIMATE NORMALS FOR TODAY
                         NORMAL    RECORD    YEAR
 MAXIMUM TEMPERATURE (F)   85       102      1976
 MINIMUM TEMPERATURE (F)   53        44      2012
                                             2010
                                             1997


SUNRISE AND SUNSET
JUNE 24 2017..........SUNRISE   540 AM PDT   SUNSET   800 PM PDT
JUNE 25 2017..........SUNRISE   541 AM PDT   SUNSET   800 PM PDT


-  INDICATES NEGATIVE NUMBERS.
R  INDICATES RECORD WAS SET OR TIED.
MM INDICATES DATA IS MISSING.
T  INDICATES TRACE AMOUNT.




$$
