000
CDUS46 KSGX 240019
CLIRNM


CLIMATE REPORT
NATIONAL WEATHER SERVICE SAN DIEGO, CA
518 PM PDT MON OCT 23 2017


...................................

...THE RAMONA AIRPORT CA CLIMATE SUMMARY FOR OCTOBER 23 2017...
VALID TODAY AS OF 0500 PM LOCAL TIME.

CLIMATE NORMAL PERIOD 1981 TO 2010
CLIMATE RECORD PERIOD 1974 TO 2017


WEATHER ITEM   OBSERVED TIME   RECORD YEAR NORMAL DEPARTURE LAST
                VALUE   (LST)  VALUE       VALUE  FROM      YEAR
                                                  NORMAL
..................................................................
TEMPERATURE (F)
 TODAY
  MAXIMUM        101R   211 PM  97    2003  78     23       85
  MINIMUM         50    607 AM  33    1996  46      4       47
  AVERAGE         76                        62     14       66

PRECIPITATION (IN)
  TODAY            0.00          0.38 1992   0.02  -0.02      T
  MONTH TO DATE    T                         0.47  -0.47     0.01
  SINCE OCT 1      T                         0.47  -0.47     0.01
  SINCE JAN 1     15.94                     12.37   3.57    10.17

DEGREE DAYS
 HEATING
  TODAY            0                         4     -4        0
  MONTH TO DATE   18                        62    -44       30
  SINCE SEP 1     32                        77    -45       38
  SINCE JUL 1     32                        80    -48       38

 COOLING
  TODAY           11                         1     10        1
  MONTH TO DATE   79                        43     36       39
  SINCE SEP 1    281                       223     58      194
  SINCE JAN 1   1216                       836    380      990
..................................................................


WIND (MPH)
  RESULTANT WIND SPEED   8   RESULTANT WIND DIRECTION   E (80)
  HIGHEST WIND SPEED    21   HIGHEST WIND DIRECTION    NE (60)
  HIGHEST GUST SPEED    30   HIGHEST GUST DIRECTION    NE (60)
  AVERAGE WIND SPEED     7.9


SKY COVER
  POSSIBLE SUNSHINE  MM
  AVERAGE SKY COVER 0.0


WEATHER CONDITIONS
 THE FOLLOWING WEATHER WAS RECORDED TODAY.
  NO SIGNIFICANT WEATHER WAS OBSERVED.


RELATIVE HUMIDITY (PERCENT)
 HIGHEST    54           600 AM
 LOWEST      5          1200 PM
 AVERAGE    30

..........................................................


THE RAMONA AIRPORT CA CLIMATE NORMALS FOR TOMORROW
                         NORMAL    RECORD    YEAR
 MAXIMUM TEMPERATURE (F)   78        96      2007
 MINIMUM TEMPERATURE (F)   46        36      1996


SUNRISE AND SUNSET
OCTOBER 23 2017.......SUNRISE   658 AM PDT   SUNSET   605 PM PDT
OCTOBER 24 2017.......SUNRISE   659 AM PDT   SUNSET   604 PM PDT


-  INDICATES NEGATIVE NUMBERS.
R  INDICATES RECORD WAS SET OR TIED.
MM INDICATES DATA IS MISSING.
T  INDICATES TRACE AMOUNT.




$$
