219
CDUS46 KSGX 080118
CLIRNM


CLIMATE REPORT
NATIONAL WEATHER SERVICE SAN DIEGO, CA
518 PM PST WED DEC 7 2016


...................................

...THE RAMONA AIRPORT CA CLIMATE SUMMARY FOR DECEMBER 7 2016...
VALID TODAY AS OF 0500 PM LOCAL TIME.

CLIMATE NORMAL PERIOD 1981 TO 2010
CLIMATE RECORD PERIOD 1974 TO 2016


WEATHER ITEM   OBSERVED TIME   RECORD YEAR NORMAL DEPARTURE LAST
                VALUE   (LST)  VALUE       VALUE  FROM      YEAR
                                                  NORMAL
..................................................................
TEMPERATURE (F)
 TODAY
  MAXIMUM         59    202 PM  85    1981  65     -6       81
  MINIMUM         45   1215 AM  22    1978  35     10       35
  AVERAGE         52                        50      2       58

PRECIPITATION (IN)
  TODAY            0.00          2.07 2009   0.06  -0.06     0.00
  MONTH TO DATE    0.00                      0.38  -0.38     0.00
  SINCE OCT 1      1.63                      2.29  -0.66     1.76
  SINCE JAN 1     11.79                     14.19  -2.40    10.48

DEGREE DAYS
 HEATING
  TODAY           13                        15     -2        7
  MONTH TO DATE  104                       102      2       73
  SINCE DEC 1    104                       102      2       73
  SINCE JUL 1    355                       513   -158      412

 COOLING
  TODAY            0                         0      0        0
  MONTH TO DATE    0                         0      0        0
  SINCE DEC 1      0                         0      0        0
  SINCE JAN 1   1019                       850    169     1207
..................................................................


WIND (MPH)
  RESULTANT WIND SPEED   1   RESULTANT WIND DIRECTION  NW (300)
  HIGHEST WIND SPEED     9   HIGHEST WIND DIRECTION     W (290)
  HIGHEST GUST SPEED    11   HIGHEST GUST DIRECTION     W (290)
  AVERAGE WIND SPEED     2.7


SKY COVER
  POSSIBLE SUNSHINE  MM
  AVERAGE SKY COVER 0.8


WEATHER CONDITIONS
 THE FOLLOWING WEATHER WAS RECORDED TODAY.
  FOG


RELATIVE HUMIDITY (PERCENT)
 HIGHEST    93           500 AM
 LOWEST     57           100 PM
 AVERAGE    75

..........................................................


THE RAMONA AIRPORT CA CLIMATE NORMALS FOR TOMORROW
                         NORMAL    RECORD    YEAR
 MAXIMUM TEMPERATURE (F)   65        87      1975
 MINIMUM TEMPERATURE (F)   35        23      2011


SUNRISE AND SUNSET
DECEMBER  7 2016......SUNRISE   638 AM PST   SUNSET   441 PM PST
DECEMBER  8 2016......SUNRISE   639 AM PST   SUNSET   441 PM PST


-  INDICATES NEGATIVE NUMBERS.
R  INDICATES RECORD WAS SET OR TIED.
MM INDICATES DATA IS MISSING.
T  INDICATES TRACE AMOUNT.




$$
