000
CDUS46 KSGX 260017
CLIRNM


CLIMATE REPORT
NATIONAL WEATHER SERVICE SAN DIEGO, CA
517 PM PDT MON MAY 25 2015


...................................

...THE RAMONA AIRPORT CA CLIMATE SUMMARY FOR MAY 25 2015...
VALID TODAY AS OF 0500 PM LOCAL TIME.

CLIMATE NORMAL PERIOD 1981 TO 2010
CLIMATE RECORD PERIOD 1974 TO 2015


WEATHER ITEM   OBSERVED TIME   RECORD YEAR NORMAL DEPARTURE LAST
                VALUE   (LST)  VALUE       VALUE  FROM      YEAR
                                                  NORMAL
..................................................................
TEMPERATURE (F)
 TODAY
  MAXIMUM         68    248 PM 101    1974  77     -9       83
  MINIMUM         51    123 AM  38    1980  49      2       55
  AVERAGE         60                        63     -3       69

PRECIPITATION (IN)
  TODAY            0.00          0.05 2012   0.00   0.00     0.00
  MONTH TO DATE    1.48                      0.29   1.19      T
  SINCE OCT 1      9.41                     15.34  -5.93     7.76
  SINCE JAN 1      4.81                     11.20  -6.39     5.09

SNOWFALL (IN)
  TODAY            0.0
  MONTH TO DATE    0.0
  SINCE MAR 1      0.0
  SINCE JUL 1      0.0
  SNOW DEPTH       0

DEGREE DAYS
 HEATING
  TODAY            5                         3      2        0
  MONTH TO DATE  145                       116     29       68
  SINCE MAR 1    533                       767   -234      509
  SINCE JUL 1   1717                      2508   -791     1930

 COOLING
  TODAY            0                         1     -1        4
  MONTH TO DATE    6                        13     -7       51
  SINCE MAR 1     25                        17      8       60
  SINCE JAN 1     27                        18      9       60
..................................................................


WIND (MPH)
  RESULTANT WIND SPEED   3   RESULTANT WIND DIRECTION   W (280)
  HIGHEST WIND SPEED    13   HIGHEST WIND DIRECTION     W (280)
  HIGHEST GUST SPEED    16   HIGHEST GUST DIRECTION    NW (300)
  AVERAGE WIND SPEED     3.8


SKY COVER
  POSSIBLE SUNSHINE  MM
  AVERAGE SKY COVER 0.9


WEATHER CONDITIONS
 THE FOLLOWING WEATHER WAS RECORDED TODAY.
  FOG


RELATIVE HUMIDITY (PERCENT)
 HIGHEST   100           200 AM
 LOWEST     67          1100 AM
 AVERAGE    84

..........................................................


THE RAMONA AIRPORT CA CLIMATE NORMALS FOR TOMORROW
                         NORMAL    RECORD    YEAR
 MAXIMUM TEMPERATURE (F)   77        98      1974
 MINIMUM TEMPERATURE (F)   49        36      1980


SUNRISE AND SUNSET
MAY 25 2015...........SUNRISE   543 AM PDT   SUNSET   747 PM PDT
MAY 26 2015...........SUNRISE   542 AM PDT   SUNSET   748 PM PDT


-  INDICATES NEGATIVE NUMBERS.
R  INDICATES RECORD WAS SET OR TIED.
MM INDICATES DATA IS MISSING.
T  INDICATES TRACE AMOUNT.




$$
