000
CDUS46 KSGX 201131
CLIRNM


CLIMATE REPORT
NATIONAL WEATHER SERVICE SAN DIEGO, CA
431 AM PDT SUN AUG 20 2017


...................................

...THE RAMONA AIRPORT CA CLIMATE SUMMARY FOR AUGUST 19 2017...

CLIMATE NORMAL PERIOD 1981 TO 2010
CLIMATE RECORD PERIOD 1974 TO 2017


WEATHER ITEM   OBSERVED TIME   RECORD YEAR NORMAL DEPARTURE LAST
                VALUE   (LST)  VALUE       VALUE  FROM      YEAR
                                                  NORMAL
..................................................................
TEMPERATURE (F)
 YESTERDAY
  MAXIMUM         87    139 PM  99    2007  91     -4       94
                                      1986
  MINIMUM         57    916 PM  42    1975  58     -1       56
  AVERAGE         72                        74     -2       75

PRECIPITATION (IN)
  YESTERDAY        0.00          0.11 1983   0.01  -0.01     0.00
  MONTH TO DATE    0.17                      0.08   0.09     0.00
  SINCE OCT 1     22.91                     15.68   7.23    13.19
  SINCE JAN 1     15.89                     11.54   4.35     9.66

DEGREE DAYS
 HEATING
  YESTERDAY        0                         0      0        0
  MONTH TO DATE    0                         0      0        0
  SINCE JUN 1     13                        29    -16        4
  SINCE JUL 1      0                         2     -2        0

 COOLING
  YESTERDAY        7                         9     -2       10
  MONTH TO DATE  189                       170     19      199
  SINCE JUN 1    730                       478    252      686
  SINCE JAN 1    780                       505    275      698
..................................................................


WIND (MPH)
  RESULTANT WIND SPEED   4   RESULTANT WIND DIRECTION   W (280)
  HIGHEST WIND SPEED    14   HIGHEST WIND DIRECTION     W (270)
  HIGHEST GUST SPEED    19   HIGHEST GUST DIRECTION     W (280)
  AVERAGE WIND SPEED     4.1


SKY COVER
  POSSIBLE SUNSHINE  MM
  AVERAGE SKY COVER 0.4


WEATHER CONDITIONS
 THE FOLLOWING WEATHER WAS RECORDED YESTERDAY.
  FOG
  FOG W/VISIBILITY <= 1/4 MILE


RELATIVE HUMIDITY (PERCENT)
 HIGHEST   100           100 AM
 LOWEST     44           300 PM
 AVERAGE    72

..........................................................


THE RAMONA AIRPORT CA CLIMATE NORMALS FOR TODAY
                         NORMAL    RECORD    YEAR
 MAXIMUM TEMPERATURE (F)   91       100      1982
 MINIMUM TEMPERATURE (F)   58        46      2008


SUNRISE AND SUNSET
AUGUST 20 2017........SUNRISE   614 AM PDT   SUNSET   727 PM PDT
AUGUST 21 2017........SUNRISE   615 AM PDT   SUNSET   726 PM PDT


-  INDICATES NEGATIVE NUMBERS.
R  INDICATES RECORD WAS SET OR TIED.
MM INDICATES DATA IS MISSING.
T  INDICATES TRACE AMOUNT.




$$
