000
CDUS46 KSGX 300020
CLIRNM


CLIMATE REPORT
NATIONAL WEATHER SERVICE SAN DIEGO, CA
520 PM PDT SAT AUG 29 2015


...................................

...THE RAMONA AIRPORT CA CLIMATE SUMMARY FOR AUGUST 29 2015...
VALID TODAY AS OF 0500 PM LOCAL TIME.

CLIMATE NORMAL PERIOD 1981 TO 2010
CLIMATE RECORD PERIOD 1974 TO 2015


WEATHER ITEM   OBSERVED TIME   RECORD YEAR NORMAL DEPARTURE LAST
                VALUE   (LST)  VALUE       VALUE  FROM      YEAR
                                                  NORMAL
..................................................................
TEMPERATURE (F)
 TODAY
  MAXIMUM         98    149 PM 108    1998  91      7       95
  MINIMUM         62    427 AM  41    1974  57      5       57
  AVERAGE         80                        74      6       76

PRECIPITATION (IN)
  TODAY            0.00          0.01 2005   0.01  -0.01     0.00
                                      2005
                                      2006
  MONTH TO DATE    T                         0.14  -0.14     0.25
  SINCE OCT 1     12.02                     15.74  -3.72     8.17
  SINCE JAN 1      7.42                     11.60  -4.18     5.50

DEGREE DAYS
 HEATING
  TODAY            0                         0      0        0
  MONTH TO DATE    0                         0      0        0
  SINCE JUN 1      8                        29    -21        7
  SINCE JUL 1      0                         2     -2        0

 COOLING
  TODAY           15                         9      6       11
  MONTH TO DATE  312                       260     52      255
  SINCE JUN 1    725                       568    157      634
  SINCE JAN 1    760                       595    165      717
..................................................................


WIND (MPH)
  RESULTANT WIND SPEED   5   RESULTANT WIND DIRECTION   W (290)
  HIGHEST WIND SPEED    20   HIGHEST WIND DIRECTION    NW (300)
  HIGHEST GUST SPEED    26   HIGHEST GUST DIRECTION    NW (300)
  AVERAGE WIND SPEED     6.4


SKY COVER
  POSSIBLE SUNSHINE  MM
  AVERAGE SKY COVER 0.0


WEATHER CONDITIONS
 THE FOLLOWING WEATHER WAS RECORDED TODAY.
  NO SIGNIFICANT WEATHER WAS OBSERVED.


RELATIVE HUMIDITY (PERCENT)
 HIGHEST    60           500 AM
 LOWEST     21          1100 AM
 AVERAGE    41

..........................................................


THE RAMONA AIRPORT CA CLIMATE NORMALS FOR TOMORROW
                         NORMAL    RECORD    YEAR
 MAXIMUM TEMPERATURE (F)   91       105      1976
 MINIMUM TEMPERATURE (F)   57        44      1974


SUNRISE AND SUNSET
AUGUST 29 2015........SUNRISE   620 AM PDT   SUNSET   717 PM PDT
AUGUST 30 2015........SUNRISE   621 AM PDT   SUNSET   715 PM PDT


-  INDICATES NEGATIVE NUMBERS.
R  INDICATES RECORD WAS SET OR TIED.
MM INDICATES DATA IS MISSING.
T  INDICATES TRACE AMOUNT.




$$
