188
CDUS45 KREV 250039
CLIRNO


CLIMATE REPORT
NATIONAL WEATHER SERVICE RENO NV
539 PM PDT SAT JUN 24 2017


...................................

...THE RENO-TAHOE INTL AIRPORT NV CLIMATE SUMMARY FOR JUNE 24 2017...
VALID TODAY AS OF 0500 PM LOCAL TIME.

CLIMATE NORMAL PERIOD 1981 TO 2010
CLIMATE RECORD PERIOD 1888 TO 2017


WEATHER ITEM   OBSERVED TIME   RECORD YEAR NORMAL DEPARTURE LAST
                VALUE   (LST)  VALUE       VALUE  FROM      YEAR
                                                  NORMAL
..................................................................
TEMPERATURE (F)
 TODAY
  MAXIMUM         99    337 PM 103    1988  86     13       90
  MINIMUM         67    422 AM  32    1943  54     13       60
  AVERAGE         83                        70     13       75

PRECIPITATION (IN)
  TODAY            0.00          0.35 1992   0.01  -0.01     0.00
  MONTH TO DATE    0.12                      0.44  -0.32      T
  SINCE OCT 1     15.06                      6.57   8.49     9.16
  SINCE JAN 1     11.27                      4.21   7.06     5.21

SNOWFALL (IN)
  TODAY            0.0           T    1975   0.0    0.0      0.0
  MONTH TO DATE    0.0                       0.0    0.0      0.0
  SINCE JUN 1      0.0                       0.0    0.0      0.0
  SINCE JUL 1     27.0                      21.8    5.2     31.1
  SNOW DEPTH       0

DEGREE DAYS
 HEATING
  TODAY            0                         1     -1        0
  MONTH TO DATE   45                        52     -7       15
  SINCE JUN 1     45                        52     -7       15
  SINCE JUL 1   4446                      4920   -474     4332

 COOLING
  TODAY           18                         6     12       10
  MONTH TO DATE  199                        96    103      171
  SINCE JUN 1    199                        96    103      171
  SINCE JAN 1    253                       133    120      199
..................................................................


WIND (MPH)
  RESULTANT WIND SPEED   1   RESULTANT WIND DIRECTION   E (80)
  HIGHEST WIND SPEED    13   HIGHEST WIND DIRECTION     E (100)
  HIGHEST GUST SPEED    17   HIGHEST GUST DIRECTION     E (80)
  AVERAGE WIND SPEED     3.9



WEATHER CONDITIONS
 THE FOLLOWING WEATHER WAS RECORDED TODAY.
  NO SIGNIFICANT WEATHER WAS OBSERVED.


RELATIVE HUMIDITY (PERCENT)
 HIGHEST    51           600 AM
 LOWEST      8           300 PM
 AVERAGE    30

..........................................................


THE RENO-TAHOE INTL AIRPORT NV CLIMATE NORMALS FOR TOMORROW
                         NORMAL    RECORD    YEAR
 MAXIMUM TEMPERATURE (F)   87       102      2006
 MINIMUM TEMPERATURE (F)   54        31      1943


SUNRISE AND SUNSET
JUNE 24 2017..........SUNRISE   533 AM PDT   SUNSET   830 PM PDT
JUNE 25 2017..........SUNRISE   533 AM PDT   SUNSET   830 PM PDT


-  INDICATES NEGATIVE NUMBERS.
R  INDICATES RECORD WAS SET OR TIED.
MM INDICATES DATA IS MISSING.
T  INDICATES TRACE AMOUNT.




$$
