000
CDUS45 KREV 200844
CLIRNO


CLIMATE REPORT
NATIONAL WEATHER SERVICE RENO NV
143 AM PDT SUN AUG 20 2017


...................................

...THE RENO-TAHOE INTL AIRPORT NV CLIMATE SUMMARY FOR AUGUST 19 2017...

CLIMATE NORMAL PERIOD 1981 TO 2010
CLIMATE RECORD PERIOD 1888 TO 2017


WEATHER ITEM   OBSERVED TIME   RECORD YEAR NORMAL DEPARTURE LAST
                VALUE   (LST)  VALUE       VALUE  FROM      YEAR
                                                  NORMAL
..................................................................
TEMPERATURE (F)
 YESTERDAY
  MAXIMUM         96    144 PM  99    2009  90      6       98
                                      2003
                                      1937
  MINIMUM         64    417 AM  34    1974  55      9       63
  AVERAGE         80                        73      7       81

PRECIPITATION (IN)
  YESTERDAY        T             0.28 1975   0.00   0.00     0.00
  MONTH TO DATE    0.15                      0.16  -0.01      T
  SINCE OCT 1     15.25                      6.98   8.27     9.16
  SINCE JAN 1     11.46                      4.62   6.84     5.21

SNOWFALL (IN)
  YESTERDAY        0.0           0.0    MM   0.0    0.0      0.0
  MONTH TO DATE    0.0                       0.0    0.0      0.0
  SINCE JUN 1      0.0                       T      0.0      0.0
  SINCE JUL 1      0.0                       0.0    0.0      0.0
  SNOW DEPTH       0

DEGREE DAYS
 HEATING
  YESTERDAY        0                         0      0        0
  MONTH TO DATE    0                         0      0        0
  SINCE JUN 1     45                        61    -16       15
  SINCE JUL 1      0                         5     -5        0

 COOLING
  YESTERDAY       15                         8      7       16
  MONTH TO DATE  264                       180     84      218
  SINCE JUN 1   1028                       630    398      841
  SINCE JAN 1   1082                       667    415      869
..................................................................


WIND (MPH)
  RESULTANT WIND SPEED   4   RESULTANT WIND DIRECTION  SW (220)
  HIGHEST WIND SPEED    39   HIGHEST WIND DIRECTION     S (200)
  HIGHEST GUST SPEED    47   HIGHEST GUST DIRECTION    SW (210)
  AVERAGE WIND SPEED     8.1



WEATHER CONDITIONS
 THE FOLLOWING WEATHER WAS RECORDED YESTERDAY.
  THUNDERSTORM
  LIGHT RAIN


RELATIVE HUMIDITY (PERCENT)
 HIGHEST    52           400 AM
 LOWEST     12          1200 PM
 AVERAGE    32

..........................................................


THE RENO-TAHOE INTL AIRPORT NV CLIMATE NORMALS FOR TODAY
                         NORMAL    RECORD    YEAR
 MAXIMUM TEMPERATURE (F)   90       101      2009
 MINIMUM TEMPERATURE (F)   55        36      1974
                                             1963


SUNRISE AND SUNSET
AUGUST 20 2017........SUNRISE   617 AM PDT   SUNSET   747 PM PDT
AUGUST 21 2017........SUNRISE   618 AM PDT   SUNSET   746 PM PDT


-  INDICATES NEGATIVE NUMBERS.
R  INDICATES RECORD WAS SET OR TIED.
MM INDICATES DATA IS MISSING.
T  INDICATES TRACE AMOUNT.




$$
