000
CDUS45 KREV 250040
CLIRNO


CLIMATE REPORT
NATIONAL WEATHER SERVICE RENO NV
540 PM PDT SUN MAY 24 2015


...................................

...THE RENO TAHOE AIRPORT NV CLIMATE SUMMARY FOR MAY 24 2015...
VALID TODAY AS OF 0500 PM LOCAL TIME.

CLIMATE NORMAL PERIOD 1981 TO 2010
CLIMATE RECORD PERIOD 1888 TO 2015


WEATHER ITEM   OBSERVED TIME   RECORD YEAR NORMAL DEPARTURE LAST
                VALUE   (LST)  VALUE       VALUE  FROM      YEAR
                                                  NORMAL
..................................................................
TEMPERATURE (F)
 TODAY
  MAXIMUM         75    346 PM  94    2001  76     -1       83
  MINIMUM         48    428 AM  27    1968  48      0       59
  AVERAGE         62                        62      0       71

PRECIPITATION (IN)
  TODAY            0.00          1.28 1963   0.01  -0.01     0.00
  MONTH TO DATE    0.95                      0.37   0.58     0.54
  SINCE OCT 1      4.22                      6.01  -1.79     2.96
  SINCE JAN 1      2.80                      3.65  -0.85     2.00

SNOWFALL (IN)
  TODAY            0.0           0.0    MM   0.0    0.0      0.0
  MONTH TO DATE    T                         0.3   -0.3       T
  SINCE MAR 1      T                         2.8   -2.8       T
  SINCE JUL 1      2.7                      21.8  -19.1      6.2
  SNOW DEPTH       0

DEGREE DAYS
 HEATING
  TODAY            3                         5     -2        0
  MONTH TO DATE  179                       176      3      131
  SINCE MAR 1    947                      1200   -253      955
  SINCE JUL 1   3812                      4838  -1026     4539

 COOLING
  TODAY            0                         2     -2        6
  MONTH TO DATE    3                        20    -17       27
  SINCE MAR 1      3                        21    -18       27
  SINCE JAN 1      3                        21    -18       27
..................................................................


WIND (MPH)
  RESULTANT WIND SPEED   2   RESULTANT WIND DIRECTION   E (90)
  HIGHEST WIND SPEED    15   HIGHEST WIND DIRECTION     N (360)
  HIGHEST GUST SPEED    18   HIGHEST GUST DIRECTION     N (360)
  AVERAGE WIND SPEED     3.9



WEATHER CONDITIONS
 THE FOLLOWING WEATHER WAS RECORDED TODAY.
  NO SIGNIFICANT WEATHER WAS OBSERVED.


RELATIVE HUMIDITY (PERCENT)
 HIGHEST    93           400 AM
 LOWEST     29           400 PM
 AVERAGE    61

..........................................................


THE RENO TAHOE AIRPORT NV CLIMATE NORMALS FOR TOMORROW
                         NORMAL    RECORD    YEAR
 MAXIMUM TEMPERATURE (F)   76        92      2001
                                             1943
 MINIMUM TEMPERATURE (F)   48        26      1978


SUNRISE AND SUNSET
MAY 24 2015...........SUNRISE   538 AM PDT   SUNSET   814 PM PDT
MAY 25 2015...........SUNRISE   538 AM PDT   SUNSET   815 PM PDT


-  INDICATES NEGATIVE NUMBERS.
R  INDICATES RECORD WAS SET OR TIED.
MM INDICATES DATA IS MISSING.
T  INDICATES TRACE AMOUNT.




$$
