000
CDUS45 KREV 170841
CLIRNO


CLIMATE REPORT
NATIONAL WEATHER SERVICE RENO NV
141 AM PDT TUE OCT 17 2017


...................................

...THE RENO-TAHOE INTL AIRPORT NV CLIMATE SUMMARY FOR OCTOBER 16 2017...

CLIMATE NORMAL PERIOD 1981 TO 2010
CLIMATE RECORD PERIOD 1888 TO 2017


WEATHER ITEM   OBSERVED TIME   RECORD YEAR NORMAL DEPARTURE LAST
                VALUE   (LST)  VALUE       VALUE  FROM      YEAR
                                                  NORMAL
..................................................................
TEMPERATURE (F)
 YESTERDAY
  MAXIMUM         74    413 PM  85    1991  69      5       62
  MINIMUM         32    627 AM  18    1965  39     -7       42
  AVERAGE         53                        54     -1       52

PRECIPITATION (IN)
  YESTERDAY        0.00          1.03 2016   0.02  -0.02     1.03
  MONTH TO DATE    T                         0.26  -0.26     1.71
  SINCE OCT 1      T                         0.26  -0.26     1.71
  SINCE JAN 1     12.16                      5.30   6.86     6.96

SNOWFALL (IN)
  YESTERDAY        0.0           3.7  1971   0.0    0.0      0.0
  MONTH TO DATE    0.0                       0.1   -0.1       T
  SINCE SEP 1      T                         0.2   -0.2       T
  SINCE JUL 1      T                         0.2   -0.2       T
  SNOW DEPTH       0

DEGREE DAYS
 HEATING
  YESTERDAY       12                        11      1       13
  MONTH TO DATE  202                       136     66      131
  SINCE SEP 1    320                       216    104      174
  SINCE JUL 1    320                       226     94      174

 COOLING
  YESTERDAY        0                         0      0        0
  MONTH TO DATE    0                         4     -4        0
  SINCE SEP 1    151                        92     59       95
  SINCE JAN 1   1401                       838    563     1088
..................................................................


WIND (MPH)
  RESULTANT WIND SPEED   0   RESULTANT WIND DIRECTION   S (170)
  HIGHEST WIND SPEED     8   HIGHEST WIND DIRECTION     W (280)
  HIGHEST GUST SPEED    13   HIGHEST GUST DIRECTION     W (290)
  AVERAGE WIND SPEED     0.8



WEATHER CONDITIONS
 THE FOLLOWING WEATHER WAS RECORDED YESTERDAY.
  NO SIGNIFICANT WEATHER WAS OBSERVED.


RELATIVE HUMIDITY (PERCENT)
 HIGHEST    69           400 AM
 LOWEST     12           200 PM
 AVERAGE    41

..........................................................


THE RENO-TAHOE INTL AIRPORT NV CLIMATE NORMALS FOR TODAY
                         NORMAL    RECORD    YEAR
 MAXIMUM TEMPERATURE (F)   69        87      1973
 MINIMUM TEMPERATURE (F)   38        10      1893


SUNRISE AND SUNSET
OCTOBER 17 2017.......SUNRISE   712 AM PDT   SUNSET   617 PM PDT
OCTOBER 18 2017.......SUNRISE   713 AM PDT   SUNSET   615 PM PDT


-  INDICATES NEGATIVE NUMBERS.
R  INDICATES RECORD WAS SET OR TIED.
MM INDICATES DATA IS MISSING.
T  INDICATES TRACE AMOUNT.




$$
