000
CDUS45 KREV 290837
CLIRNO


CLIMATE REPORT
NATIONAL WEATHER SERVICE RENO NV
136 AM PDT SAT APR 29 2017


...................................

...THE RENO-TAHOE INTL AIRPORT NV CLIMATE SUMMARY FOR APRIL 28 2017...

CLIMATE NORMAL PERIOD 1981 TO 2010
CLIMATE RECORD PERIOD 1888 TO 2017


WEATHER ITEM   OBSERVED TIME   RECORD YEAR NORMAL DEPARTURE LAST
                VALUE   (LST)  VALUE       VALUE  FROM      YEAR
                                                  NORMAL
..................................................................
TEMPERATURE (F)
 YESTERDAY
  MAXIMUM         56    318 PM  86    2007  68    -12       61
  MINIMUM         37    551 AM  20    1968  41     -4       44
                                      1967
  AVERAGE         47                        54     -7       53

PRECIPITATION (IN)
  YESTERDAY        0.00          0.37 1895   0.02  -0.02      T
  MONTH TO DATE    0.68                      0.44   0.24     0.80
  SINCE OCT 1     14.33                      5.61   8.72     7.84
  SINCE JAN 1     10.54                      3.25   7.29     3.89

SNOWFALL (IN)
  YESTERDAY        0.0           T    2010   0.0    0.0      0.0
                                      1967
                                      1962
  MONTH TO DATE    T                         0.5   -0.5       T
  SINCE MAR 1      2.9                       2.5    0.4      6.8
  SINCE JUL 1     27.0                      21.5    5.5     30.9
  SNOW DEPTH       0

DEGREE DAYS
 HEATING
  YESTERDAY       18                        11      7       12
  MONTH TO DATE  373                       405    -32      274
  SINCE MAR 1    874                      1003   -129      785
  SINCE JUL 1   4247                      4641   -394     4122

 COOLING
  YESTERDAY        0                         0      0        0
  MONTH TO DATE    0                         0      0        0
  SINCE MAR 1      0                         0      0        0
  SINCE JAN 1      0                         0      0        0
..................................................................


WIND (MPH)
  RESULTANT WIND SPEED   7   RESULTANT WIND DIRECTION   N (20)
  HIGHEST WIND SPEED    21   HIGHEST WIND DIRECTION     N (20)
  HIGHEST GUST SPEED    29   HIGHEST GUST DIRECTION     N (10)
  AVERAGE WIND SPEED     8.4



WEATHER CONDITIONS
 THE FOLLOWING WEATHER WAS RECORDED YESTERDAY.
  NO SIGNIFICANT WEATHER WAS OBSERVED.


RELATIVE HUMIDITY (PERCENT)
 HIGHEST    59           600 AM
 LOWEST     19           400 PM
 AVERAGE    39

..........................................................


THE RENO-TAHOE INTL AIRPORT NV CLIMATE NORMALS FOR TODAY
                         NORMAL    RECORD    YEAR
 MAXIMUM TEMPERATURE (F)   68        86      1981
 MINIMUM TEMPERATURE (F)   41        21      1975


SUNRISE AND SUNSET
APRIL 29 2017.........SUNRISE   602 AM PDT   SUNSET   751 PM PDT
APRIL 30 2017.........SUNRISE   601 AM PDT   SUNSET   752 PM PDT


-  INDICATES NEGATIVE NUMBERS.
R  INDICATES RECORD WAS SET OR TIED.
MM INDICATES DATA IS MISSING.
T  INDICATES TRACE AMOUNT.




$$
