000
CDUS45 KREV 250836
CLIRNO


CLIMATE REPORT
NATIONAL WEATHER SERVICE RENO NV
136 AM PDT FRI APR 25 2014


...................................

...THE RENO TAHOE AIRPORT NV CLIMATE SUMMARY FOR APRIL 24 2014...

CLIMATE NORMAL PERIOD 1981 TO 2010
CLIMATE RECORD PERIOD 1888 TO 2014


WEATHER ITEM   OBSERVED TIME   RECORD YEAR NORMAL DEPARTURE LAST
                VALUE   (LST)  VALUE       VALUE  FROM      YEAR
                                                  NORMAL
..................................................................
TEMPERATURE (F)
 YESTERDAY
  MAXIMUM         66    410 PM  87    1946  66      0       69
  MINIMUM         45    550 AM  18    1958  40      5       37
  AVERAGE         56                        53      3       53

PRECIPITATION (IN)
  YESTERDAY        0.00          0.16 1896   0.02  -0.02     0.00
  MONTH TO DATE    T                         0.38  -0.38     0.23
  SINCE OCT 1      2.11                      5.55  -3.44     3.68
  SINCE JAN 1      1.15                      3.19  -2.04     0.64

SNOWFALL (IN)
  YESTERDAY        0.0           1.7  1931   0.0    0.0      0.0
  MONTH TO DATE    T                         0.4   -0.4       T
  SINCE MAR 1      T                         2.4   -2.4      0.1
  SINCE JUL 1      6.2                      21.4  -15.2      9.4
  SNOW DEPTH       0

DEGREE DAYS
 HEATING
  YESTERDAY        9                        12     -3       12
  MONTH TO DATE  233                       359   -126      314
  SINCE MAR 1    743                       957   -214      791
  SINCE JUL 1   4327                      4595   -268     4275

 COOLING
  YESTERDAY        0                         0      0        0
  MONTH TO DATE    0                         0      0        0
  SINCE MAR 1      0                         0      0        0
  SINCE JAN 1      0                         0      0        0
..................................................................


WIND (MPH)
  RESULTANT WIND SPEED   7   RESULTANT WIND DIRECTION  SW (240)
  HIGHEST WIND SPEED    32   HIGHEST WIND DIRECTION     S (200)
  HIGHEST GUST SPEED    41   HIGHEST GUST DIRECTION     S (200)
  AVERAGE WIND SPEED     9.9



WEATHER CONDITIONS
 THE FOLLOWING WEATHER WAS RECORDED YESTERDAY.
  NO SIGNIFICANT WEATHER WAS OBSERVED.


RELATIVE HUMIDITY (PERCENT)
 HIGHEST    58           500 AM
 LOWEST     15           700 PM
 AVERAGE    37

..........................................................


THE RENO TAHOE AIRPORT NV CLIMATE NORMALS FOR TODAY
                         NORMAL    RECORD    YEAR
 MAXIMUM TEMPERATURE (F)   67        84      1927
 MINIMUM TEMPERATURE (F)   40        19      1944


SUNRISE AND SUNSET
APRIL 25 2014.........SUNRISE   608 AM PDT   SUNSET   747 PM PDT
APRIL 26 2014.........SUNRISE   606 AM PDT   SUNSET   748 PM PDT


-  INDICATES NEGATIVE NUMBERS.
R  INDICATES RECORD WAS SET OR TIED.
MM INDICATES DATA IS MISSING.
T  INDICATES TRACE AMOUNT.




$$
