000
CDUS45 KREV 100837
CLIRNO


CLIMATE REPORT
NATIONAL WEATHER SERVICE RENO NV
1236 AM PST WED FEB 10 2016


...................................

...THE RENO TAHOE AIRPORT NV CLIMATE SUMMARY FOR FEBRUARY 9 2016...

CLIMATE NORMAL PERIOD 1981 TO 2010
CLIMATE RECORD PERIOD 1888 TO 2016


WEATHER ITEM   OBSERVED TIME   RECORD YEAR NORMAL DEPARTURE LAST
                VALUE   (LST)  VALUE       VALUE  FROM      YEAR
                                                  NORMAL
..................................................................
TEMPERATURE (F)
 YESTERDAY
  MAXIMUM         60    351 PM  69    1951  50     10       54
  MINIMUM         27    721 AM  -3    1929  28     -1       34
  AVERAGE         44                        39      5       44

PRECIPITATION (IN)
  YESTERDAY        0.00          1.53 1962   0.04  -0.04     0.05
  MONTH TO DATE    0.00                      0.30  -0.30     1.21
  SINCE OCT 1      5.65                      3.69   1.96     2.69
  SINCE JAN 1      1.70                      1.33   0.37     1.27

SNOWFALL (IN)
  YESTERDAY        0.0           7.1  1922   0.2   -0.2      0.0
  MONTH TO DATE    0.0                       1.4   -1.4      0.0
  SINCE DEC 1     17.8                      11.9    5.9      2.2
  SINCE JUL 1     22.9                      15.4    7.5      2.2
  SNOW DEPTH       0

DEGREE DAYS
 HEATING
  YESTERDAY       21                        26     -5       21
  MONTH TO DATE  273                       243     30      150
  SINCE DEC 1   2008                      2077    -69     1673
  SINCE JUL 1   3001                      3180   -179     2498

 COOLING
  YESTERDAY        0                         0      0        0
  MONTH TO DATE    0                         0      0        0
  SINCE DEC 1      0                         0      0        0
  SINCE JAN 1      0                         0      0        0
..................................................................


WIND (MPH)
  RESULTANT WIND SPEED   0   RESULTANT WIND DIRECTION   S (170)
  HIGHEST WIND SPEED     7   HIGHEST WIND DIRECTION    SE (150)
  HIGHEST GUST SPEED     9   HIGHEST GUST DIRECTION     E (100)
  AVERAGE WIND SPEED     1.5



WEATHER CONDITIONS
 THE FOLLOWING WEATHER WAS RECORDED YESTERDAY.
  NO SIGNIFICANT WEATHER WAS OBSERVED.


RELATIVE HUMIDITY (PERCENT)
 HIGHEST    85           300 AM
 LOWEST     36           200 PM
 AVERAGE    61

..........................................................


THE RENO TAHOE AIRPORT NV CLIMATE NORMALS FOR TODAY
                         NORMAL    RECORD    YEAR
 MAXIMUM TEMPERATURE (F)   50        70      1971
 MINIMUM TEMPERATURE (F)   28        -4      1923


SUNRISE AND SUNSET
FEBRUARY 10 2016......SUNRISE   658 AM PST   SUNSET   529 PM PST
FEBRUARY 11 2016......SUNRISE   657 AM PST   SUNSET   531 PM PST


-  INDICATES NEGATIVE NUMBERS.
R  INDICATES RECORD WAS SET OR TIED.
MM INDICATES DATA IS MISSING.
T  INDICATES TRACE AMOUNT.




$$
