000
CDUS45 KREV 250845
CLIRNO


CLIMATE REPORT
NATIONAL WEATHER SERVICE RENO NV
1244 AM PST SAT FEB 25 2017


...................................

...THE RENO TAHOE AIRPORT NV CLIMATE SUMMARY FOR FEBRUARY 24 2017...

CLIMATE NORMAL PERIOD 1981 TO 2010
CLIMATE RECORD PERIOD 1888 TO 2017


WEATHER ITEM   OBSERVED TIME   RECORD YEAR NORMAL DEPARTURE LAST
                VALUE   (LST)  VALUE       VALUE  FROM      YEAR
                                                  NORMAL
..................................................................
TEMPERATURE (F)
 YESTERDAY
  MAXIMUM         40    323 PM  71    1995  54    -14       67
                                      1986
  MINIMUM         18    704 AM  -3    1897  31    -13       32
  AVERAGE         29                        42    -13       50

PRECIPITATION (IN)
  YESTERDAY        0.00          0.74 1917   0.04  -0.04     0.00
  MONTH TO DATE    3.39                      0.86   2.53     0.42
  SINCE OCT 1     12.75                      4.25   8.50     6.07
  SINCE JAN 1      8.96                      1.89   7.07     2.12

SNOWFALL (IN)
  YESTERDAY        0.0           8.0  1969   0.2   -0.2      0.0
  MONTH TO DATE    3.7                       4.3   -0.6      1.2
  SINCE DEC 1     23.4                      14.8    8.6     19.0
  SINCE JUL 1     24.0                      18.3    5.7     24.1
  SNOW DEPTH       0

DEGREE DAYS
 HEATING
  YESTERDAY       36                        23     13       15
  MONTH TO DATE  534                       611    -77      543
  SINCE DEC 1   2374                      2445    -71     2278
  SINCE JUL 1   3252                      3548   -296     3271

 COOLING
  YESTERDAY        0                         0      0        0
  MONTH TO DATE    0                         0      0        0
  SINCE DEC 1      0                         0      0        0
  SINCE JAN 1      0                         0      0        0
..................................................................


WIND (MPH)
  RESULTANT WIND SPEED   3   RESULTANT WIND DIRECTION   W (280)
  HIGHEST WIND SPEED    10   HIGHEST WIND DIRECTION     W (290)
  HIGHEST GUST SPEED    MM   HIGHEST GUST DIRECTION    MM
  AVERAGE WIND SPEED     5.0



WEATHER CONDITIONS
 THE FOLLOWING WEATHER WAS RECORDED YESTERDAY.
  NO SIGNIFICANT WEATHER WAS OBSERVED.


RELATIVE HUMIDITY (PERCENT)
 HIGHEST    68          1200 AM
 LOWEST     30           400 PM
 AVERAGE    49

..........................................................


THE RENO TAHOE AIRPORT NV CLIMATE NORMALS FOR TODAY
                         NORMAL    RECORD    YEAR
 MAXIMUM TEMPERATURE (F)   54        73      1963
 MINIMUM TEMPERATURE (F)   31         4      1897


SUNRISE AND SUNSET
FEBRUARY 25 2017......SUNRISE   637 AM PST   SUNSET   547 PM PST
FEBRUARY 26 2017......SUNRISE   636 AM PST   SUNSET   549 PM PST


-  INDICATES NEGATIVE NUMBERS.
R  INDICATES RECORD WAS SET OR TIED.
MM INDICATES DATA IS MISSING.
T  INDICATES TRACE AMOUNT.




$$
