000
CDUS41 KRNK 190911
CLIROA


CLIMATE REPORT
NATIONAL WEATHER SERVICE BLACKSBURG VA
507 AM EDT FRI SEP 19 2014


...................................

...THE ROANOKE VA CLIMATE SUMMARY FOR SEPTEMBER 18 2014...

CLIMATE NORMAL PERIOD 1981 TO 2010
CLIMATE RECORD PERIOD 1912 TO 2014


WEATHER ITEM   OBSERVED TIME   RECORD YEAR NORMAL DEPARTURE LAST
                VALUE   (LST)  VALUE       VALUE  FROM      YEAR
                                                  NORMAL
..................................................................
TEMPERATURE (F)
 YESTERDAY
  MAXIMUM         77    300 PM  94    1954  78     -1       69
  MINIMUM         55    221 AM  38    1943  57     -2       48
  AVERAGE         66                        67     -1       59

PRECIPITATION (IN)
  YESTERDAY        0.00          6.13 1944   0.14  -0.14     0.00
  MONTH TO DATE    1.01                      2.47  -1.46      T
  SINCE SEP 1      1.01                      2.47  -1.46      T
  SINCE JAN 1     29.59                     30.60  -1.01    42.31

SNOWFALL (IN)
  YESTERDAY        0.0
  MONTH TO DATE    0.0
  SINCE SEP 1      0.0
  SINCE JUL 1      0.0
  SNOW DEPTH       0

DEGREE DAYS
 HEATING
  YESTERDAY        0                         2     -2        6
  MONTH TO DATE    1                        11    -10       15
  SINCE SEP 1      1                        11    -10       15
  SINCE JUL 1      1                        12    -11       16

 COOLING
  YESTERDAY        1                         4     -3        0
  MONTH TO DATE  120                       108     12      120
  SINCE SEP 1    120                       108     12      120
  SINCE JAN 1   1090                      1155    -65     1180
..................................................................


WIND (MPH)
  HIGHEST WIND SPEED     9   HIGHEST WIND DIRECTION    SE (120)
  HIGHEST GUST SPEED    14   HIGHEST GUST DIRECTION    SE (140)
  AVERAGE WIND SPEED     2.9


SKY COVER
  POSSIBLE SUNSHINE  MM
  AVERAGE SKY COVER 0.7


WEATHER CONDITIONS
 THE FOLLOWING WEATHER WAS RECORDED YESTERDAY.
  NO SIGNIFICANT WEATHER WAS OBSERVED.


RELATIVE HUMIDITY (PERCENT)
 HIGHEST    93          1200 AM
 LOWEST     46           300 PM
 AVERAGE    70

..........................................................


THE ROANOKE VA CLIMATE NORMALS FOR TODAY
                         NORMAL    RECORD    YEAR
 MAXIMUM TEMPERATURE (F)   77        95      1978
 MINIMUM TEMPERATURE (F)   56        38      1984


SUNRISE AND SUNSET
SEPTEMBER 19 2014.....SUNRISE   705 AM EDT   SUNSET   721 PM EDT
SEPTEMBER 20 2014.....SUNRISE   706 AM EDT   SUNSET   720 PM EDT


-  INDICATES NEGATIVE NUMBERS.
R  INDICATES RECORD WAS SET OR TIED.
MM INDICATES DATA IS MISSING.
T  INDICATES TRACE AMOUNT.




$$
