000
CDUS41 KRNK 281011
CLIROA


CLIMATE REPORT
NATIONAL WEATHER SERVICE BLACKSBURG VA
508 AM EST FRI NOV 28 2014


...................................

...THE ROANOKE VA CLIMATE SUMMARY FOR NOVEMBER 27 2014...

CLIMATE NORMAL PERIOD 1981 TO 2010
CLIMATE RECORD PERIOD 1912 TO 2014


WEATHER ITEM   OBSERVED TIME   RECORD YEAR NORMAL DEPARTURE LAST
                VALUE   (LST)  VALUE       VALUE  FROM      YEAR
                                                  NORMAL
..................................................................
TEMPERATURE (F)
 YESTERDAY
  MAXIMUM         44    148 PM  72    1990  54    -10       45
  MINIMUM         32   1159 PM  14    1938  35     -3       26
                                      1930
  AVERAGE         38                        44     -6       36

PRECIPITATION (IN)
  YESTERDAY        0.01          1.99 1993   0.11  -0.10     0.03
  MONTH TO DATE    3.52                      3.06   0.46     2.74
  SINCE SEP 1      8.31                      9.84  -1.53     6.41
  SINCE JAN 1     36.89                     37.97  -1.08    48.72

SNOWFALL (IN)
  YESTERDAY        0.0
  MONTH TO DATE    0.5
  SINCE SEP 1      0.5
  SINCE JUL 1      0.5
  SNOW DEPTH       0

DEGREE DAYS
 HEATING
  YESTERDAY       27                        21      6       29
  MONTH TO DATE  574                       443    131      528
  SINCE SEP 1    798                       739     59      775
  SINCE JUL 1    798                       740     58      776

 COOLING
  YESTERDAY        0                         0      0        0
  MONTH TO DATE    0                         0      0        2
  SINCE SEP 1    158                       160     -2      167
  SINCE JAN 1   1128                      1207    -79     1227
..................................................................


WIND (MPH)
  HIGHEST WIND SPEED    24   HIGHEST WIND DIRECTION    NW (310)
  HIGHEST GUST SPEED    31   HIGHEST GUST DIRECTION    NW (300)
  AVERAGE WIND SPEED     8.9


SKY COVER
  POSSIBLE SUNSHINE  MM
  AVERAGE SKY COVER 0.9


WEATHER CONDITIONS
 THE FOLLOWING WEATHER WAS RECORDED YESTERDAY.
  LIGHT RAIN
  FOG


RELATIVE HUMIDITY (PERCENT)
 HIGHEST   100           500 AM
 LOWEST     47           900 PM
 AVERAGE    74

..........................................................


THE ROANOKE VA CLIMATE NORMALS FOR TODAY
                         NORMAL    RECORD    YEAR
 MAXIMUM TEMPERATURE (F)   53        78      1990
 MINIMUM TEMPERATURE (F)   34        14      1932


SUNRISE AND SUNSET
NOVEMBER 28 2014......SUNRISE   712 AM EST   SUNSET   503 PM EST
NOVEMBER 29 2014......SUNRISE   713 AM EST   SUNSET   503 PM EST


-  INDICATES NEGATIVE NUMBERS.
R  INDICATES RECORD WAS SET OR TIED.
MM INDICATES DATA IS MISSING.
T  INDICATES TRACE AMOUNT.




$$
