554
CDUS41 KBUF 202109
CLIROC


CLIMATE REPORT
NATIONAL WEATHER SERVICE BUFFALO NY
409 PM EST TUE FEB 20 2018


...................................

...THE ROCHESTER NY CLIMATE SUMMARY FOR FEBRUARY 20 2018...
VALID TODAY AS OF 0400 PM LOCAL TIME.

CLIMATE NORMAL PERIOD 1981 TO 2010
CLIMATE RECORD PERIOD 1871 TO 2018


WEATHER ITEM   OBSERVED TIME   RECORD YEAR NORMAL DEPARTURE LAST
                VALUE   (LST)  VALUE       VALUE  FROM      YEAR
                                                  NORMAL
..................................................................
TEMPERATURE (F)
 TODAY
  MAXIMUM         71R   115 PM  62    1994  35     36       40
                                      1913
  MINIMUM         54    227 AM -11    2015  19     35       29
  AVERAGE         63                        27     36       35

PRECIPITATION (IN)
  TODAY            0.19          1.09 1927   0.07   0.12     0.00
  MONTH TO DATE    1.69                      1.34   0.35     1.60
  SINCE DEC 1      7.04                      6.38   0.66     7.26
  SINCE JAN 1      4.80                      3.75   1.05     4.35

SNOWFALL (IN)
  TODAY            0.0           8.0  1927   0.8   -0.8      0.0
  MONTH TO DATE   15.5                      15.4    0.1     14.4
  SINCE DEC 1     83.1                      65.4   17.7     55.5
  SINCE JUL 1     85.7                      72.8   12.9     71.4
  SNOW DEPTH       0

DEGREE DAYS
 HEATING
  TODAY            2                        38    -36       30
  MONTH TO DATE  699                       787    -88      671
  SINCE DEC 1   3134                      3123     11     2742
  SINCE JUL 1   4225                      4491   -266     3720

 COOLING
  TODAY            0                         0      0        0
  MONTH TO DATE    0                         0      0        0
  SINCE DEC 1      0                         0      0        0
  SINCE JAN 1      0                         0      0        0
..................................................................


WIND (MPH)
  HIGHEST WIND SPEED    23   HIGHEST WIND DIRECTION     W (250)
  HIGHEST GUST SPEED    32   HIGHEST GUST DIRECTION    SW (240)
  AVERAGE WIND SPEED    10.7


SKY COVER
  AVERAGE SKY COVER 0.7


WEATHER CONDITIONS
 THE FOLLOWING WEATHER WAS RECORDED TODAY.
  LIGHT RAIN
  FOG


RELATIVE HUMIDITY (PERCENT)
 HIGHEST    86           500 AM
 LOWEST     66           100 PM
 AVERAGE    76

..........................................................


THE ROCHESTER NY CLIMATE NORMALS FOR TOMORROW
                         NORMAL    RECORD    YEAR
 MAXIMUM TEMPERATURE (F)   35        73      1997
 MINIMUM TEMPERATURE (F)   20       -11      2015


SUNRISE AND SUNSET
FEBRUARY 20 2018......SUNRISE   701 AM EST   SUNSET   548 PM EST
FEBRUARY 21 2018......SUNRISE   659 AM EST   SUNSET   550 PM EST


-  INDICATES NEGATIVE NUMBERS.
R  INDICATES RECORD WAS SET OR TIED.
MM INDICATES DATA IS MISSING.
T  INDICATES TRACE AMOUNT.




$$
