000
CDUS41 KBUF 221026
CLIROC


CLIMATE REPORT
NATIONAL WEATHER SERVICE BUFFALO NY
625 AM EDT SUN OCT 22 2017


...................................

...THE ROCHESTER NY CLIMATE SUMMARY FOR OCTOBER 21 2017...

CLIMATE NORMAL PERIOD 1981 TO 2010
CLIMATE RECORD PERIOD 1871 TO 2017


WEATHER ITEM   OBSERVED TIME   RECORD YEAR NORMAL DEPARTURE LAST
                VALUE   (LST)  VALUE       VALUE  FROM      YEAR
                                                  NORMAL
..................................................................
TEMPERATURE (F)
 YESTERDAY
  MAXIMUM         74    341 PM  80    2007  58     16       54
                                      1884
  MINIMUM         46    648 AM  21    1974  40      6       46
  AVERAGE         60                        49     11       50

PRECIPITATION (IN)
  YESTERDAY        0.00          2.53 2016   0.08  -0.08     2.53
  MONTH TO DATE    3.74                      1.86   1.88     4.56
  SINCE SEP 1      5.02                      5.24  -0.22     6.86
  SINCE JAN 1     36.03                     27.84   8.19    24.51

SNOWFALL (IN)
  YESTERDAY        0.0           T    1989   0.0    0.0      0.0
  MONTH TO DATE    0.0                       0.0    0.0      0.0
  SINCE SEP 1      0.0                       0.0    0.0      0.0
  SINCE JUL 1      0.0                       0.0    0.0      0.0
  SNOW DEPTH       0

DEGREE DAYS
 HEATING
  YESTERDAY        5                        16    -11       15
  MONTH TO DATE  110                       273   -163      141
  SINCE SEP 1    202                       420   -218      192
  SINCE JUL 1    229                       454   -225      192

 COOLING
  YESTERDAY        0                         0      0        0
  MONTH TO DATE   21                         0     21       15
  SINCE SEP 1    138                        50     88      127
  SINCE JAN 1    654                       534    120      978
..................................................................


WIND (MPH)
  HIGHEST WIND SPEED    13   HIGHEST WIND DIRECTION    SW (230)
  HIGHEST GUST SPEED    16   HIGHEST GUST DIRECTION    SW (210)
  AVERAGE WIND SPEED     5.5


SKY COVER
  AVERAGE SKY COVER 0.6


WEATHER CONDITIONS
 THE FOLLOWING WEATHER WAS RECORDED YESTERDAY.
  NO SIGNIFICANT WEATHER WAS OBSERVED.


RELATIVE HUMIDITY (PERCENT)
 HIGHEST    93           800 PM
 LOWEST     38           200 PM
 AVERAGE    66

..........................................................


THE ROCHESTER NY CLIMATE NORMALS FOR TODAY
                         NORMAL    RECORD    YEAR
 MAXIMUM TEMPERATURE (F)   57        82      1979
 MINIMUM TEMPERATURE (F)   40        23      1940


SUNRISE AND SUNSET
OCTOBER 22 2017.......SUNRISE   733 AM EDT   SUNSET   616 PM EDT
OCTOBER 23 2017.......SUNRISE   734 AM EDT   SUNSET   615 PM EDT


-  INDICATES NEGATIVE NUMBERS.
R  INDICATES RECORD WAS SET OR TIED.
MM INDICATES DATA IS MISSING.
T  INDICATES TRACE AMOUNT.




$$
