000
CDUS45 KABQ 140837
CLIROW


CLIMATE REPORT
NATIONAL WEATHER SERVICE ALBUQUERQUE NM
236 AM MDT MON JUL 14 2014


...................................

...THE ROSWELL NM CLIMATE SUMMARY FOR JULY 13 2014...

CLIMATE NORMAL PERIOD 1981 TO 2010
CLIMATE RECORD PERIOD 1893 TO 2014


WEATHER ITEM   OBSERVED TIME   RECORD YEAR NORMAL DEPARTURE
                VALUE   (LST)  VALUE       VALUE  FROM
                                                  NORMAL
...............................................................
TEMPERATURE (F)
 YESTERDAY
  MAXIMUM         96    421 PM 109    1958  94      2
  MINIMUM         66    516 AM  55    1894  67     -1
  AVERAGE         81                        80      1

PRECIPITATION (IN)
  YESTERDAY        0.00          4.34 1991   0.07  -0.07
  MONTH TO DATE    0.13                      0.96  -0.83
  SINCE JUN 1      1.56                      2.69  -1.13
  SINCE JAN 1      6.42                      5.86   0.56

SNOWFALL (IN)
  YESTERDAY        0.0
  MONTH TO DATE    0.0
  SINCE JUN 1      0.0
  SINCE JUL 1      0.0

DEGREE DAYS
 HEATING
  YESTERDAY        0                         0      0
  MONTH TO DATE    0                         0      0
  SINCE JUN 1      0                         1     -1
  SINCE JUL 1      0                         0      0

 COOLING
  YESTERDAY       16                        16      0
  MONTH TO DATE  192                       206    -14
  SINCE JUN 1    672                       603     69
  SINCE JAN 1    926                       828     98
...............................................................


WIND (MPH)
  HIGHEST WIND SPEED    23   HIGHEST WIND DIRECTION     N (340)
  HIGHEST GUST SPEED    30   HIGHEST GUST DIRECTION     N (340)
  AVERAGE WIND SPEED     6.5


SKY COVER
  AVERAGE SKY COVER 0.1


WEATHER CONDITIONS
 THE FOLLOWING WEATHER WAS RECORDED YESTERDAY.
  NO SIGNIFICANT WEATHER WAS OBSERVED.


RELATIVE HUMIDITY (PERCENT)
 HIGHEST    81           400 AM
 LOWEST     18           400 PM
 AVERAGE    50

..........................................................


THE ROSWELL NM CLIMATE NORMALS FOR TODAY
                         NORMAL    RECORD    YEAR
 MAXIMUM TEMPERATURE (F)   94       110      1958
 MINIMUM TEMPERATURE (F)   67        57      1897


SUNRISE AND SUNSET
JULY 14 2014..........SUNRISE   559 AM MDT   SUNSET   809 PM MDT
JULY 15 2014..........SUNRISE   600 AM MDT   SUNSET   808 PM MDT


-  INDICATES NEGATIVE NUMBERS.
R  INDICATES RECORD WAS SET OR TIED.
MM INDICATES DATA IS MISSING.
T  INDICATES TRACE AMOUNT.

$$
