000
CDUS45 KABQ 260834
CLIROW


CLIMATE REPORT
NATIONAL WEATHER SERVICE ALBUQUERQUE NM
128 AM MST MON JAN 26 2015


...................................

...THE ROSWELL NM CLIMATE SUMMARY FOR JANUARY 25 2015...

CLIMATE NORMAL PERIOD 1981 TO 2010
CLIMATE RECORD PERIOD 1893 TO 2015


WEATHER ITEM   OBSERVED TIME   RECORD YEAR NORMAL DEPARTURE
                VALUE   (LST)  VALUE       VALUE  FROM
                                                  NORMAL
...............................................................
TEMPERATURE (F)
 YESTERDAY
  MAXIMUM         57    356 PM  79    1952  57      0
  MINIMUM         26    226 AM   2    1966  27     -1
  AVERAGE         42                        42      0

PRECIPITATION (IN)
  YESTERDAY        0.00          0.27 1949   0.01  -0.01
  MONTH TO DATE    0.78                      0.30   0.48
  SINCE DEC 1      0.89                      0.94  -0.05
  SINCE JAN 1      0.78                      0.30   0.48

SNOWFALL (IN)
  YESTERDAY        0.0
  MONTH TO DATE    8.6
  SINCE DEC 1     10.1
  SINCE JUL 1     11.9

DEGREE DAYS
 HEATING
  YESTERDAY       23                        23      0
  MONTH TO DATE  738                       620    118
  SINCE DEC 1   1424                      1384     40
  SINCE JUL 1   2081                      2030     51

 COOLING
  YESTERDAY        0                         0      0
  MONTH TO DATE    0                         0      0
  SINCE DEC 1      0                         0      0
  SINCE JAN 1      0                         0      0
...............................................................


WIND (MPH)
  HIGHEST WIND SPEED    15   HIGHEST WIND DIRECTION     S (170)
  HIGHEST GUST SPEED    18   HIGHEST GUST DIRECTION    SE (150)
  AVERAGE WIND SPEED     6.0


SKY COVER
  AVERAGE SKY COVER 0.0


WEATHER CONDITIONS
 THE FOLLOWING WEATHER WAS RECORDED YESTERDAY.
  NO SIGNIFICANT WEATHER WAS OBSERVED.


RELATIVE HUMIDITY (PERCENT)
 HIGHEST    85           100 AM
 LOWEST     32           100 PM
 AVERAGE    59

..........................................................


THE ROSWELL NM CLIMATE NORMALS FOR TODAY
                         NORMAL    RECORD    YEAR
 MAXIMUM TEMPERATURE (F)   57        82      1975
 MINIMUM TEMPERATURE (F)   27         5      1966
                                             1904


SUNRISE AND SUNSET
JANUARY 26 2015.......SUNRISE   658 AM MST   SUNSET   524 PM MST
JANUARY 27 2015.......SUNRISE   657 AM MST   SUNSET   525 PM MST


-  INDICATES NEGATIVE NUMBERS.
R  INDICATES RECORD WAS SET OR TIED.
MM INDICATES DATA IS MISSING.
T  INDICATES TRACE AMOUNT.

$$
