000
CDUS45 KABQ 260827
CLIROW


CLIMATE REPORT
NATIONAL WEATHER SERVICE ALBUQUERQUE NM
227 AM MDT FRI AUG 26 2016


...................................

...THE ROSWELL NM CLIMATE SUMMARY FOR AUGUST 25 2016...

CLIMATE NORMAL PERIOD 1981 TO 2010
CLIMATE RECORD PERIOD 1893 TO 2016


WEATHER ITEM   OBSERVED TIME   RECORD YEAR NORMAL DEPARTURE
                VALUE   (LST)  VALUE       VALUE  FROM
                                                  NORMAL
...............................................................
TEMPERATURE (F)
 YESTERDAY
  MAXIMUM         86    237 PM 102    2002  91     -5
  MINIMUM         64    424 AM  53    1897  65     -1
  AVERAGE         75                        78     -3

PRECIPITATION (IN)
  YESTERDAY        0.00          0.96 1911   0.06  -0.06
  MONTH TO DATE    4.26                      1.62   2.64
  SINCE JUN 1      5.24                      5.41  -0.17
  SINCE JAN 1      7.17                      8.58  -1.41

SNOWFALL (IN)
  YESTERDAY        0.0
  MONTH TO DATE    0.0
  SINCE JUN 1      0.0
  SINCE JUL 1      0.0

DEGREE DAYS
 HEATING
  YESTERDAY        0                         0      0
  MONTH TO DATE    0                         0      0
  SINCE JUN 1      0                         1     -1
  SINCE JUL 1      0                         0      0

 COOLING
  YESTERDAY       10                        13     -3
  MONTH TO DATE  377                       353     24
  SINCE JUN 1   1527                      1226    301
  SINCE JAN 1   1705                      1451    254
...............................................................


WIND (MPH)
  HIGHEST WIND SPEED    18   HIGHEST WIND DIRECTION    SW (210)
  HIGHEST GUST SPEED    23   HIGHEST GUST DIRECTION    SW (210)
  AVERAGE WIND SPEED     7.0


SKY COVER
  AVERAGE SKY COVER 0.4


WEATHER CONDITIONS
 THE FOLLOWING WEATHER WAS RECORDED YESTERDAY.
  FOG


RELATIVE HUMIDITY (PERCENT)
 HIGHEST    93           200 AM
 LOWEST     40           200 PM
 AVERAGE    67

..........................................................


THE ROSWELL NM CLIMATE NORMALS FOR TODAY
                         NORMAL    RECORD    YEAR
 MAXIMUM TEMPERATURE (F)   91       107      2002
 MINIMUM TEMPERATURE (F)   65        49      1900


SUNRISE AND SUNSET
AUGUST 26 2016........SUNRISE   629 AM MDT   SUNSET   730 PM MDT
AUGUST 27 2016........SUNRISE   629 AM MDT   SUNSET   729 PM MDT


-  INDICATES NEGATIVE NUMBERS.
R  INDICATES RECORD WAS SET OR TIED.
MM INDICATES DATA IS MISSING.
T  INDICATES TRACE AMOUNT.




$$
