000
CDUS45 KABQ 240840
CLIROW


CLIMATE REPORT
NATIONAL WEATHER SERVICE ALBUQUERQUE NM
239 AM MDT WED MAY 24 2017


...................................

...THE ROSWELL NM CLIMATE SUMMARY FOR MAY 23 2017...

CLIMATE NORMAL PERIOD 1981 TO 2010
CLIMATE RECORD PERIOD 1893 TO 2017


WEATHER ITEM   OBSERVED TIME   RECORD YEAR NORMAL DEPARTURE
                VALUE   (LST)  VALUE       VALUE  FROM
                                                  NORMAL
...............................................................
TEMPERATURE (F)
 YESTERDAY
  MAXIMUM         72    337 PM 106    2000  88    -16
  MINIMUM         52   1154 PM  37    1913  57     -5
  AVERAGE         62                        72    -10

PRECIPITATION (IN)
  YESTERDAY        0.00          1.56 1941   0.04  -0.04
  MONTH TO DATE    0.54                      0.91  -0.37
  SINCE MAR 1      2.31                      2.03   0.28
  SINCE JAN 1      3.56                      2.83   0.73

SNOWFALL (IN)
  YESTERDAY        0.0
  MONTH TO DATE    0.0
  SINCE MAR 1      0.0
  SINCE JUL 1      2.5

DEGREE DAYS
 HEATING
  YESTERDAY        3                         0      3
  MONTH TO DATE   10                        27    -17
  SINCE MAR 1    297                       578   -281
  SINCE JUL 1   2442                      3285   -843

 COOLING
  YESTERDAY        0                         8     -8
  MONTH TO DATE  101                       115    -14
  SINCE MAR 1    209                       155     54
  SINCE JAN 1    209                       155     54
...............................................................


WIND (MPH)
  HIGHEST WIND SPEED    25   HIGHEST WIND DIRECTION     N (20)
  HIGHEST GUST SPEED    32   HIGHEST GUST DIRECTION     N (20)
  AVERAGE WIND SPEED    11.0


SKY COVER
  AVERAGE SKY COVER 0.4


WEATHER CONDITIONS
 THE FOLLOWING WEATHER WAS RECORDED YESTERDAY.
  NO SIGNIFICANT WEATHER WAS OBSERVED.


RELATIVE HUMIDITY (PERCENT)
 HIGHEST    77           300 AM
 LOWEST     23           300 PM
 AVERAGE    50

..........................................................


THE ROSWELL NM CLIMATE NORMALS FOR TODAY
                         NORMAL    RECORD    YEAR
 MAXIMUM TEMPERATURE (F)   88       107      2000
 MINIMUM TEMPERATURE (F)   57        32      1913


SUNRISE AND SUNSET
MAY 24 2017...........SUNRISE   553 AM MDT   SUNSET   758 PM MDT
MAY 25 2017...........SUNRISE   552 AM MDT   SUNSET   758 PM MDT


-  INDICATES NEGATIVE NUMBERS.
R  INDICATES RECORD WAS SET OR TIED.
MM INDICATES DATA IS MISSING.
T  INDICATES TRACE AMOUNT.




$$
