852
CDUS45 KABQ 250834
CLIROW


CLIMATE REPORT
NATIONAL WEATHER SERVICE ALBUQUERQUE NM
133 AM MST SAT FEB 25 2017


...................................

...THE ROSWELL NM CLIMATE SUMMARY FOR FEBRUARY 24 2017...

CLIMATE NORMAL PERIOD 1981 TO 2010
CLIMATE RECORD PERIOD 1893 TO 2017


WEATHER ITEM   OBSERVED TIME   RECORD YEAR NORMAL DEPARTURE
                VALUE   (LST)  VALUE       VALUE  FROM
                                                  NORMAL
...............................................................
TEMPERATURE (F)
 YESTERDAY
  MAXIMUM         65        MM  88    1904  63      2
  MINIMUM         33        MM  -4    1965  33      0
  AVERAGE         49                        48      1

PRECIPITATION (IN)
  YESTERDAY        0.00          0.61 1992   0.02  -0.02
  MONTH TO DATE    0.16                      0.36  -0.20
  SINCE DEC 1      1.55                      1.38   0.17
  SINCE JAN 1      1.25                      0.74   0.51

SNOWFALL (IN)
  YESTERDAY        0.0
  MONTH TO DATE    T
  SINCE DEC 1      2.5
  SINCE JUL 1      2.5

DEGREE DAYS
 HEATING
  YESTERDAY       16                        17     -1
  MONTH TO DATE  323                       474   -151
  SINCE DEC 1   1702                      1994   -292
  SINCE JUL 1   2088                      2640   -552

 COOLING
  YESTERDAY        0                         0      0
  MONTH TO DATE    0                         0      0
  SINCE DEC 1      0                         0      0
  SINCE JAN 1      0                         0      0
...............................................................


WIND (MPH)
  HIGHEST WIND SPEED    17   HIGHEST WIND DIRECTION     W (270)
  HIGHEST GUST SPEED    23   HIGHEST GUST DIRECTION     W (270)
  AVERAGE WIND SPEED     8.0


SKY COVER
  AVERAGE SKY COVER 0.0


WEATHER CONDITIONS
 THE FOLLOWING WEATHER WAS RECORDED YESTERDAY.
  NO SIGNIFICANT WEATHER WAS OBSERVED.


RELATIVE HUMIDITY (PERCENT)
 HIGHEST    32           500 AM
 LOWEST      8           500 PM
 AVERAGE    20

..........................................................


THE ROSWELL NM CLIMATE NORMALS FOR TODAY
                         NORMAL    RECORD    YEAR
 MAXIMUM TEMPERATURE (F)   63        85      1989
                                             1986
                                             1904
 MINIMUM TEMPERATURE (F)   33        -1      1960


SUNRISE AND SUNSET
FEBRUARY 25 2017......SUNRISE   631 AM MST   SUNSET   552 PM MST
FEBRUARY 26 2017......SUNRISE   630 AM MST   SUNSET   553 PM MST


-  INDICATES NEGATIVE NUMBERS.
R  INDICATES RECORD WAS SET OR TIED.
MM INDICATES DATA IS MISSING.
T  INDICATES TRACE AMOUNT.




$$
