000
CDUS45 KABQ 260829
CLIROW


CLIMATE REPORT
NATIONAL WEATHER SERVICE ALBUQUERQUE NM
227 AM MDT SAT JUL 26 2014


...................................

...THE ROSWELL NM CLIMATE SUMMARY FOR JULY 25 2014...

CLIMATE NORMAL PERIOD 1981 TO 2010
CLIMATE RECORD PERIOD 1893 TO 2014


WEATHER ITEM   OBSERVED TIME   RECORD YEAR NORMAL DEPARTURE
                VALUE   (LST)  VALUE       VALUE  FROM
                                                  NORMAL
...............................................................
TEMPERATURE (F)
 YESTERDAY
  MAXIMUM        102    249 PM 105    1995  93      9
  MINIMUM         68    513 AM  57    1894  67      1
  AVERAGE         85                        80      5

PRECIPITATION (IN)
  YESTERDAY        0.00          2.20 1905   0.06  -0.06
  MONTH TO DATE    0.65                      1.71  -1.06
  SINCE JUN 1      2.08                      3.44  -1.36
  SINCE JAN 1      6.94                      6.61   0.33

SNOWFALL (IN)
  YESTERDAY        0.0
  MONTH TO DATE    0.0
  SINCE JUN 1      0.0
  SINCE JUL 1      0.0

DEGREE DAYS
 HEATING
  YESTERDAY        0                         0      0
  MONTH TO DATE    0                         0      0
  SINCE JUN 1      0                         1     -1
  SINCE JUL 1      0                         0      0

 COOLING
  YESTERDAY       20                        15      5
  MONTH TO DATE  404                       387     17
  SINCE JUN 1    884                       784    100
  SINCE JAN 1   1138                      1009    129
...............................................................


WIND (MPH)
  HIGHEST WIND SPEED    18   HIGHEST WIND DIRECTION    SE (140)
  HIGHEST GUST SPEED    27   HIGHEST GUST DIRECTION    SE (140)
  AVERAGE WIND SPEED    10.1


SKY COVER
  AVERAGE SKY COVER 0.0


WEATHER CONDITIONS
 THE FOLLOWING WEATHER WAS RECORDED YESTERDAY.
  NO SIGNIFICANT WEATHER WAS OBSERVED.


RELATIVE HUMIDITY (PERCENT)
 HIGHEST    47           500 AM
 LOWEST     15           300 PM
 AVERAGE    31

..........................................................


THE ROSWELL NM CLIMATE NORMALS FOR TODAY
                         NORMAL    RECORD    YEAR
 MAXIMUM TEMPERATURE (F)   93       109      1995
 MINIMUM TEMPERATURE (F)   67        54      1894


SUNRISE AND SUNSET
JULY 26 2014..........SUNRISE   607 AM MDT   SUNSET   802 PM MDT
JULY 27 2014..........SUNRISE   608 AM MDT   SUNSET   801 PM MDT


-  INDICATES NEGATIVE NUMBERS.
R  INDICATES RECORD WAS SET OR TIED.
MM INDICATES DATA IS MISSING.
T  INDICATES TRACE AMOUNT.

$$
