000
CDUS45 KABQ 170832
CLIROW


CLIMATE REPORT
NATIONAL WEATHER SERVICE ALBUQUERQUE NM
129 AM MST SUN DEC 17 2017


...................................

...THE ROSWELL NM CLIMATE SUMMARY FOR DECEMBER 16 2017...

CLIMATE NORMAL PERIOD 1981 TO 2010
CLIMATE RECORD PERIOD 1893 TO 2017


WEATHER ITEM   OBSERVED TIME   RECORD YEAR NORMAL DEPARTURE
                VALUE   (LST)  VALUE       VALUE  FROM
                                                  NORMAL
...............................................................
TEMPERATURE (F)
 YESTERDAY
  MAXIMUM         62    255 PM  76    2016  54      8
                                      1946
                                      1908
  MINIMUM         13    714 AM   1    1960  26    -13
  AVERAGE         38                        40     -2

PRECIPITATION (IN)
  YESTERDAY        0.00          0.61 1913   0.03  -0.03
  MONTH TO DATE    T                         0.35  -0.35
  SINCE DEC 1      T                         0.35  -0.35
  SINCE JAN 1     11.16                     12.62  -1.46

SNOWFALL (IN)
  YESTERDAY        0.0
  MONTH TO DATE    0.0
  SINCE DEC 1      0.0
  SINCE JUL 1      0.0

DEGREE DAYS
 HEATING
  YESTERDAY       27                        25      2
  MONTH TO DATE  324                       379    -55
  SINCE DEC 1    324                       379    -55
  SINCE JUL 1    774                      1025   -251

 COOLING
  YESTERDAY        0                         0      0
  MONTH TO DATE    0                         0      0
  SINCE DEC 1      0                         0      0
  SINCE JAN 1   2172                      1789    383
...............................................................


WIND (MPH)
  HIGHEST WIND SPEED    23   HIGHEST WIND DIRECTION     S (160)
  HIGHEST GUST SPEED    30   HIGHEST GUST DIRECTION     S (160)
  AVERAGE WIND SPEED     7.6


SKY COVER
  AVERAGE SKY COVER 0.0


WEATHER CONDITIONS
 THE FOLLOWING WEATHER WAS RECORDED YESTERDAY.
  NO SIGNIFICANT WEATHER WAS OBSERVED.


RELATIVE HUMIDITY (PERCENT)
 HIGHEST    80           500 AM
 LOWEST     14           200 PM
 AVERAGE    47

..........................................................


THE ROSWELL NM CLIMATE NORMALS FOR TODAY
                         NORMAL    RECORD    YEAR
 MAXIMUM TEMPERATURE (F)   54        74      1980
 MINIMUM TEMPERATURE (F)   26         5      1960


SUNRISE AND SUNSET
DECEMBER 17 2017......SUNRISE   656 AM MST   SUNSET   453 PM MST
DECEMBER 18 2017......SUNRISE   656 AM MST   SUNSET   453 PM MST


-  INDICATES NEGATIVE NUMBERS.
R  INDICATES RECORD WAS SET OR TIED.
MM INDICATES DATA IS MISSING.
T  INDICATES TRACE AMOUNT.




$$
