000
CDUS43 KARX 232151
CLIRST


CLIMATE REPORT
NATIONAL WEATHER SERVICE LA CROSSE WI
451 PM CDT TUE MAY 23 2017


...................................

...THE ROCHESTER MN CLIMATE SUMMARY FOR MAY 23 2017...
VALID TODAY AS OF 0445 PM LOCAL TIME.

CLIMATE NORMAL PERIOD 1981 TO 2010
CLIMATE RECORD PERIOD 1886 TO 2017


WEATHER ITEM   OBSERVED TIME   RECORD YEAR NORMAL DEPARTURE LAST
                VALUE   (LST)  VALUE       VALUE  FROM      YEAR
                                                  NORMAL
..................................................................
TEMPERATURE (F)
 TODAY
  MAXIMUM         52   1200 AM  89    1972  71    -19       84
                                      1939
  MINIMUM         49    127 PM  25    1931  50     -1       62
  AVERAGE         51                        60     -9       73

PRECIPITATION (IN)
  TODAY            0.49          1.70 1920   0.11   0.38     0.26
  MONTH TO DATE    3.01                      2.64   0.37     1.80
  SINCE MAR 1     10.43                      7.76   2.67     7.50
  SINCE JAN 1     14.21                      9.45   4.76     8.90

SNOWFALL (IN)
  TODAY            0.0           0.0  2012   0.0    0.0      0.0
  MONTH TO DATE    0.0                       0.2   -0.2      0.0
  SINCE JUL 1     52.7                      52.1    0.6     47.9
  SNOW DEPTH       0

DEGREE DAYS
 HEATING
  TODAY           14                         6      8        0
  MONTH TO DATE  236                       205     31      229
  SINCE JUL 1   6820                      7630   -810     6775

 COOLING
  TODAY            0                         1     -1        8
  MONTH TO DATE   20                        16      4       19
  SINCE JAN 1     20                        20      0       20
..................................................................


WIND (MPH)
  HIGHEST WIND SPEED    16   HIGHEST WIND DIRECTION     N (10)
  HIGHEST GUST SPEED    20   HIGHEST GUST DIRECTION     N (10)
  AVERAGE WIND SPEED     9.2


SKY COVER
  POSSIBLE SUNSHINE  MM
  AVERAGE SKY COVER 0.9


WEATHER CONDITIONS
 THE FOLLOWING WEATHER WAS RECORDED TODAY.
  RAIN
  LIGHT RAIN
  FOG


RELATIVE HUMIDITY (PERCENT)
 HIGHEST   100           400 AM
 LOWEST     89          1000 AM
 AVERAGE    95

..........................................................


THE ROCHESTER MN CLIMATE NORMALS FOR TOMORROW
                         NORMAL    RECORD    YEAR
 MAXIMUM TEMPERATURE (F)   71        94      2010
 MINIMUM TEMPERATURE (F)   50        31      1930


SUNRISE AND SUNSET
MAY 23 2017...........SUNRISE   536 AM CDT   SUNSET   838 PM CDT
MAY 24 2017...........SUNRISE   536 AM CDT   SUNSET   839 PM CDT


-  INDICATES NEGATIVE NUMBERS.
R  INDICATES RECORD WAS SET OR TIED.
MM INDICATES DATA IS MISSING.
T  INDICATES TRACE AMOUNT.




$$
