332
CDUS43 KARX 242240
CLIRST


CLIMATE REPORT
NATIONAL WEATHER SERVICE LA CROSSE WI
439 PM CST SAT FEB 24 2018


...................................

...THE ROCHESTER MN CLIMATE SUMMARY FOR FEBRUARY 24 2018...
VALID TODAY AS OF 0400 PM LOCAL TIME.

CLIMATE NORMAL PERIOD 1981 TO 2010
CLIMATE RECORD PERIOD 1886 TO 2018


WEATHER ITEM   OBSERVED TIME   RECORD YEAR NORMAL DEPARTURE LAST
                VALUE   (LST)  VALUE       VALUE  FROM      YEAR
                                                  NORMAL
..................................................................
TEMPERATURE (F)
 TODAY
  MAXIMUM         30    359 PM  60    1931  31     -1       30
  MINIMUM          7    349 AM -24    1913  16     -9       17
  AVERAGE         19                        23     -4       24

PRECIPITATION (IN)
  TODAY            0.02          0.65 2007   0.03  -0.01     0.47
  MONTH TO DATE    0.88                      0.68   0.20     1.66
  SINCE DEC 1      2.81                      2.77   0.04     5.85
  SINCE JAN 1      2.30                      1.54   0.76     3.78

SNOWFALL (IN)
  TODAY           MM             6.4  2017   0.3   MM        6.4
  MONTH TO DATE    7.5                       7.3    0.2     10.4
  SINCE JUL 1     34.2                      38.7   -4.5     44.3
  SNOW DEPTH       3

DEGREE DAYS
 HEATING
  TODAY           46                        42      4       41
  MONTH TO DATE 1239                      1090    149      879
  SINCE JUL 1   5824                      5698    126     4882

 COOLING
  TODAY            0                         0      0        0
  MONTH TO DATE    0                         0      0        0
  SINCE JAN 1      0                         0      0        0
..................................................................


WIND (MPH)
  HIGHEST WIND SPEED    22   HIGHEST WIND DIRECTION     E (110)
  HIGHEST GUST SPEED    30   HIGHEST GUST DIRECTION     E (100)
  AVERAGE WIND SPEED     9.1


SKY COVER
  POSSIBLE SUNSHINE  MM
  AVERAGE SKY COVER 0.6


WEATHER CONDITIONS
 THE FOLLOWING WEATHER WAS RECORDED TODAY.
  LT FREEZING RAIN
  LIGHT SNOW
  FOG
  FOG W/VISIBILITY <= 1/4 MILE
  HAZE


RELATIVE HUMIDITY (PERCENT)
 HIGHEST   100           100 AM
 LOWEST     85           100 PM
 AVERAGE    93

..........................................................


THE ROCHESTER MN CLIMATE NORMALS FOR TOMORROW
                         NORMAL    RECORD    YEAR
 MAXIMUM TEMPERATURE (F)   31        58      2000
 MINIMUM TEMPERATURE (F)   16       -28      1940


SUNRISE AND SUNSET
FEBRUARY 24 2018......SUNRISE   655 AM CST   SUNSET   552 PM CST
FEBRUARY 25 2018......SUNRISE   653 AM CST   SUNSET   553 PM CST


-  INDICATES NEGATIVE NUMBERS.
R  INDICATES RECORD WAS SET OR TIED.
MM INDICATES DATA IS MISSING.
T  INDICATES TRACE AMOUNT.




$$
