000
CDUS45 KCYS 300731
CLIRWL


CLIMATE REPORT
NATIONAL WEATHER SERVICE CHEYENNE WY
129 AM MDT TUE JUN 30 2015


...................................

...THE RAWLINS WY AIRPORT CLIMATE SUMMARY FOR JUNE 29 2015...

CLIMATE NORMAL PERIOD 1981 TO 2010
CLIMATE RECORD PERIOD 1951 TO 2015


WEATHER ITEM   OBSERVED TIME   RECORD YEAR NORMAL DEPARTURE LAST
                VALUE   (LST)  VALUE       VALUE  FROM      YEAR
                                                  NORMAL
..................................................................
TEMPERATURE (F)
 YESTERDAY
  MAXIMUM         88    301 PM  93    2012  81      7       82
                                      2002
  MINIMUM         51    417 AM  36    1954  47      4       49
  AVERAGE         70                        64      6       66

PRECIPITATION (IN)
  YESTERDAY        0.00          0.64 1959   0.03  -0.03     0.00
  MONTH TO DATE    1.37                      1.01   0.36     0.30
  SINCE JAN 1      7.23                      4.93   2.30     2.81

DEGREE DAYS
 HEATING
  YESTERDAY        0                         3     -3        0
  MONTH TO DATE   66                       188   -122      170
  SINCE JUN 1     66                       188   -122      170
  SINCE JUL 1   7328                      8391  -1063     8005

 COOLING
  YESTERDAY        5                         2      3        1
  MONTH TO DATE   53                        15     38       11
  SINCE JUN 1     53                        15     38       11
  SINCE JAN 1     53                        15     38       13
..................................................................


WIND (MPH)
  HIGHEST WIND SPEED    17   HIGHEST WIND DIRECTION    NE (60)
  HIGHEST GUST SPEED    22   HIGHEST GUST DIRECTION    NE (60)
  AVERAGE WIND SPEED     7.2


SKY COVER
  AVERAGE SKY COVER 0.1


WEATHER CONDITIONS
 THE FOLLOWING WEATHER WAS RECORDED YESTERDAY.
  NO SIGNIFICANT WEATHER WAS OBSERVED.


RELATIVE HUMIDITY (PERCENT)
 HIGHEST    71           300 AM
 LOWEST     15           400 PM
 AVERAGE    43

..........................................................


THE RAWLINS WY AIRPORT CLIMATE NORMALS FOR TODAY
                         NORMAL    RECORD    YEAR
 MAXIMUM TEMPERATURE (F)   81        94      2002
                                             1990
 MINIMUM TEMPERATURE (F)   48        32      1968


SUNRISE AND SUNSET
JUNE 30 2015..........SUNRISE   537 AM MDT   SUNSET   848 PM MDT
JULY  1 2015..........SUNRISE   538 AM MDT   SUNSET   847 PM MDT


-  INDICATES NEGATIVE NUMBERS.
R  INDICATES RECORD WAS SET OR TIED.
MM INDICATES DATA IS MISSING.
T  INDICATES TRACE AMOUNT.




$$
