000
CDUS45 KCYS 220728
CLIRWL


CLIMATE REPORT
NATIONAL WEATHER SERVICE CHEYENNE WY
127 AM MDT WED OCT 22 2014


...................................

...THE RAWLINS WY AIRPORT CLIMATE SUMMARY FOR OCTOBER 21 2014...

CLIMATE NORMAL PERIOD 1981 TO 2010
CLIMATE RECORD PERIOD 1951 TO 2014


WEATHER ITEM   OBSERVED TIME   RECORD YEAR NORMAL DEPARTURE LAST
                VALUE   (LST)  VALUE       VALUE  FROM      YEAR
                                                  NORMAL
..................................................................
TEMPERATURE (F)
 YESTERDAY
  MAXIMUM         66    132 PM  75    2003  54     12       52
  MINIMUM         38    448 AM   9    1996  29      9       25
  AVERAGE         52                        42     10       39

PRECIPITATION (IN)
  YESTERDAY        0.04          0.45 1972   0.02   0.02     0.00
  MONTH TO DATE    0.15                      0.54  -0.39     1.34
  SINCE JAN 1      5.93                      8.06  -2.13     7.58

DEGREE DAYS
 HEATING
  YESTERDAY       13                        23    -10       26
  MONTH TO DATE  325                       415    -90      528
  SINCE SEP 1    546                       708   -162      735
  SINCE JUL 1    646                       801   -155      743

 COOLING
  YESTERDAY        0                         0      0        0
  MONTH TO DATE    0                         0      0        0
  SINCE SEP 1      2                         5     -3       49
  SINCE JAN 1    211                       186     25      371
..................................................................


WIND (MPH)
  HIGHEST WIND SPEED    32   HIGHEST WIND DIRECTION     S (200)
  HIGHEST GUST SPEED    43   HIGHEST GUST DIRECTION     S (200)
  AVERAGE WIND SPEED    13.8


SKY COVER
  AVERAGE SKY COVER 0.2


WEATHER CONDITIONS
 THE FOLLOWING WEATHER WAS RECORDED YESTERDAY.
  THUNDERSTORM
  RAIN
  LIGHT RAIN


RELATIVE HUMIDITY (PERCENT)
 HIGHEST    83           700 PM
 LOWEST     36           200 PM
 AVERAGE    60

..........................................................


THE RAWLINS WY AIRPORT CLIMATE NORMALS FOR TODAY
                         NORMAL    RECORD    YEAR
 MAXIMUM TEMPERATURE (F)   54        76      2003
 MINIMUM TEMPERATURE (F)   29         8      1984


SUNRISE AND SUNSET
OCTOBER 22 2014.......SUNRISE   729 AM MDT   SUNSET   617 PM MDT
OCTOBER 23 2014.......SUNRISE   730 AM MDT   SUNSET   615 PM MDT


-  INDICATES NEGATIVE NUMBERS.
R  INDICATES RECORD WAS SET OR TIED.
MM INDICATES DATA IS MISSING.
T  INDICATES TRACE AMOUNT.




$$
