000
CDUS45 KCYS 040741
CLIRWL


CLIMATE REPORT
NATIONAL WEATHER SERVICE CHEYENNE WY
1240 AM MST WED MAR 4 2015


...................................

...THE RAWLINS WY AIRPORT CLIMATE SUMMARY FOR MARCH 3 2015...

CLIMATE NORMAL PERIOD 1981 TO 2010
CLIMATE RECORD PERIOD 1951 TO 2015


WEATHER ITEM   OBSERVED TIME   RECORD YEAR NORMAL DEPARTURE LAST
                VALUE   (LST)  VALUE       VALUE  FROM      YEAR
                                                  NORMAL
..................................................................
TEMPERATURE (F)
 YESTERDAY
  MAXIMUM         25   1210 AM  57    1983  39    -14       48
  MINIMUM         -3    902 PM -13    1952  18    -21       33
  AVERAGE         11                        28    -17       41

PRECIPITATION (IN)
  YESTERDAY        0.03          1.08 1963   0.02   0.01     0.00
  MONTH TO DATE    0.43                      0.05   0.38     0.17
  SINCE JAN 1      0.71                      0.83  -0.12     0.63

DEGREE DAYS
 HEATING
  YESTERDAY       54                        37     17       24
  MONTH TO DATE  137                       111     26      106
  SINCE MAR 1    137                       111     26      106
  SINCE JUL 1   5368                      6068   -700     5870

 COOLING
  YESTERDAY        0                         0      0        0
  MONTH TO DATE    0                         0      0        0
  SINCE MAR 1      0                         0      0        0
  SINCE JAN 1      0                         0      0        0
..................................................................


WIND (MPH)
  HIGHEST WIND SPEED    26   HIGHEST WIND DIRECTION     N (360)
  HIGHEST GUST SPEED    31   HIGHEST GUST DIRECTION     N (360)
  AVERAGE WIND SPEED     8.0


SKY COVER
  AVERAGE SKY COVER 1.0


WEATHER CONDITIONS
 THE FOLLOWING WEATHER WAS RECORDED YESTERDAY.
  SNOW
  LIGHT SNOW
  FOG
  HAZE


RELATIVE HUMIDITY (PERCENT)
 HIGHEST    91           900 PM
 LOWEST     73           100 PM
 AVERAGE    82

..........................................................


THE RAWLINS WY AIRPORT CLIMATE NORMALS FOR TODAY
                         NORMAL    RECORD    YEAR
 MAXIMUM TEMPERATURE (F)   39        56      2009
                                             1986
 MINIMUM TEMPERATURE (F)   18       -18      1989


SUNRISE AND SUNSET
MARCH  4 2015.........SUNRISE   639 AM MST   SUNSET   603 PM MST
MARCH  5 2015.........SUNRISE   638 AM MST   SUNSET   604 PM MST


-  INDICATES NEGATIVE NUMBERS.
R  INDICATES RECORD WAS SET OR TIED.
MM INDICATES DATA IS MISSING.
T  INDICATES TRACE AMOUNT.




$$
