000
CDUS45 KCYS 280726
CLIRWL


CLIMATE REPORT
NATIONAL WEATHER SERVICE CHEYENNE WY
126 AM MDT SUN AUG 28 2016


...................................

...THE RAWLINS WY AIRPORT CLIMATE SUMMARY FOR AUGUST 27 2016...

CLIMATE NORMAL PERIOD 1981 TO 2010
CLIMATE RECORD PERIOD 1951 TO 2016


WEATHER ITEM   OBSERVED TIME   RECORD YEAR NORMAL DEPARTURE LAST
                VALUE   (LST)  VALUE       VALUE  FROM      YEAR
                                                  NORMAL
..................................................................
TEMPERATURE (F)
 YESTERDAY
  MAXIMUM         79    257 PM  90    2011  79      0       73
                                      2001
  MINIMUM         49    528 AM  34    1976  47      2       56
  AVERAGE         64                        63      1       65

PRECIPITATION (IN)
  YESTERDAY        0.00          0.37 2006   0.02  -0.02     0.14
  MONTH TO DATE    0.08                      0.66  -0.58     0.48
  SINCE JAN 1      6.14                      6.45  -0.31     8.30

DEGREE DAYS
 HEATING
  YESTERDAY        1                         3     -2        0
  MONTH TO DATE   72                        44     28       42
  SINCE JUN 1    142                       269   -127      145
  SINCE JUL 1     88                        79      9       79

 COOLING
  YESTERDAY        0                         1     -1        0
  MONTH TO DATE   56                        60     -4       70
  SINCE JUN 1    220                       177     43      192
  SINCE JAN 1    220                       177     43      192
..................................................................


WIND (MPH)
  HIGHEST WIND SPEED    25   HIGHEST WIND DIRECTION    SW (240)
  HIGHEST GUST SPEED    36   HIGHEST GUST DIRECTION    SW (220)
  AVERAGE WIND SPEED    12.8


SKY COVER
  AVERAGE SKY COVER 0.0


WEATHER CONDITIONS
 THE FOLLOWING WEATHER WAS RECORDED YESTERDAY.
  NO SIGNIFICANT WEATHER WAS OBSERVED.


RELATIVE HUMIDITY (PERCENT)
 HIGHEST    61           600 AM
 LOWEST     12           300 PM
 AVERAGE    37

..........................................................


THE RAWLINS WY AIRPORT CLIMATE NORMALS FOR TODAY
                         NORMAL    RECORD    YEAR
 MAXIMUM TEMPERATURE (F)   79        90      2012
                                             1996
 MINIMUM TEMPERATURE (F)   46        35      2004


SUNRISE AND SUNSET
AUGUST 28 2016........SUNRISE   631 AM MDT   SUNSET   748 PM MDT
AUGUST 29 2016........SUNRISE   632 AM MDT   SUNSET   746 PM MDT


-  INDICATES NEGATIVE NUMBERS.
R  INDICATES RECORD WAS SET OR TIED.
MM INDICATES DATA IS MISSING.
T  INDICATES TRACE AMOUNT.




$$
