000
CDUS45 KCYS 280730
CLIRWL


CLIMATE REPORT
NATIONAL WEATHER SERVICE CHEYENNE WY
129 AM MDT SAT MAR 28 2015


...................................

...THE RAWLINS WY AIRPORT CLIMATE SUMMARY FOR MARCH 27 2015...

CLIMATE NORMAL PERIOD 1981 TO 2010
CLIMATE RECORD PERIOD 1951 TO 2015


WEATHER ITEM   OBSERVED TIME   RECORD YEAR NORMAL DEPARTURE LAST
                VALUE   (LST)  VALUE       VALUE  FROM      YEAR
                                                  NORMAL
..................................................................
TEMPERATURE (F)
 YESTERDAY
  MAXIMUM         66R   331 PM  66    2007  47     19       46
  MINIMUM         33    445 AM -10    2009  23     10       25
  AVERAGE         50                        35     15       36

PRECIPITATION (IN)
  YESTERDAY        0.00          0.44 1979   0.03  -0.03     0.02
  MONTH TO DATE    0.49                      0.57  -0.08     0.49
  SINCE JAN 1      0.89                      1.35  -0.46     0.95

DEGREE DAYS
 HEATING
  YESTERDAY       15                        30    -15       29
  MONTH TO DATE  761                       898   -137      834
  SINCE MAR 1    761                       898   -137      834
  SINCE JUL 1   5992                      6855   -863     6598

 COOLING
  YESTERDAY        0                         0      0        0
  MONTH TO DATE    0                         0      0        0
  SINCE MAR 1      0                         0      0        0
  SINCE JAN 1      0                         0      0        0
..................................................................


WIND (MPH)
  HIGHEST WIND SPEED    25   HIGHEST WIND DIRECTION     W (280)
  HIGHEST GUST SPEED    34   HIGHEST GUST DIRECTION     W (280)
  AVERAGE WIND SPEED    11.6


SKY COVER
  AVERAGE SKY COVER 0.1


WEATHER CONDITIONS
 THE FOLLOWING WEATHER WAS RECORDED YESTERDAY.
  NO SIGNIFICANT WEATHER WAS OBSERVED.


RELATIVE HUMIDITY (PERCENT)
 HIGHEST    75           400 AM
 LOWEST     16           500 PM
 AVERAGE    46

..........................................................


THE RAWLINS WY AIRPORT CLIMATE NORMALS FOR TODAY
                         NORMAL    RECORD    YEAR
 MAXIMUM TEMPERATURE (F)   48        68      1986
 MINIMUM TEMPERATURE (F)   23        -2      1987


SUNRISE AND SUNSET
MARCH 28 2015.........SUNRISE   659 AM MDT   SUNSET   730 PM MDT
MARCH 29 2015.........SUNRISE   657 AM MDT   SUNSET   731 PM MDT


-  INDICATES NEGATIVE NUMBERS.
R  INDICATES RECORD WAS SET OR TIED.
MM INDICATES DATA IS MISSING.
T  INDICATES TRACE AMOUNT.




$$
