000
CDUS45 KPIH 240729
CLIRXE


CLIMATE REPORT
NATIONAL WEATHER SERVICE POCATELLO ID
129 AM MDT SUN JUL 24 2016


...................................

...THE REXBURG ID CLIMATE SUMMARY FOR JULY 23 2016...

CLIMATE NORMAL PERIOD 1981 TO 2010
CLIMATE RECORD PERIOD 1998 TO 2016


WEATHER ITEM   OBSERVED TIME   RECORD YEAR NORMAL DEPARTURE LAST
                VALUE   (LST)  VALUE       VALUE  FROM      YEAR
                                                  NORMAL
..................................................................
TEMPERATURE (F)
 YESTERDAY
  MAXIMUM         82    441 PM  99    2007  86     -4       81
  MINIMUM         47    559 AM  46    2011  51     -4       58
                                      1999
  AVERAGE         65                        69     -4       70

PRECIPITATION (IN)
  YESTERDAY        0.00         MM      MM   0.02  -0.02     0.13
  MONTH TO DATE    0.15                      0.56  -0.41     0.74
  SINCE OCT 1      9.07                     11.01  -1.94     9.18
  SINCE JAN 1      5.91                      7.80  -1.89     6.41

SNOWFALL (IN)
  YESTERDAY       MM
  MONTH TO DATE   MM
  SINCE JUN 1     MM
  SINCE JUL 1     MM
  SNOW DEPTH      MM

DEGREE DAYS
 HEATING
  YESTERDAY        0                         0      0        0
  MONTH TO DATE   34                        27      7       16
  SINCE JUN 1    104                       199    -95       56
  SINCE JUL 1     34                        27      7       16

 COOLING
  YESTERDAY        0                         4     -4        5
  MONTH TO DATE   68                        57     11       80
  SINCE JUN 1    120                        75     45      169
  SINCE JAN 1    120                        79     41      169
..................................................................


WIND (MPH)
  HIGHEST WIND SPEED    18   HIGHEST WIND DIRECTION     S (190)
  HIGHEST GUST SPEED    24   HIGHEST GUST DIRECTION     S (200)
  AVERAGE WIND SPEED     9.6


SKY COVER
  POSSIBLE SUNSHINE  MM
  AVERAGE SKY COVER 0.0


WEATHER CONDITIONS
 THE FOLLOWING WEATHER WAS RECORDED YESTERDAY.
  NO SIGNIFICANT WEATHER WAS OBSERVED.


RELATIVE HUMIDITY (PERCENT)
 HIGHEST    71           600 AM
 LOWEST     17           600 PM
 AVERAGE    44

..........................................................


THE REXBURG ID CLIMATE NORMALS FOR TODAY
                         NORMAL    RECORD    YEAR
 MAXIMUM TEMPERATURE (F)   86        95      2003
 MINIMUM TEMPERATURE (F)   51        46      2011
                                             2010
                                             2000


SUNRISE AND SUNSET
JULY 24 2016..........SUNRISE   608 AM MDT   SUNSET   859 PM MDT
JULY 25 2016..........SUNRISE   609 AM MDT   SUNSET   858 PM MDT


-  INDICATES NEGATIVE NUMBERS.
R  INDICATES RECORD WAS SET OR TIED.
MM INDICATES DATA IS MISSING.
T  INDICATES TRACE AMOUNT.




$$
