412
CDUS45 KPIH 220729
CLIRXE


CLIMATE REPORT
NATIONAL WEATHER SERVICE POCATELLO ID
129 AM MDT SUN OCT 22 2017


...................................

...THE REXBURG ID CLIMATE SUMMARY FOR OCTOBER 21 2017...

CLIMATE NORMAL PERIOD 1981 TO 2010
CLIMATE RECORD PERIOD 1998 TO 2017


WEATHER ITEM   OBSERVED TIME   RECORD YEAR NORMAL DEPARTURE LAST
                VALUE   (LST)  VALUE       VALUE  FROM      YEAR
                                                  NORMAL
..................................................................
TEMPERATURE (F)
 YESTERDAY
  MAXIMUM         42    629 PM  75    2003  56    -14       60
  MINIMUM         31    923 AM  23    1998  30      1       28
  AVERAGE         37                        43     -6       44

PRECIPITATION (IN)
  YESTERDAY        0.04         MM      MM   0.03   0.01     0.00
  MONTH TO DATE    0.43                      0.77  -0.34     1.97
  SINCE OCT 1      0.43                      0.77  -0.34     1.97
  SINCE JAN 1     10.79                     10.65   0.14     9.70

SNOWFALL (IN)
  YESTERDAY       MM
  MONTH TO DATE   MM
  SINCE SEP 1     MM
  SINCE JUL 1     MM
  SNOW DEPTH      MM

DEGREE DAYS
 HEATING
  YESTERDAY       28                        22      6       21
  MONTH TO DATE  489                       386    103      392
  SINCE SEP 1    775                       671    104      648
  SINCE JUL 1    788                       744     44      712

 COOLING
  YESTERDAY        0                         0      0        0
  MONTH TO DATE    0                         0      0        0
  SINCE SEP 1     38                         6     32       14
  SINCE JAN 1    347                       208    139      261
..................................................................


WIND (MPH)
  HIGHEST WIND SPEED    22   HIGHEST WIND DIRECTION    SW (220)
  HIGHEST GUST SPEED    30   HIGHEST GUST DIRECTION    SW (210)
  AVERAGE WIND SPEED    13.4


SKY COVER
  POSSIBLE SUNSHINE  MM
  AVERAGE SKY COVER 0.8


WEATHER CONDITIONS
 THE FOLLOWING WEATHER WAS RECORDED YESTERDAY.
  LIGHT RAIN
  LIGHT SNOW
  FOG


RELATIVE HUMIDITY (PERCENT)
 HIGHEST    92           400 AM
 LOWEST     45           300 PM
 AVERAGE    69

..........................................................


THE REXBURG ID CLIMATE NORMALS FOR TODAY
                         NORMAL    RECORD    YEAR
 MAXIMUM TEMPERATURE (F)   56        77      2003
 MINIMUM TEMPERATURE (F)   30        17      2008


SUNRISE AND SUNSET
OCTOBER 22 2017.......SUNRISE   751 AM MDT   SUNSET   632 PM MDT
OCTOBER 23 2017.......SUNRISE   752 AM MDT   SUNSET   630 PM MDT


-  INDICATES NEGATIVE NUMBERS.
R  INDICATES RECORD WAS SET OR TIED.
MM INDICATES DATA IS MISSING.
T  INDICATES TRACE AMOUNT.




$$
