000
CDUS45 KPIH 300741
CLIRXE


CLIMATE REPORT
NATIONAL WEATHER SERVICE POCATELLO ID
1239 AM MST FRI JAN 30 2015


...................................

...THE REXBURG ID CLIMATE SUMMARY FOR JANUARY 29 2015...

CLIMATE NORMAL PERIOD 1981 TO 2010
CLIMATE RECORD PERIOD 1998 TO 2015


WEATHER ITEM   OBSERVED TIME   RECORD YEAR NORMAL DEPARTURE LAST
                VALUE   (LST)  VALUE       VALUE  FROM      YEAR
                                                  NORMAL
..................................................................
TEMPERATURE (F)
 YESTERDAY
  MAXIMUM         37R   324 PM  37    2005  29      8       31
  MINIMUM         26   1152 PM  -7    2002  11     15       17
  AVERAGE         32                        20     12       24

PRECIPITATION (IN)
  YESTERDAY        0.00         MM      MM   0.02  -0.02     0.35
  MONTH TO DATE    0.72                      0.70   0.02     0.81
  SINCE OCT 1      3.49                      3.91  -0.42     2.67
  SINCE JAN 1      0.72                      0.70   0.02     0.81

SNOWFALL (IN)
  YESTERDAY       MM
  MONTH TO DATE   MM
  SINCE DEC 1     MM
  SINCE JUL 1     MM
  SNOW DEPTH      MM

DEGREE DAYS
 HEATING
  YESTERDAY       33                        45    -12       41
  MONTH TO DATE 1174                      1305   -131     1307
  SINCE DEC 1   2333                      2675   -342     2883
  SINCE JUL 1   4143                      4687   -544     4646

 COOLING
  YESTERDAY        0                         0      0        0
  MONTH TO DATE    0                         0      0        0
  SINCE DEC 1      0                         0      0        0
  SINCE JAN 1      0                         0      0        0
..................................................................


WIND (MPH)
  HIGHEST WIND SPEED     9   HIGHEST WIND DIRECTION    NE (60)
  HIGHEST GUST SPEED    13   HIGHEST GUST DIRECTION     E (70)
  AVERAGE WIND SPEED     4.8


SKY COVER
  POSSIBLE SUNSHINE  MM
  AVERAGE SKY COVER 0.4


WEATHER CONDITIONS
 THE FOLLOWING WEATHER WAS RECORDED YESTERDAY.
  FOG


RELATIVE HUMIDITY (PERCENT)
 HIGHEST   100          1200 AM
 LOWEST     70           300 PM
 AVERAGE    85

..........................................................


THE REXBURG ID CLIMATE NORMALS FOR TODAY
                         NORMAL    RECORD    YEAR
 MAXIMUM TEMPERATURE (F)   29        44      2003
 MINIMUM TEMPERATURE (F)   10       -16      2002


SUNRISE AND SUNSET
JANUARY 30 2015.......SUNRISE   746 AM MST   SUNSET   535 PM MST
JANUARY 31 2015.......SUNRISE   745 AM MST   SUNSET   536 PM MST


-  INDICATES NEGATIVE NUMBERS.
R  INDICATES RECORD WAS SET OR TIED.
MM INDICATES DATA IS MISSING.
T  INDICATES TRACE AMOUNT.




$$
