886
CDUS45 KPIH 290730
CLIRXE


CLIMATE REPORT
NATIONAL WEATHER SERVICE POCATELLO ID
129 AM MDT THU JUN 29 2017


...................................

...THE REXBURG ID CLIMATE SUMMARY FOR JUNE 28 2017...

CLIMATE NORMAL PERIOD 1981 TO 2010
CLIMATE RECORD PERIOD 1998 TO 2017


WEATHER ITEM   OBSERVED TIME   RECORD YEAR NORMAL DEPARTURE LAST
                VALUE   (LST)  VALUE       VALUE  FROM      YEAR
                                                  NORMAL
..................................................................
TEMPERATURE (F)
 YESTERDAY
  MAXIMUM         70    143 PM  96    2015  78     -8       91
  MINIMUM         51    321 AM  40    1999  48      3       52
  AVERAGE         61                        63     -2       72

PRECIPITATION (IN)
  YESTERDAY        0.04         MM      MM   0.02   0.02     0.00
  MONTH TO DATE    1.83                      1.34   0.49     0.05
  SINCE OCT 1     13.92                     10.42   3.50     8.91
  SINCE JAN 1      8.16                      7.21   0.95     5.75

SNOWFALL (IN)
  YESTERDAY       MM
  MONTH TO DATE   MM
  SINCE JUN 1     MM
  SINCE JUL 1     MM
  SNOW DEPTH      MM

DEGREE DAYS
 HEATING
  YESTERDAY        4                         3      1        0
  MONTH TO DATE  105                       165    -60       70
  SINCE JUN 1    105                       165    -60       70
  SINCE JUL 1   7646                      8123   -477     7374

 COOLING
  YESTERDAY        0                         1     -1        7
  MONTH TO DATE   31                        16     15       38
  SINCE JUN 1     31                        16     15       38
  SINCE JAN 1     32                        20     12       38
..................................................................


WIND (MPH)
  HIGHEST WIND SPEED    26   HIGHEST WIND DIRECTION    SW (230)
  HIGHEST GUST SPEED    34   HIGHEST GUST DIRECTION    SW (230)
  AVERAGE WIND SPEED     8.1


SKY COVER
  POSSIBLE SUNSHINE  MM
  AVERAGE SKY COVER 0.3


WEATHER CONDITIONS
 THE FOLLOWING WEATHER WAS RECORDED YESTERDAY.
  THUNDERSTORM
  LIGHT RAIN
  FOG


RELATIVE HUMIDITY (PERCENT)
 HIGHEST    89           200 AM
 LOWEST     42           600 PM
 AVERAGE    66

..........................................................


THE REXBURG ID CLIMATE NORMALS FOR TODAY
                         NORMAL    RECORD    YEAR
 MAXIMUM TEMPERATURE (F)   78        96      2015
                                             2013
 MINIMUM TEMPERATURE (F)   48        41      2014


SUNRISE AND SUNSET
JUNE 29 2017..........SUNRISE   548 AM MDT   SUNSET   913 PM MDT
JUNE 30 2017..........SUNRISE   549 AM MDT   SUNSET   913 PM MDT


-  INDICATES NEGATIVE NUMBERS.
R  INDICATES RECORD WAS SET OR TIED.
MM INDICATES DATA IS MISSING.
T  INDICATES TRACE AMOUNT.




$$
