470
CDUS45 KPIH 300735
CLIRXE


CLIMATE REPORT
NATIONAL WEATHER SERVICE POCATELLO ID
134 AM MDT TUE AUG 30 2016


...................................

...THE REXBURG ID CLIMATE SUMMARY FOR AUGUST 29 2016...

CLIMATE NORMAL PERIOD 1981 TO 2010
CLIMATE RECORD PERIOD 1998 TO 2016


WEATHER ITEM   OBSERVED TIME   RECORD YEAR NORMAL DEPARTURE LAST
                VALUE   (LST)  VALUE       VALUE  FROM      YEAR
                                                  NORMAL
..................................................................
TEMPERATURE (F)
 YESTERDAY
  MAXIMUM         89    341 PM  92    2015  80      9       92
  MINIMUM         MM        MM  41    2004  46     MM       56
  AVERAGE         MM                        63     MM       74

PRECIPITATION (IN)
  YESTERDAY        0.00         MM      MM   0.04  -0.04     0.02
  MONTH TO DATE    0.04                      0.88  -0.84     0.55
  SINCE OCT 1      9.11                     12.05  -2.94     9.91
  SINCE JAN 1      5.95                      8.84  -2.89     7.14

SNOWFALL (IN)
  YESTERDAY       MM
  MONTH TO DATE   MM
  SINCE JUN 1     MM
  SINCE JUL 1     MM
  SNOW DEPTH      MM

DEGREE DAYS
 HEATING
  YESTERDAY       MM                         3     MM        0
  MONTH TO DATE   30                        34     -4       26
  SINCE JUN 1    134                       236   -102      110
  SINCE JUL 1     64                        64      0       70

 COOLING
  YESTERDAY       MM                         1     MM        9
  MONTH TO DATE   64                        83    -19      101
  SINCE JUN 1    236                       193     43      286
  SINCE JAN 1    236                       197     39      286
..................................................................


WIND (MPH)
  HIGHEST WIND SPEED    14   HIGHEST WIND DIRECTION     W (280)
  HIGHEST GUST SPEED    17   HIGHEST GUST DIRECTION     W (250)
  AVERAGE WIND SPEED     4.5


SKY COVER
  POSSIBLE SUNSHINE  MM
  AVERAGE SKY COVER 0.0


WEATHER CONDITIONS
 THE FOLLOWING WEATHER WAS RECORDED YESTERDAY.
  NO SIGNIFICANT WEATHER WAS OBSERVED.


RELATIVE HUMIDITY (PERCENT)
 HIGHEST    71           600 AM
 LOWEST     11           400 PM
 AVERAGE    41

..........................................................


THE REXBURG ID CLIMATE NORMALS FOR TODAY
                         NORMAL    RECORD    YEAR
 MAXIMUM TEMPERATURE (F)   79        91      2008
                                             2007
 MINIMUM TEMPERATURE (F)   45        41      2005


SUNRISE AND SUNSET
AUGUST 30 2016........SUNRISE   649 AM MDT   SUNSET   805 PM MDT
AUGUST 31 2016........SUNRISE   650 AM MDT   SUNSET   804 PM MDT


-  INDICATES NEGATIVE NUMBERS.
R  INDICATES RECORD WAS SET OR TIED.
MM INDICATES DATA IS MISSING.
T  INDICATES TRACE AMOUNT.




$$
