000
CDUS46 KSTO 180841
CLISAC

CLIMATE REPORT
NATIONAL WEATHER SERVICE SACRAMENTO, CA
1240 AM PST SAT NOV 18 2017


...................................

...THE SACRAMENTO EXEC. AIRPORT CA CLIMATE SUMMARY FOR NOVEMBER 17 2017...

CLIMATE NORMAL PERIOD 1981 TO 2010
CLIMATE RECORD PERIOD 1930 TO 2017


WEATHER ITEM   OBSERVED TIME   RECORD YEAR NORMAL DEPARTURE LAST
                VALUE   (LST)  VALUE       VALUE  FROM      YEAR
                                                  NORMAL
..................................................................
TEMPERATURE (F)
 YESTERDAY
  MAXIMUM         62    132 PM  76    1995  63     -1       62
                                      1967
  MINIMUM         44    710 AM  26    1961  42      2       36
  AVERAGE         53

PRECIPITATION (IN)
  YESTERDAY        0.08          0.92 1973   0.07   0.01     0.00
  MONTH TO DATE    1.94                      1.03   0.91     0.14
  SINCE OCT 1      2.09                      1.98   0.11     4.86
  SINCE JAN 1     25.72                     14.22  11.50    17.61

SNOWFALL (IN)
  YESTERDAY        0.0           0.0  2002   0.0             0.0
                                      2001
  MONTH TO DATE    0.0                       0.0             0.0
  SINCE SEP 1      0.0                       0.0             0.0
  SINCE JUL 1      0.0                       0.0             0.0

DEGREE DAYS
 HEATING
  YESTERDAY       12

 COOLING
  YESTERDAY        0
..................................................................


WIND (MPH)
  RESULTANT WIND SPEED   5   RESULTANT WIND DIRECTION  NW (320)
  HIGHEST WIND SPEED    17   HIGHEST WIND DIRECTION    NW (330)
  HIGHEST GUST SPEED    24   HIGHEST GUST DIRECTION    NW (320)


SKY COVER
  POSSIBLE SUNSHINE  MM
  AVERAGE SKY COVER 0.1


WEATHER CONDITIONS
 THE FOLLOWING WEATHER WAS RECORDED YESTERDAY.
  RAIN
  LIGHT RAIN
  FOG


RELATIVE HUMIDITY (PERCENT)
 HIGHEST   100
 LOWEST     51
 AVERAGE    76

..........................................................


THE SACRAMENTO EXEC. AIRPORT CA CLIMATE NORMALS FOR TODAY
                         NORMAL    RECORD    YEAR
 MAXIMUM TEMPERATURE (F)   63        75      2008
 MINIMUM TEMPERATURE (F)   42        30      2000


SUNRISE AND SUNSET
NOVEMBER 18 2017......SUNRISE   651 AM PST   SUNSET   451 PM PST
NOVEMBER 19 2017......SUNRISE   653 AM PST   SUNSET   450 PM PST


-  INDICATES NEGATIVE NUMBERS.
R  INDICATES RECORD WAS SET OR TIED.
MM INDICATES DATA IS MISSING.
T  INDICATES TRACE AMOUNT.

&&
....................................................................

SACRAMENTO CITY CLIMATE DATA FOR FRIDAY NOVEMBER 17 2017

HIGH...   61  RECORD HIGH    84 IN 1932    NORMAL    HIGH   63
LOW....   47  RECORD LOW     30 IN 1958    NORMAL    LOW    45

RAIN SINCE MIDNIGHT....  0.13   RECORD THIS DATE....... 3.02 IN 1885
TOTAL THIS MONTH.......  2.12   NORMAL SINCE OCT 1ST..........  2.26
TOTAL SINCE OCT 1ST....  2.26   PERCENT OF NORMAL.............  100%

$$
