000
CDUS46 KSTO 280846
CLISAC

CLIMATE REPORT
NATIONAL WEATHER SERVICE SACRAMENTO, CA
142 AM PDT TUE MAR 28 2017


...................................

...THE SACRAMENTO EXEC. AIRPORT CA CLIMATE SUMMARY FOR MARCH 27 2017...

CLIMATE NORMAL PERIOD 1981 TO 2010
CLIMATE RECORD PERIOD 1930 TO 2017


WEATHER ITEM   OBSERVED TIME   RECORD YEAR NORMAL DEPARTURE LAST
                VALUE   (LST)  VALUE       VALUE  FROM      YEAR
                                                  NORMAL
..................................................................
TEMPERATURE (F)
 YESTERDAY
  MAXIMUM         65    403 PM  83    2015  67     -2       70
  MINIMUM         43    545 AM  34    1991  45     -2       51
  AVERAGE         54

PRECIPITATION (IN)
  YESTERDAY        0.00          1.37 1963   0.06  -0.06     0.00
  MONTH TO DATE    2.38                      2.49  -0.11     5.07
  SINCE OCT 1     30.00                     15.88  14.12    14.77
  SINCE JAN 1     20.55                      9.60  10.95    11.33

SNOWFALL (IN)
  YESTERDAY        0.0          MM      MM   0.0             0.0
  MONTH TO DATE    0.0                       0.0             0.0
  SINCE MAR 1      0.0                       0.0             0.0
  SINCE JUL 1      0.0                       0.0             0.0

DEGREE DAYS
 HEATING
  YESTERDAY       11

 COOLING
  YESTERDAY        0
..................................................................


WIND (MPH)
  RESULTANT WIND SPEED   6   RESULTANT WIND DIRECTION  NW (310)
  HIGHEST WIND SPEED    20   HIGHEST WIND DIRECTION     N (350)
  HIGHEST GUST SPEED    25   HIGHEST GUST DIRECTION     N (350)


SKY COVER
  POSSIBLE SUNSHINE  MM
  AVERAGE SKY COVER 0.3


WEATHER CONDITIONS
 THE FOLLOWING WEATHER WAS RECORDED YESTERDAY.
  NO SIGNIFICANT WEATHER WAS OBSERVED.


RELATIVE HUMIDITY (PERCENT)
 HIGHEST   100
 LOWEST     43
 AVERAGE    72

..........................................................


THE SACRAMENTO EXEC. AIRPORT CA CLIMATE NORMALS FOR TODAY
                         NORMAL    RECORD    YEAR
 MAXIMUM TEMPERATURE (F)   67        84      2015
 MINIMUM TEMPERATURE (F)   45        34      1985


SUNRISE AND SUNSET
MARCH 28 2017.........SUNRISE   656 AM PDT   SUNSET   726 PM PDT
MARCH 29 2017.........SUNRISE   655 AM PDT   SUNSET   727 PM PDT


-  INDICATES NEGATIVE NUMBERS.
R  INDICATES RECORD WAS SET OR TIED.
MM INDICATES DATA IS MISSING.
T  INDICATES TRACE AMOUNT.




&&
....................................................................

SACRAMENTO CITY CLIMATE DATA FOR MONDAY MARCH 27 2017

HIGH...   66  RECORD HIGH    85 IN 2015    NORMAL    HIGH   68
LOW....   47  RECORD LOW     32 IN 1898    NORMAL    LOW    47

RAIN SINCE MIDNIGHT....  0.00   RECORD THIS DATE....... 1.33 IN 1963
TOTAL THIS MONTH.......  2.74   NORMAL SINCE OCT 1ST.........  17.36
TOTAL SINCE OCT 1ST... 30.28   PERCENT OF NORMAL.............  174%


$$
NNNN
