000
CDUS46 KSTO 300835
CLISAC

CLIMATE REPORT
NATIONAL WEATHER SERVICE SACRAMENTO, CA
134 AM PDT MON MAY 30 2016


...................................

...THE SACRAMENTO EXEC. AIRPORT CA CLIMATE SUMMARY FOR MAY 29 2016...

CLIMATE NORMAL PERIOD 1981 TO 2010
CLIMATE RECORD PERIOD 1930 TO 2016


WEATHER ITEM   OBSERVED TIME   RECORD YEAR NORMAL DEPARTURE LAST
                VALUE   (LST)  VALUE       VALUE  FROM      YEAR
                                                  NORMAL
..................................................................
TEMPERATURE (F)
 YESTERDAY
  MAXIMUM         92    254 PM 102    1973  83      9       88
  MINIMUM         59    530 AM  42    1985  53      6       53
  AVERAGE         76

PRECIPITATION (IN)
  YESTERDAY        0.00          0.27 1948   0.02  -0.02     0.00
  MONTH TO DATE    0.39                      0.65  -0.26     0.07
  SINCE OCT 1     16.19                     17.94  -1.75    15.34
  SINCE JAN 1     12.75                     11.66   1.09     4.96

SNOWFALL (IN)
  YESTERDAY        0.0          MM      MM   0.0             0.0
  MONTH TO DATE    0.0                       0.0             0.0
  SINCE MAR 1      0.0                       0.0             0.0
  SINCE JUL 1      0.0                       0.0             0.0

DEGREE DAYS
 HEATING
  YESTERDAY        0

 COOLING
  YESTERDAY       11
..................................................................


WIND (MPH)
  RESULTANT WIND SPEED   3   RESULTANT WIND DIRECTION  SW (220)
  HIGHEST WIND SPEED    17   HIGHEST WIND DIRECTION    SW (230)
  HIGHEST GUST SPEED    20   HIGHEST GUST DIRECTION    SW (210)


SKY COVER
  POSSIBLE SUNSHINE  MM
  AVERAGE SKY COVER 0.0


WEATHER CONDITIONS
 THE FOLLOWING WEATHER WAS RECORDED YESTERDAY.
  NO SIGNIFICANT WEATHER WAS OBSERVED.


RELATIVE HUMIDITY (PERCENT)
 HIGHEST    65
 LOWEST     18
 AVERAGE    42

..........................................................


THE SACRAMENTO EXEC. AIRPORT CA CLIMATE NORMALS FOR TODAY
                         NORMAL    RECORD    YEAR
 MAXIMUM TEMPERATURE (F)   83       100      2001
                                             1975
 MINIMUM TEMPERATURE (F)   53        45      1998
                                             1985


SUNRISE AND SUNSET
MAY 30 2016...........SUNRISE   544 AM PDT   SUNSET   823 PM PDT
MAY 31 2016...........SUNRISE   544 AM PDT   SUNSET   824 PM PDT


-  INDICATES NEGATIVE NUMBERS.
R  INDICATES RECORD WAS SET OR TIED.
MM INDICATES DATA IS MISSING.
T  INDICATES TRACE AMOUNT.




&&
....................................................................

SACRAMENTO CITY CLIMATE DATA FOR SUNDAY MAY 29 2016

HIGH...   94  RECORD HIGH   101 IN 1973    NORMAL    HIGH   84
LOW....   60  RECORD LOW     44 IN 1985    NORMAL    LOW    56

RAIN SINCE MIDNIGHT....  0.00   RECORD THIS DATE....... 0.26 IN 1948
TOTAL THIS MONTH.......  0.59   NORMAL SINCE OCT 1ST.........  19.67
TOTAL SINCE OCT 1ST... 16.97   PERCENT OF NORMAL.............  86%


$$
NNNN
