000
CDUS46 KSTO 220839
CLISAC

CLIMATE REPORT
NATIONAL WEATHER SERVICE SACRAMENTO, CA
136 AM PDT FRI MAY 22 2015

.................................................................

...THE SACRAMENTO EXEC. AIRPORT CA CLIMATE SUMMARY FOR MAY 21 2015...

CLIMATE NORMAL PERIOD 1981 TO 2010
CLIMATE RECORD PERIOD 1930 TO 2015


WEATHER ITEM   OBSERVED TIME   RECORD YEAR NORMAL DEPARTURE LAST
                VALUE   (LST)  VALUE       VALUE  FROM      YEAR
                                                  NORMAL
..................................................................
TEMPERATURE (F)
 YESTERDAY
  MAXIMUM         74    301 PM 102    2001  81     -7       86
  MINIMUM         53    520 AM  41    1960  52      1       53
  AVERAGE         64

PRECIPITATION (IN)
  YESTERDAY        0.00          0.18 2006   0.02  -0.02     0.00
  MONTH TO DATE    0.07                      0.50  -0.43      T
  SINCE OCT 1     15.34                     17.79  -2.45     9.20
  SINCE JAN 1      4.96                     11.51  -6.55     7.89

SNOWFALL (IN)
  YESTERDAY        0.0          MM      MM   0.0             0.0
  MONTH TO DATE    0.0                       0.0             0.0
  SINCE MAR 1      0.0                       0.0             0.0
  SINCE JUL 1      0.0                       0.0             0.0

DEGREE DAYS
 HEATING
  YESTERDAY        1

 COOLING
  YESTERDAY        0
..................................................................


WIND (MPH)
  RESULTANT WIND SPEED   7   RESULTANT WIND DIRECTION   S (200)
  HIGHEST WIND SPEED    20   HIGHEST WIND DIRECTION    SW (220)
  HIGHEST GUST SPEED    24   HIGHEST GUST DIRECTION    SW (230)


SKY COVER
  POSSIBLE SUNSHINE  MM
  AVERAGE SKY COVER 0.2


WEATHER CONDITIONS
 THE FOLLOWING WEATHER WAS RECORDED YESTERDAY.
  NO SIGNIFICANT WEATHER WAS OBSERVED.


RELATIVE HUMIDITY (PERCENT)
 HIGHEST    83
 LOWEST     44
 AVERAGE    64

..........................................................


THE SACRAMENTO EXEC. AIRPORT CA CLIMATE NORMALS FOR TODAY
                         NORMAL    RECORD    YEAR
 MAXIMUM TEMPERATURE (F)   82       101      1967
 MINIMUM TEMPERATURE (F)   52        38      1960


SUNRISE AND SUNSET
MAY 22 2015...........SUNRISE   549 AM PDT   SUNSET   817 PM PDT
MAY 23 2015...........SUNRISE   548 AM PDT   SUNSET   818 PM PDT


-  INDICATES NEGATIVE NUMBERS.
R  INDICATES RECORD WAS SET OR TIED.
MM INDICATES DATA IS MISSING.
T  INDICATES TRACE AMOUNT.

&&
....................................................................

SACRAMENTO CITY CLIMATE DATA FOR THURSDAY MAY 21 2015

HIGH...   75  RECORD HIGH   101 IN 2001    NORMAL    HIGH   82
LOW....   54  RECORD LOW     45 IN 1960    NORMAL    LOW    55

RAIN SINCE MIDNIGHT....  0.00   RECORD THIS DATE....... 0.45 IN 1939
TOTAL THIS MONTH.......  0.19   NORMAL SINCE OCT 1ST.........  19.51
TOTAL SINCE OCT 1ST...  13.73   PERCENT OF NORMAL.............  70%


$$
NNNN
