000
CDUS46 KSGX 301419
CLISAN


CLIMATE REPORT
NATIONAL WEATHER SERVICE SAN DIEGO, CA
717 AM PDT TUE JUN 30 2015


...................................

...THE SAN DIEGO/LINDBERGH FIELD CA CLIMATE SUMMARY FOR JUNE 29 2015...

CLIMATE NORMAL PERIOD 1981 TO 2010
CLIMATE RECORD PERIOD 1874 TO 2015


WEATHER ITEM   OBSERVED TIME   RECORD YEAR NORMAL DEPARTURE LAST
                VALUE   (LST)  VALUE       VALUE  FROM      YEAR
                                                  NORMAL
..................................................................
TEMPERATURE (F)
 YESTERDAY
  MAXIMUM         78   1202 PM  84    1980  73      5       72
  MINIMUM         69   1159 PM  56    1910  64      5       67
                                      1906
                                      1894
  AVERAGE         74                        68      6       70

PRECIPITATION (IN)
  YESTERDAY        0.00          0.16 1912   0.00   0.00     0.00
  MONTH TO DATE    T                         0.07  -0.07     0.00
  SINCE OCT 1      8.91                     10.14  -1.23     5.01
  SINCE JAN 1      4.04                      7.03  -2.99     2.82

SNOWFALL (IN)
  YESTERDAY        0.0
  MONTH TO DATE    0.0
  SINCE JUN 1      0.0
  SINCE JUL 1      0.0
  SNOW DEPTH       0

DEGREE DAYS
 HEATING
  YESTERDAY        0                         0      0        0
  MONTH TO DATE    1                        15    -14        0
  SINCE JUN 1      1                        15    -14        0
  SINCE JUL 1    442                      1222   -780      545

 COOLING
  YESTERDAY        9                         3      6        5
  MONTH TO DATE  115                        54     61      107
  SINCE JUN 1    115                        54     61      107
  SINCE JAN 1    298                       103    195      346
..................................................................


WIND (MPH)
  RESULTANT WIND SPEED   4   RESULTANT WIND DIRECTION   W (290)
  HIGHEST WIND SPEED    10   HIGHEST WIND DIRECTION    SW (220)
  HIGHEST GUST SPEED    13   HIGHEST GUST DIRECTION    SW (240)
  AVERAGE WIND SPEED     4.5


SKY COVER
  POSSIBLE SUNSHINE  MM
  AVERAGE SKY COVER 0.7


WEATHER CONDITIONS
 THE FOLLOWING WEATHER WAS RECORDED YESTERDAY.
  NO SIGNIFICANT WEATHER WAS OBSERVED.


RELATIVE HUMIDITY (PERCENT)
 HIGHEST    84           100 AM
 LOWEST     60          1200 PM
 AVERAGE    72

..........................................................


THE SAN DIEGO/LINDBERGH FIELD CA CLIMATE NORMALS FOR TODAY
                         NORMAL    RECORD    YEAR
 MAXIMUM TEMPERATURE (F)   73        96      1985
 MINIMUM TEMPERATURE (F)   64        54      1910
                                             1890


SUNRISE AND SUNSET
JUNE 30 2015..........SUNRISE   544 AM PDT   SUNSET   801 PM PDT
JULY  1 2015..........SUNRISE   544 AM PDT   SUNSET   801 PM PDT


-  INDICATES NEGATIVE NUMBERS.
R  INDICATES RECORD WAS SET OR TIED.
MM INDICATES DATA IS MISSING.
T  INDICATES TRACE AMOUNT.




$$
