000
CDUS46 KSGX 231250
CLISAN


CLIMATE REPORT
NATIONAL WEATHER SERVICE SAN DIEGO, CA
450 AM PST THU NOV 23 2017


...................................

...THE SAN DIEGO INTL AIRPORT CA CLIMATE SUMMARY FOR NOVEMBER 22 2017...

CLIMATE NORMAL PERIOD 1981 TO 2010
CLIMATE RECORD PERIOD 1874 TO 2017


WEATHER ITEM   OBSERVED TIME   RECORD YEAR NORMAL DEPARTURE LAST
                VALUE   (LST)  VALUE       VALUE  FROM      YEAR
                                                  NORMAL
..................................................................
TEMPERATURE (F)
 YESTERDAY
  MAXIMUM         92R   133 PM  84    2015  68     24       69
  MINIMUM         59    513 AM  40    1931  52      7       56
  AVERAGE         76                        60     16       63

PRECIPITATION (IN)
  YESTERDAY        0.00          1.53 1965   0.04  -0.04     0.00
  MONTH TO DATE    T                         0.68  -0.68     0.23
  SINCE OCT 1      T                         1.25  -1.25     0.30
  SINCE JAN 1      7.83                      8.48  -0.65     5.63

DEGREE DAYS
 HEATING
  YESTERDAY        0                         5     -5        2
  MONTH TO DATE   10                        75    -65        9
  SINCE SEP 1     10                        95    -85        9
  SINCE JUL 1     10                        96    -86        9

 COOLING
  YESTERDAY       11                         0     11        0
  MONTH TO DATE   33                        11     22       81
  SINCE SEP 1    471                       250    221      481
  SINCE JAN 1   1174                       718    456     1163
..................................................................


WIND (MPH)
  RESULTANT WIND SPEED   3   RESULTANT WIND DIRECTION  NW (320)
  HIGHEST WIND SPEED    13   HIGHEST WIND DIRECTION    NW (320)
  HIGHEST GUST SPEED    15   HIGHEST GUST DIRECTION    NW (320)
  AVERAGE WIND SPEED     3.5


SKY COVER
  POSSIBLE SUNSHINE  MM
  AVERAGE SKY COVER 0.0


WEATHER CONDITIONS
 THE FOLLOWING WEATHER WAS RECORDED YESTERDAY.
  HAZE


RELATIVE HUMIDITY (PERCENT)
 HIGHEST    52          1200 AM
 LOWEST     15           200 PM
 AVERAGE    34

..........................................................


THE SAN DIEGO INTL AIRPORT CA CLIMATE NORMALS FOR TODAY
                         NORMAL    RECORD    YEAR
 MAXIMUM TEMPERATURE (F)   68        86      1950
                                             1924
 MINIMUM TEMPERATURE (F)   52        38      1931


SUNRISE AND SUNSET
NOVEMBER 23 2017......SUNRISE   626 AM PST   SUNSET   444 PM PST
NOVEMBER 24 2017......SUNRISE   627 AM PST   SUNSET   444 PM PST


-  INDICATES NEGATIVE NUMBERS.
R  INDICATES RECORD WAS SET OR TIED.
MM INDICATES DATA IS MISSING.
T  INDICATES TRACE AMOUNT.




$$
