000
CDUS46 KSGX 220019
CLISAN


CLIMATE REPORT
NATIONAL WEATHER SERVICE SAN DIEGO, CA
518 PM PDT FRI JUL 21 2017


...................................

...THE SAN DIEGO INTL AIRPORT CA CLIMATE SUMMARY FOR JULY 21 2017...
VALID TODAY AS OF 0500 PM LOCAL TIME.

CLIMATE NORMAL PERIOD 1981 TO 2010
CLIMATE RECORD PERIOD 1874 TO 2017


WEATHER ITEM   OBSERVED TIME   RECORD YEAR NORMAL DEPARTURE LAST
                VALUE   (LST)  VALUE       VALUE  FROM      YEAR
                                                  NORMAL
..................................................................
TEMPERATURE (F)
 TODAY
  MAXIMUM         78    322 PM  86    1877  75      3       84
  MINIMUM         69    613 AM  57    1894  66      3       69
  AVERAGE         74                        70      4       77

PRECIPITATION (IN)
  TODAY            0.00          0.02 1911   0.00   0.00     0.00
  MONTH TO DATE    T                         0.02  -0.02     0.00
  SINCE OCT 1     12.65                     10.16   2.49     7.86
  SINCE JAN 1      7.75                      7.05   0.70     5.01

DEGREE DAYS
 HEATING
  TODAY            0                         0      0        0
  MONTH TO DATE    0                         0      0        0
  SINCE JUN 1      9                        18     -9        0
  SINCE JUL 1      0                         0      0        0

 COOLING
  TODAY            9                         6      3       12
  MONTH TO DATE  170                        98     72      115
  SINCE JUN 1    268                       158    110      240
  SINCE JAN 1    360                       207    153      358
..................................................................


WIND (MPH)
  RESULTANT WIND SPEED   4   RESULTANT WIND DIRECTION  SW (230)
  HIGHEST WIND SPEED    12   HIGHEST WIND DIRECTION     W (280)
  HIGHEST GUST SPEED    16   HIGHEST GUST DIRECTION    NW (300)
  AVERAGE WIND SPEED     5.9


SKY COVER
  POSSIBLE SUNSHINE  MM
  AVERAGE SKY COVER 0.5


WEATHER CONDITIONS
 THE FOLLOWING WEATHER WAS RECORDED TODAY.
  NO SIGNIFICANT WEATHER WAS OBSERVED.


RELATIVE HUMIDITY (PERCENT)
 HIGHEST    78          1200 AM
 LOWEST     58           200 PM
 AVERAGE    68

..........................................................


THE SAN DIEGO INTL AIRPORT CA CLIMATE NORMALS FOR TOMORROW
                         NORMAL    RECORD    YEAR
 MAXIMUM TEMPERATURE (F)   75        99      2006
 MINIMUM TEMPERATURE (F)   66        59      1940
                                             1894
                                             1880


SUNRISE AND SUNSET
JULY 21 2017..........SUNRISE   556 AM PDT   SUNSET   754 PM PDT
JULY 22 2017..........SUNRISE   556 AM PDT   SUNSET   754 PM PDT


-  INDICATES NEGATIVE NUMBERS.
R  INDICATES RECORD WAS SET OR TIED.
MM INDICATES DATA IS MISSING.
T  INDICATES TRACE AMOUNT.




$$
