000
CDUS46 KSGX 081523
CLISAN


CLIMATE REPORT
NATIONAL WEATHER SERVICE SAN DIEGO, CA
723 AM PST THU DEC 8 2016


...................................

...THE SAN DIEGO INTL AIRPORT CA CLIMATE SUMMARY FOR DECEMBER 7 2016...

CLIMATE NORMAL PERIOD 1981 TO 2010
CLIMATE RECORD PERIOD 1874 TO 2016


WEATHER ITEM   OBSERVED TIME   RECORD YEAR NORMAL DEPARTURE LAST
                VALUE   (LST)  VALUE       VALUE  FROM      YEAR
                                                  NORMAL
..................................................................
TEMPERATURE (F)
 YESTERDAY
  MAXIMUM         64    255 PM  80    1989  65     -1       77
                                      1940
  MINIMUM         55   1159 PM  37    1891  49      6       52
  AVERAGE         60                        57      3       65

PRECIPITATION (IN)
  YESTERDAY        0.00          1.56 2009   0.04  -0.04     0.00
  MONTH TO DATE    0.00                      0.29  -0.29     0.00
  SINCE OCT 1      0.68                      1.87  -1.19     1.97
  SINCE JAN 1      6.01                      9.10  -3.09     9.01

DEGREE DAYS
 HEATING
  YESTERDAY        5                         8     -3        0
  MONTH TO DATE   48                        53     -5       18
  SINCE DEC 1     48                        53     -5       18
  SINCE JUL 1     98                       198   -100       87

 COOLING
  YESTERDAY        0                         0      0        0
  MONTH TO DATE    0                         0      0        0
  SINCE DEC 1      0                         0      0        0
  SINCE JAN 1   1163                       720    443     1564
..................................................................


WIND (MPH)
  RESULTANT WIND SPEED   2   RESULTANT WIND DIRECTION  SW (210)
  HIGHEST WIND SPEED    10   HIGHEST WIND DIRECTION     W (250)
  HIGHEST GUST SPEED    13   HIGHEST GUST DIRECTION     W (270)
  AVERAGE WIND SPEED     4.7


SKY COVER
  POSSIBLE SUNSHINE  MM
  AVERAGE SKY COVER 0.6


WEATHER CONDITIONS
 THE FOLLOWING WEATHER WAS RECORDED YESTERDAY.
  NO SIGNIFICANT WEATHER WAS OBSERVED.


RELATIVE HUMIDITY (PERCENT)
 HIGHEST    80           100 AM
 LOWEST     56           300 PM
 AVERAGE    68

..........................................................


THE SAN DIEGO INTL AIRPORT CA CLIMATE NORMALS FOR TODAY
                         NORMAL    RECORD    YEAR
 MAXIMUM TEMPERATURE (F)   65        84      1938
 MINIMUM TEMPERATURE (F)   49        34      1978


SUNRISE AND SUNSET
DECEMBER  8 2016......SUNRISE   639 AM PST   SUNSET   443 PM PST
DECEMBER  9 2016......SUNRISE   640 AM PST   SUNSET   443 PM PST


-  INDICATES NEGATIVE NUMBERS.
R  INDICATES RECORD WAS SET OR TIED.
MM INDICATES DATA IS MISSING.
T  INDICATES TRACE AMOUNT.




$$
