000
CDUS46 KSGX 081541
CLISAN


CLIMATE REPORT
NATIONAL WEATHER SERVICE SAN DIEGO, CA
741 AM PST MON FEB 8 2016


...................................

...THE SAN DIEGO/LINDBERGH FIELD CA CLIMATE SUMMARY FOR FEBRUARY 7 2016...

CLIMATE NORMAL PERIOD 1981 TO 2010
CLIMATE RECORD PERIOD 1874 TO 2016


WEATHER ITEM   OBSERVED TIME   RECORD YEAR NORMAL DEPARTURE LAST
                VALUE   (LST)  VALUE       VALUE  FROM      YEAR
                                                  NORMAL
..................................................................
TEMPERATURE (F)
 YESTERDAY
  MAXIMUM         80    100 PM  88    1954  65     15       70
  MINIMUM         50    702 AM  37    1899  50      0       51
  AVERAGE         65                        58      7       61

PRECIPITATION (IN)
  YESTERDAY        0.00          1.41 2009   0.08  -0.08     0.00
  MONTH TO DATE    T                         0.50  -0.50     0.00
  SINCE OCT 1      6.06                      5.59   0.47     5.29
  SINCE JAN 1      3.21                      2.48   0.73     0.42

DEGREE DAYS
 HEATING
  YESTERDAY        0                         7     -7        4
  MONTH TO DATE   46                        55     -9       21
  SINCE DEC 1    447                       565   -118      275
  SINCE JUL 1    516                       710   -194      297

 COOLING
  YESTERDAY        0                         0      0        0
  MONTH TO DATE    0                         0      0        0
  SINCE DEC 1      0                         2     -2        4
  SINCE JAN 1      0                         2     -2        0
..................................................................


WIND (MPH)
  RESULTANT WIND SPEED   3   RESULTANT WIND DIRECTION  NW (330)
  HIGHEST WIND SPEED    13   HIGHEST WIND DIRECTION    NW (320)
  HIGHEST GUST SPEED    16   HIGHEST GUST DIRECTION    NW (320)
  AVERAGE WIND SPEED     3.5


SKY COVER
  POSSIBLE SUNSHINE  MM
  AVERAGE SKY COVER 0.1


WEATHER CONDITIONS
 THE FOLLOWING WEATHER WAS RECORDED YESTERDAY.
  NO SIGNIFICANT WEATHER WAS OBSERVED.


RELATIVE HUMIDITY (PERCENT)
 HIGHEST    41           200 AM
 LOWEST      7           100 PM
 AVERAGE    24

..........................................................


THE SAN DIEGO/LINDBERGH FIELD CA CLIMATE NORMALS FOR TODAY
                         NORMAL    RECORD    YEAR
 MAXIMUM TEMPERATURE (F)   65        85      1954
 MINIMUM TEMPERATURE (F)   50        37      1883


SUNRISE AND SUNSET
FEBRUARY  8 2016......SUNRISE   638 AM PST   SUNSET   528 PM PST
FEBRUARY  9 2016......SUNRISE   638 AM PST   SUNSET   528 PM PST


-  INDICATES NEGATIVE NUMBERS.
R  INDICATES RECORD WAS SET OR TIED.
MM INDICATES DATA IS MISSING.
T  INDICATES TRACE AMOUNT.




$$
