000
CDUS46 KSGX 260024
CLISAN


CLIMATE REPORT
NATIONAL WEATHER SERVICE SAN DIEGO, CA
524 PM PDT THU AUG 25 2016


...................................

...THE SAN DIEGO/LINDBERGH FIELD CA CLIMATE SUMMARY FOR AUGUST 25 2016...
VALID TODAY AS OF 0500 PM LOCAL TIME.

CLIMATE NORMAL PERIOD 1981 TO 2010
CLIMATE RECORD PERIOD 1874 TO 2016


WEATHER ITEM   OBSERVED TIME   RECORD YEAR NORMAL DEPARTURE LAST
                VALUE   (LST)  VALUE       VALUE  FROM      YEAR
                                                  NORMAL
..................................................................
TEMPERATURE (F)
 TODAY
  MAXIMUM         74    118 PM  89    1985  77     -3       79
                                      1981
  MINIMUM         66    518 AM  57    1906  67     -1       71
  AVERAGE         70                        72     -2       75

PRECIPITATION (IN)
  TODAY            0.00          0.18 1935   0.00   0.00     0.01
  MONTH TO DATE    0.00                      0.02  -0.02     0.01
  SINCE OCT 1      7.86                     10.19  -2.33    10.67
  SINCE JAN 1      5.01                      7.08  -2.07     5.80

DEGREE DAYS
 HEATING
  TODAY            0                         0      0        0
  MONTH TO DATE    0                         0      0        0
  SINCE JUN 1      0                        19    -19        1
  SINCE JUL 1      0                         1     -1        0

 COOLING
  TODAY            5                         7     -2       10
  MONTH TO DATE  206                       163     43      241
  SINCE JUN 1    522                       379    143      601
  SINCE JAN 1    640                       428    212      784
..................................................................


WIND (MPH)
  RESULTANT WIND SPEED   3   RESULTANT WIND DIRECTION   W (260)
  HIGHEST WIND SPEED    13   HIGHEST WIND DIRECTION    NW (300)
  HIGHEST GUST SPEED    17   HIGHEST GUST DIRECTION    SW (240)
  AVERAGE WIND SPEED     4.8


SKY COVER
  POSSIBLE SUNSHINE  MM
  AVERAGE SKY COVER 0.6


WEATHER CONDITIONS
 THE FOLLOWING WEATHER WAS RECORDED TODAY.
  NO SIGNIFICANT WEATHER WAS OBSERVED.


RELATIVE HUMIDITY (PERCENT)
 HIGHEST    87           100 AM
 LOWEST     61           100 PM
 AVERAGE    74

..........................................................


THE SAN DIEGO/LINDBERGH FIELD CA CLIMATE NORMALS FOR TOMORROW
                         NORMAL    RECORD    YEAR
 MAXIMUM TEMPERATURE (F)   77        92      1981
 MINIMUM TEMPERATURE (F)   67        58      1890


SUNRISE AND SUNSET
AUGUST 25 2016........SUNRISE   619 AM PDT   SUNSET   721 PM PDT
AUGUST 26 2016........SUNRISE   620 AM PDT   SUNSET   720 PM PDT


-  INDICATES NEGATIVE NUMBERS.
R  INDICATES RECORD WAS SET OR TIED.
MM INDICATES DATA IS MISSING.
T  INDICATES TRACE AMOUNT.




$$
