000
CDUS46 KSGX 181519
CLISAN


CLIMATE REPORT
NATIONAL WEATHER SERVICE SAN DIEGO, CA
718 AM PST WED JAN 18 2017


...................................

...THE SAN DIEGO INTL AIRPORT CA CLIMATE SUMMARY FOR JANUARY 17 2017...

CLIMATE NORMAL PERIOD 1981 TO 2010
CLIMATE RECORD PERIOD 1874 TO 2017


WEATHER ITEM   OBSERVED TIME   RECORD YEAR NORMAL DEPARTURE LAST
                VALUE   (LST)  VALUE       VALUE  FROM      YEAR
                                                  NORMAL
..................................................................
TEMPERATURE (F)
 YESTERDAY
  MAXIMUM         66    201 PM  86    1977  65      1       70
  MINIMUM         50    517 AM  34    1888  49      1       52
  AVERAGE         58                        57      1       61

PRECIPITATION (IN)
  YESTERDAY        0.00          1.55 1916   0.07  -0.07     0.00
  MONTH TO DATE    1.06                      1.11  -0.05     3.02
  SINCE OCT 1      5.96                      4.22   1.74     5.87
  SINCE JAN 1      1.06                      1.11  -0.05     3.02

DEGREE DAYS
 HEATING
  YESTERDAY        7                         8     -1        4
  MONTH TO DATE  105                       139    -34      132
  SINCE DEC 1    290                       401   -111      340
  SINCE JUL 1    340                       546   -206      409

 COOLING
  YESTERDAY        0                         0      0        0
  MONTH TO DATE    0                         0      0        0
  SINCE DEC 1      4                         0      4        0
  SINCE JAN 1      0                         0      0        0
..................................................................


WIND (MPH)
  RESULTANT WIND SPEED   2   RESULTANT WIND DIRECTION  NW (320)
  HIGHEST WIND SPEED    16   HIGHEST WIND DIRECTION    NW (300)
  HIGHEST GUST SPEED    21   HIGHEST GUST DIRECTION    NW (300)
  AVERAGE WIND SPEED     3.9


SKY COVER
  POSSIBLE SUNSHINE  MM
  AVERAGE SKY COVER 0.3


WEATHER CONDITIONS
 THE FOLLOWING WEATHER WAS RECORDED YESTERDAY.
  NO SIGNIFICANT WEATHER WAS OBSERVED.


RELATIVE HUMIDITY (PERCENT)
 HIGHEST    86           500 AM
 LOWEST     46           500 PM
 AVERAGE    66

..........................................................


THE SAN DIEGO INTL AIRPORT CA CLIMATE NORMALS FOR TODAY
                         NORMAL    RECORD    YEAR
 MAXIMUM TEMPERATURE (F)   65        81      2009
                                             2005
                                             1971
 MINIMUM TEMPERATURE (F)   49        34      1888


SUNRISE AND SUNSET
JANUARY 18 2017.......SUNRISE   650 AM PST   SUNSET   509 PM PST
JANUARY 19 2017.......SUNRISE   650 AM PST   SUNSET   509 PM PST


-  INDICATES NEGATIVE NUMBERS.
R  INDICATES RECORD WAS SET OR TIED.
MM INDICATES DATA IS MISSING.
T  INDICATES TRACE AMOUNT.




$$
