000
CDUS44 KEWX 292251
CLISAT


CLIMATE REPORT
NATIONAL WEATHER SERVICE AUSTIN/SAN ANTONIO, TX
550 PM CDT MON JUN 29 2015


...................................

...THE SAN ANTONIO CLIMATE SUMMARY FOR JUNE 29 2015...
VALID TODAY AS OF 550 PM LOCAL TIME.

CLIMATE NORMAL PERIOD 1981 TO 2010
CLIMATE RECORD PERIOD 1886 TO 2015


WEATHER ITEM   OBSERVED TIME   RECORD YEAR NORMAL DEPARTURE LAST
                VALUE   (LST)  VALUE       VALUE  FROM      YEAR
                                                  NORMAL
..................................................................
TEMPERATURE (F)
 TODAY
  MAXIMUM         93    321 PM 108    2013  93      0       94
  MINIMUM         77    629 AM  58    1985  74      3       77
  AVERAGE         85                        84      1       86

PRECIPITATION (IN)
  TODAY            0.00          3.23 1940   0.12  -0.12      T
  MONTH TO DATE    6.27                      4.03   2.24     5.38
  SINCE JUN 1      6.27                      4.03   2.24     5.38
  SINCE JAN 1     29.55                     16.00  13.55    12.74

SNOWFALL (IN)
  TODAY            0.0
  MONTH TO DATE    0.0
  SINCE JUN 1      0.0
  SINCE JUL 1      T
  SNOW DEPTH       0

DEGREE DAYS
 HEATING
  TODAY            0                         0      0        0
  MONTH TO DATE    0                         0      0        0
  SINCE JUN 1      0                         0      0        0
  SINCE JUL 1   1494                      1496     -2     1566

 COOLING
  TODAY           20                        19      1       21
  MONTH TO DATE  489                       505    -16      530
  SINCE JUN 1    489                       505    -16      530
  SINCE JAN 1   1134                      1134      0     1234
..................................................................


WIND (MPH)
  HIGHEST WIND SPEED    16   HIGHEST WIND DIRECTION    SE (140)
  HIGHEST GUST SPEED    20   HIGHEST GUST DIRECTION    SE (150)
  AVERAGE WIND SPEED     9.2


SKY COVER
  AVERAGE SKY COVER 0.5


WEATHER CONDITIONS
 THE FOLLOWING WEATHER WAS RECORDED TODAY.
  NO SIGNIFICANT WEATHER WAS OBSERVED.


RELATIVE HUMIDITY (PERCENT)
 HIGHEST    88           400 AM
 LOWEST     49           200 PM
 AVERAGE    69

..........................................................


THE SAN ANTONIO CLIMATE NORMALS FOR TOMORROW
                         NORMAL    RECORD    YEAR
 MAXIMUM TEMPERATURE (F)   94       105      1907
 MINIMUM TEMPERATURE (F)   74        60      1985


SUNRISE AND SUNSET
JUNE 29 2015..........SUNRISE   637 AM CDT   SUNSET   838 PM CDT
JUNE 30 2015..........SUNRISE   637 AM CDT   SUNSET   838 PM CDT


-  INDICATES NEGATIVE NUMBERS.
R  INDICATES RECORD WAS SET OR TIED.
MM INDICATES DATA IS MISSING.
T  INDICATES TRACE AMOUNT.




$$
