000
CDUS44 KEWX 280723
CLISAT


CLIMATE REPORT
NATIONAL WEATHER SERVICE AUSTIN/SAN ANTONIO, TX
222 AM CDT MON JUL 28 2014


...................................

...THE SAN ANTONIO CLIMATE SUMMARY FOR JULY 27 2014...

CLIMATE NORMAL PERIOD 1981 TO 2010
CLIMATE RECORD PERIOD 1886 TO 2014


WEATHER ITEM   OBSERVED TIME   RECORD YEAR NORMAL DEPARTURE LAST
                VALUE   (LST)  VALUE       VALUE  FROM      YEAR
                                                  NORMAL
..................................................................
TEMPERATURE (F)
 YESTERDAY
  MAXIMUM         98    518 PM 106    1954  96      2       95
  MINIMUM         74    416 AM  66    1903  75     -1       75
  AVERAGE         86                        85      1       85

PRECIPITATION (IN)
  YESTERDAY        0.00          1.98 1979   0.06  -0.06     0.05
  MONTH TO DATE    3.24                      2.51   0.73     0.73
  SINCE JUN 1      8.62                      6.65   1.97     2.75
  SINCE JAN 1     15.98                     18.62  -2.64    22.59

SNOWFALL (IN)
  YESTERDAY        0.0
  MONTH TO DATE    0.0
  SINCE JUN 1      0.0
  SINCE JUL 1      0.0
  SNOW DEPTH       0

DEGREE DAYS
 HEATING
  YESTERDAY        0                         0      0        0
  MONTH TO DATE    0                         0      0        0
  SINCE JUN 1      0                         0      0        0
  SINCE JUL 1      0                         0      0        0

 COOLING
  YESTERDAY       21                        20      1       20
  MONTH TO DATE  536                       526     10      560
  SINCE JUN 1   1087                      1049     38     1135
  SINCE JAN 1   1791                      1678    113     1752
..................................................................


WIND (MPH)
  HIGHEST WIND SPEED    20   HIGHEST WIND DIRECTION    SE (130)
  HIGHEST GUST SPEED    24   HIGHEST GUST DIRECTION    SE (140)
  AVERAGE WIND SPEED    10.5


SKY COVER
  AVERAGE SKY COVER 0.3


WEATHER CONDITIONS
 THE FOLLOWING WEATHER WAS RECORDED YESTERDAY.
  NO SIGNIFICANT WEATHER WAS OBSERVED.


RELATIVE HUMIDITY (PERCENT)
 HIGHEST    87           500 AM
 LOWEST     38           400 PM
 AVERAGE    63

..........................................................


THE SAN ANTONIO CLIMATE NORMALS FOR TODAY
                         NORMAL    RECORD    YEAR
 MAXIMUM TEMPERATURE (F)   96       103      1995
                                             1962
                                             1951
 MINIMUM TEMPERATURE (F)   75        67      1903


SUNRISE AND SUNSET
JULY 28 2014..........SUNRISE   651 AM CDT   SUNSET   829 PM CDT
JULY 29 2014..........SUNRISE   652 AM CDT   SUNSET   828 PM CDT


-  INDICATES NEGATIVE NUMBERS.
R  INDICATES RECORD WAS SET OR TIED.
MM INDICATES DATA IS MISSING.
T  INDICATES TRACE AMOUNT.




$$
