000
CDUS44 KEWX 041227
CLISAT


CLIMATE REPORT
NATIONAL WEATHER SERVICE AUSTIN/SAN ANTONIO, TX
626 AM CST WED MAR 4 2015


...................................

...THE SAN ANTONIO CLIMATE SUMMARY FOR MARCH 3 2015...

CLIMATE NORMAL PERIOD 1981 TO 2010
CLIMATE RECORD PERIOD 1886 TO 2015


WEATHER ITEM   OBSERVED TIME   RECORD YEAR NORMAL DEPARTURE LAST
                VALUE   (LST)  VALUE       VALUE  FROM      YEAR
                                                  NORMAL
..................................................................
TEMPERATURE (F)
 YESTERDAY
  MAXIMUM         60    459 PM  92    1901  70    -10       48
  MINIMUM         45    331 AM  21    1943  48     -3       27
  AVERAGE         53                        59     -6       38

PRECIPITATION (IN)
  YESTERDAY        0.13          2.50 1992   0.08   0.05     0.01
  MONTH TO DATE    0.19                      0.23  -0.04     0.01
  SINCE MAR 1      0.19                      0.23  -0.04     0.01
  SINCE JAN 1      4.39                      3.78   0.61     0.66

SNOWFALL (IN)
  YESTERDAY       MM
  MONTH TO DATE    0.0
  SINCE MAR 1      0.0
  SINCE JUL 1      T
  SNOW DEPTH       0

DEGREE DAYS
 HEATING
  YESTERDAY       12                         7      5       27
  MONTH TO DATE   53                        22     31       36
  SINCE MAR 1     53                        22     31       36
  SINCE JUL 1   1368                      1323     45     1370

 COOLING
  YESTERDAY        0                         1     -1        0
  MONTH TO DATE    0                         3     -3        2
  SINCE MAR 1      0                         3     -3        2
  SINCE JAN 1     13                        29    -16       67
..................................................................


WIND (MPH)
  HIGHEST WIND SPEED     7   HIGHEST WIND DIRECTION     E (110)
  HIGHEST GUST SPEED     9   HIGHEST GUST DIRECTION    SE (120)
  AVERAGE WIND SPEED     2.5


SKY COVER
  AVERAGE SKY COVER 1.0


WEATHER CONDITIONS
 THE FOLLOWING WEATHER WAS RECORDED YESTERDAY.
  LIGHT RAIN
  FOG
  FOG W/VISIBILITY <= 1/4 MILE


RELATIVE HUMIDITY (PERCENT)
 HIGHEST   100           200 AM
 LOWEST     86          1200 PM
 AVERAGE    93

..........................................................


THE SAN ANTONIO CLIMATE NORMALS FOR TODAY
                         NORMAL    RECORD    YEAR
 MAXIMUM TEMPERATURE (F)   71        95      1901
 MINIMUM TEMPERATURE (F)   48        19      2002


SUNRISE AND SUNSET
MARCH  4 2015.........SUNRISE   656 AM CST   SUNSET   635 PM CST
MARCH  5 2015.........SUNRISE   655 AM CST   SUNSET   636 PM CST


-  INDICATES NEGATIVE NUMBERS.
R  INDICATES RECORD WAS SET OR TIED.
MM INDICATES DATA IS MISSING.
T  INDICATES TRACE AMOUNT.




$$
