000
CDUS44 KEWX 242249
CLISAT


CLIMATE REPORT
NATIONAL WEATHER SERVICE AUSTIN/SAN ANTONIO, TX
547 PM CDT SAT JUN 24 2017


...................................

...THE SAN ANTONIO CLIMATE SUMMARY FOR JUNE 24 2017...
VALID TODAY AS OF 547 PM LOCAL TIME.

CLIMATE NORMAL PERIOD 1981 TO 2010
CLIMATE RECORD PERIOD 1886 TO 2017


WEATHER ITEM   OBSERVED TIME   RECORD YEAR NORMAL DEPARTURE LAST
                VALUE   (LST)  VALUE       VALUE  FROM      YEAR
                                                  NORMAL
..................................................................
TEMPERATURE (F)
 TODAY
  MAXIMUM         88   1123 AM 102    2009  93     -5       92
                                      1994
  MINIMUM         78    628 AM  63    1886  74      4       75
  AVERAGE         83                        83      0       84

PRECIPITATION (IN)
  TODAY            0.00          2.68 2001   0.14  -0.14     0.00
  MONTH TO DATE    0.27                      3.40  -3.13     2.38
  SINCE JUN 1      0.27                      3.40  -3.13     2.38
  SINCE JAN 1     13.34                     15.37  -2.03    24.20

SNOWFALL (IN)
  TODAY            0.0
  MONTH TO DATE    0.0
  SINCE JUN 1      0.0
  SINCE JUL 1      0.0
  SNOW DEPTH       0

DEGREE DAYS
 HEATING
  TODAY            0                         0      0        0
  MONTH TO DATE    0                         0      0        0
  SINCE JUN 1      0                         0      0        0
  SINCE JUL 1    778                      1496   -718     1038

 COOLING
  TODAY           18                        18      0       19
  MONTH TO DATE  446                       411     35      405
  SINCE JUN 1    446                       411     35      405
  SINCE JAN 1   1218                      1040    178     1030
..................................................................


WIND (MPH)
  HIGHEST WIND SPEED    23   HIGHEST WIND DIRECTION     E (80)
  HIGHEST GUST SPEED    29   HIGHEST GUST DIRECTION     E (70)
  AVERAGE WIND SPEED    10.6


SKY COVER
  AVERAGE SKY COVER 0.9


WEATHER CONDITIONS
 THE FOLLOWING WEATHER WAS RECORDED TODAY.
  THUNDERSTORM
  FOG
  HAZE


RELATIVE HUMIDITY (PERCENT)
 HIGHEST    91           700 AM
 LOWEST     51          1200 PM
 AVERAGE    71

..........................................................


THE SAN ANTONIO CLIMATE NORMALS FOR TOMORROW
                         NORMAL    RECORD    YEAR
 MAXIMUM TEMPERATURE (F)   93       103      2012
                                             2009
 MINIMUM TEMPERATURE (F)   74        59      1974


SUNRISE AND SUNSET
JUNE 24 2017..........SUNRISE   635 AM CDT   SUNSET   837 PM CDT
JUNE 25 2017..........SUNRISE   636 AM CDT   SUNSET   838 PM CDT


-  INDICATES NEGATIVE NUMBERS.
R  INDICATES RECORD WAS SET OR TIED.
MM INDICATES DATA IS MISSING.
T  INDICATES TRACE AMOUNT.




$$
