000
CDUS44 KEWX 192248
CLISAT


CLIMATE REPORT
NATIONAL WEATHER SERVICE AUSTIN/SAN ANTONIO, TX
546 PM CDT TUE AUG 19 2014


...................................

...THE SAN ANTONIO CLIMATE SUMMARY FOR AUGUST 19 2014...
VALID TODAY AS OF 546 PM LOCAL TIME.

CLIMATE NORMAL PERIOD 1981 TO 2010
CLIMATE RECORD PERIOD 1886 TO 2014


WEATHER ITEM   OBSERVED TIME   RECORD YEAR NORMAL DEPARTURE LAST
                VALUE   (LST)  VALUE       VALUE  FROM      YEAR
                                                  NORMAL
..................................................................
TEMPERATURE (F)
 TODAY
  MAXIMUM         98    353 PM 108    1986  96      2       97
  MINIMUM         77    522 AM  67    1992  75      2       74
  AVERAGE         88                        86      2       86

PRECIPITATION (IN)
  TODAY            0.00          2.36 2012   0.07  -0.07     0.00
  MONTH TO DATE    0.08                      1.01  -0.93     0.65
  SINCE JUN 1      8.71                      7.89   0.82     3.40
  SINCE JAN 1     16.07                     19.86  -3.79    23.24

SNOWFALL (IN)
  TODAY            0.0
  MONTH TO DATE    0.0
  SINCE JUN 1      0.0
  SINCE JUL 1      0.0
  SNOW DEPTH       0

DEGREE DAYS
 HEATING
  TODAY            0                         0      0        0
  MONTH TO DATE    0                         0      0        0
  SINCE JUN 1      0                         0      0        0
  SINCE JUL 1      0                         0      0        0

 COOLING
  TODAY           23                        21      2       21
  MONTH TO DATE  432                       399     33      468
  SINCE JUN 1   1607                      1530     77     1705
  SINCE JAN 1   2311                      2159    152     2322
..................................................................


WIND (MPH)
  HIGHEST WIND SPEED    22   HIGHEST WIND DIRECTION    SE (140)
  HIGHEST GUST SPEED    27   HIGHEST GUST DIRECTION    SE (140)
  AVERAGE WIND SPEED     8.5


SKY COVER
  AVERAGE SKY COVER 0.9


WEATHER CONDITIONS
 THE FOLLOWING WEATHER WAS RECORDED TODAY.
  NO SIGNIFICANT WEATHER WAS OBSERVED.


RELATIVE HUMIDITY (PERCENT)
 HIGHEST    69           400 AM
 LOWEST     29           400 PM
 AVERAGE    49

..........................................................


THE SAN ANTONIO CLIMATE NORMALS FOR TOMORROW
                         NORMAL    RECORD    YEAR
 MAXIMUM TEMPERATURE (F)   96       107      1909
 MINIMUM TEMPERATURE (F)   75        65      1940


SUNRISE AND SUNSET
AUGUST 19 2014........SUNRISE   704 AM CDT   SUNSET   810 PM CDT
AUGUST 20 2014........SUNRISE   705 AM CDT   SUNSET   809 PM CDT


-  INDICATES NEGATIVE NUMBERS.
R  INDICATES RECORD WAS SET OR TIED.
MM INDICATES DATA IS MISSING.
T  INDICATES TRACE AMOUNT.




$$
