000
CDUS44 KEWX 170725
CLISAT


CLIMATE REPORT
NATIONAL WEATHER SERVICE AUSTIN/SAN ANTONIO, TX
225 AM CDT THU AUG 17 2017


...................................

...THE SAN ANTONIO CLIMATE SUMMARY FOR AUGUST 16 2017...

CLIMATE NORMAL PERIOD 1981 TO 2010
CLIMATE RECORD PERIOD 1886 TO 2017


WEATHER ITEM   OBSERVED TIME   RECORD YEAR NORMAL DEPARTURE LAST
                VALUE   (LST)  VALUE       VALUE  FROM      YEAR
                                                  NORMAL
..................................................................
TEMPERATURE (F)
 YESTERDAY
  MAXIMUM         97    530 PM 103    1969  97      0       87
  MINIMUM         79    332 AM  63    2004  75      4       73
  AVERAGE         88                        86      2       80

PRECIPITATION (IN)
  YESTERDAY        0.00          5.73 2007   0.06  -0.06     0.55
  MONTH TO DATE    3.68                      0.81   2.87     2.63
  SINCE JUN 1      4.24                      7.69  -3.45     5.35
  SINCE JAN 1     17.31                     19.66  -2.35    27.17

SNOWFALL (IN)
  YESTERDAY        0.0
  MONTH TO DATE    0.0
  SINCE JUN 1      0.0
  SINCE JUL 1      0.0
  SNOW DEPTH       0

DEGREE DAYS
 HEATING
  YESTERDAY        0                         0      0        0
  MONTH TO DATE    0                         0      0        0
  SINCE JUN 1      0                         0      0        0
  SINCE JUL 1      0                         0      0        0

 COOLING
  YESTERDAY       23                        21      2       15
  MONTH TO DATE  343                       336      7      335
  SINCE JUN 1   1605                      1467    138     1543
  SINCE JAN 1   2377                      2096    281     2168
..................................................................


WIND (MPH)
  HIGHEST WIND SPEED    23   HIGHEST WIND DIRECTION    SE (130)
  HIGHEST GUST SPEED    28   HIGHEST GUST DIRECTION    SE (140)
  AVERAGE WIND SPEED    13.2


SKY COVER
  AVERAGE SKY COVER 0.5


WEATHER CONDITIONS
 THE FOLLOWING WEATHER WAS RECORDED YESTERDAY.
  NO SIGNIFICANT WEATHER WAS OBSERVED.


RELATIVE HUMIDITY (PERCENT)
 HIGHEST    85           300 AM
 LOWEST     38           500 PM
 AVERAGE    62

..........................................................


THE SAN ANTONIO CLIMATE NORMALS FOR TODAY
                         NORMAL    RECORD    YEAR
 MAXIMUM TEMPERATURE (F)   96       104      1969
                                             1951
                                             1943
 MINIMUM TEMPERATURE (F)   75        66      1885


SUNRISE AND SUNSET
AUGUST 17 2017........SUNRISE   703 AM CDT   SUNSET   812 PM CDT
AUGUST 18 2017........SUNRISE   704 AM CDT   SUNSET   811 PM CDT


-  INDICATES NEGATIVE NUMBERS.
R  INDICATES RECORD WAS SET OR TIED.
MM INDICATES DATA IS MISSING.
T  INDICATES TRACE AMOUNT.




$$
