000
CDUS44 KEWX 250721
CLISAT


CLIMATE REPORT
NATIONAL WEATHER SERVICE AUSTIN/SAN ANTONIO, TX
120 AM CST SUN JAN 25 2015


...................................

...THE SAN ANTONIO CLIMATE SUMMARY FOR JANUARY 24 2015...

CLIMATE NORMAL PERIOD 1981 TO 2010
CLIMATE RECORD PERIOD 1886 TO 2015


WEATHER ITEM   OBSERVED TIME   RECORD YEAR NORMAL DEPARTURE LAST
                VALUE   (LST)  VALUE       VALUE  FROM      YEAR
                                                  NORMAL
..................................................................
TEMPERATURE (F)
 YESTERDAY
  MAXIMUM         64    425 PM  85    1971  63      1       40
  MINIMUM         33    735 AM  15    1963  41     -8       27
  AVERAGE         49                        52     -3       34

PRECIPITATION (IN)
  YESTERDAY        0.00          0.96 1889   0.07  -0.07     0.03
  MONTH TO DATE    3.38                      1.34   2.04     0.23
  SINCE DEC 1      4.62                      3.25   1.37     0.78
  SINCE JAN 1      3.38                      1.34   2.04     0.23

SNOWFALL (IN)
  YESTERDAY        0.0
  MONTH TO DATE    0.0
  SINCE DEC 1      0.0
  SINCE JUL 1      0.0
  SNOW DEPTH       0

DEGREE DAYS
 HEATING
  YESTERDAY       16                        13      3       31
  MONTH TO DATE  431                       329    102      321
  SINCE DEC 1    687                       720    -33      733
  SINCE JUL 1    934                       931      3      961

 COOLING
  YESTERDAY        0                         0      0        0
  MONTH TO DATE    0                         0      0        1
  SINCE DEC 1      7                        14     -7       19
  SINCE JAN 1      0                         0      0        1
..................................................................


WIND (MPH)
  HIGHEST WIND SPEED    12   HIGHEST WIND DIRECTION     S (170)
  HIGHEST GUST SPEED    14   HIGHEST GUST DIRECTION     W (270)
  AVERAGE WIND SPEED     4.6


SKY COVER
  AVERAGE SKY COVER 0.5


WEATHER CONDITIONS
 THE FOLLOWING WEATHER WAS RECORDED YESTERDAY.
  NO SIGNIFICANT WEATHER WAS OBSERVED.


RELATIVE HUMIDITY (PERCENT)
 HIGHEST    96           300 AM
 LOWEST     30           400 PM
 AVERAGE    63

..........................................................


THE SAN ANTONIO CLIMATE NORMALS FOR TODAY
                         NORMAL    RECORD    YEAR
 MAXIMUM TEMPERATURE (F)   64        87      1971
 MINIMUM TEMPERATURE (F)   41        16      1894


SUNRISE AND SUNSET
JANUARY 25 2015.......SUNRISE   727 AM CST   SUNSET   606 PM CST
JANUARY 26 2015.......SUNRISE   726 AM CST   SUNSET   607 PM CST


-  INDICATES NEGATIVE NUMBERS.
R  INDICATES RECORD WAS SET OR TIED.
MM INDICATES DATA IS MISSING.
T  INDICATES TRACE AMOUNT.




$$
