000
CDUS42 KCHS 280611
CLISAV


CLIMATE REPORT
NATIONAL WEATHER SERVICE CHARLESTON SC
210 AM EDT THU JUL 28 2016


...................................

...THE SAVANNAH GA CLIMATE SUMMARY FOR JULY 27 2016...

CLIMATE NORMAL PERIOD 1981 TO 2010
CLIMATE RECORD PERIOD 1871 TO 2016


WEATHER ITEM   OBSERVED TIME   RECORD YEAR NORMAL DEPARTURE LAST
                VALUE   (LST)  VALUE       VALUE  FROM      YEAR
                                                  NORMAL
..................................................................
TEMPERATURE (F)
 YESTERDAY
  MAXIMUM         97    500 PM 100    2010  92      5       93
                                      1936
  MINIMUM         77    625 AM  66    1911  73      4       73
  AVERAGE         87                        83      4       83

PRECIPITATION (IN)
  YESTERDAY        0.00          5.05 1921   0.20  -0.20      T
  MONTH TO DATE    1.21                      4.77  -3.56     5.29
  SINCE JUN 1      8.17                     10.72  -2.55    10.92
  SINCE JAN 1     30.84                     26.98   3.86    28.25

DEGREE DAYS
 HEATING
  YESTERDAY        0                         0      0        0
  MONTH TO DATE    0                         0      0        0
  SINCE JUN 1      0                         0      0        0
  SINCE JUL 1      0                         0      0        0

 COOLING
  YESTERDAY       22                        18      4       18
  MONTH TO DATE  568                       478     90      509
  SINCE JUN 1   1084                       924    160     1015
  SINCE JAN 1   1612                      1327    285     1550
..................................................................


WIND (MPH)
  HIGHEST WIND SPEED    15   HIGHEST WIND DIRECTION     W (260)
  HIGHEST GUST SPEED    22   HIGHEST GUST DIRECTION    SW (240)
  AVERAGE WIND SPEED     8.7


SKY COVER
  POSSIBLE SUNSHINE  MM
  AVERAGE SKY COVER 0.3


WEATHER CONDITIONS
 THE FOLLOWING WEATHER WAS RECORDED YESTERDAY.
  NO SIGNIFICANT WEATHER WAS OBSERVED.


RELATIVE HUMIDITY (PERCENT)
 HIGHEST    85           300 AM
 LOWEST     42           200 PM
 AVERAGE    64

..........................................................


THE SAVANNAH GA CLIMATE NORMALS FOR TODAY
                         NORMAL    RECORD    YEAR
 MAXIMUM TEMPERATURE (F)   92       102      1949
 MINIMUM TEMPERATURE (F)   73        64      1920


SUNRISE AND SUNSET
JULY 28 2016..........SUNRISE   638 AM EDT   SUNSET   825 PM EDT
JULY 29 2016..........SUNRISE   638 AM EDT   SUNSET   824 PM EDT


-  INDICATES NEGATIVE NUMBERS.
R  INDICATES RECORD WAS SET OR TIED.
MM INDICATES DATA IS MISSING.
T  INDICATES TRACE AMOUNT.




$$
