000
CDUS46 KLOX 281157
CLISBA


CLIMATE REPORT
NATIONAL WEATHER SERVICE LOS ANGELES/OXNARD CA
457 AM PDT FRI JUL 28 2017


...................................

...THE SANTA BARBARA AIRPORT CA CLIMATE SUMMARY FOR JULY 27 2017...

CLIMATE NORMAL PERIOD 1981 TO 2010
CLIMATE RECORD PERIOD 1940 TO 2017


WEATHER ITEM   OBSERVED TIME   RECORD YEAR NORMAL DEPARTURE LAST
                VALUE   (LST)  VALUE       VALUE  FROM      YEAR
                                                  NORMAL
..................................................................
TEMPERATURE (F)
 YESTERDAY
  MAXIMUM         75    229 PM  97    1947  74      1       76
  MINIMUM         61    440 AM  48    2012  58      3       60
  AVERAGE         68                        66      2       68

PRECIPITATION (IN)
  YESTERDAY        0.00          T    1993   0.00   0.00     0.00
  MONTH TO DATE    0.04                      0.03   0.01     0.00
  SINCE OCT 1     24.27                     17.38   6.89    10.21
  SINCE JAN 1     19.46                     12.08   7.38     9.33

SNOWFALL (IN)
  YESTERDAY        0.0
  MONTH TO DATE    0.0
  SINCE JUN 1      0.0
  SINCE JUL 1      0.0

DEGREE DAYS
 HEATING
  YESTERDAY        0                         1     -1        0
  MONTH TO DATE   11                        27    -16       15
  SINCE JUN 1     50                       117    -67       87
  SINCE JUL 1     11                        27    -16       15

 COOLING
  YESTERDAY        3                         2      1        3
  MONTH TO DATE   61                        42     19       50
  SINCE JUN 1     79                        56     23       71
  SINCE JAN 1    106                        70     36       81
..................................................................


WIND (MPH)
  HIGHEST WIND SPEED    14   HIGHEST WIND DIRECTION     W (250)
  HIGHEST GUST SPEED    17   HIGHEST GUST DIRECTION     W (250)
  AVERAGE WIND SPEED     6.1


SKY COVER
  POSSIBLE SUNSHINE  MM
  AVERAGE SKY COVER 0.4


WEATHER CONDITIONS
 THE FOLLOWING WEATHER WAS RECORDED YESTERDAY.
  NO SIGNIFICANT WEATHER WAS OBSERVED.


RELATIVE HUMIDITY (PERCENT)
 HIGHEST    93          1200 AM
 LOWEST     64           200 PM
 AVERAGE    79

..........................................................


THE SANTA BARBARA AIRPORT CA CLIMATE NORMALS FOR TODAY
                         NORMAL    RECORD    YEAR
 MAXIMUM TEMPERATURE (F)   74        86      1947
 MINIMUM TEMPERATURE (F)   58        49      2010
                                             1949


SUNRISE AND SUNSET
JULY 28 2017..........SUNRISE   607 AM PDT   SUNSET   804 PM PDT
JULY 29 2017..........SUNRISE   608 AM PDT   SUNSET   803 PM PDT


-  INDICATES NEGATIVE NUMBERS.
R  INDICATES RECORD WAS SET OR TIED.
MM INDICATES DATA IS MISSING.
T  INDICATES TRACE AMOUNT.




$$
