000
CDUS46 KLOX 220114
CLISBA


CLIMATE REPORT
NATIONAL WEATHER SERVICE LOS ANGELES/OXNARD CA
614 PM PDT THU AUG 21 2014


...................................

...THE SANTA BARBARA AIRPORT CA CLIMATE SUMMARY FOR AUGUST 21 2014...
VALID TODAY AS OF 0600 PM LOCAL TIME.

CLIMATE NORMAL PERIOD 1981 TO 2010
CLIMATE RECORD PERIOD 1940 TO 2014


WEATHER ITEM   OBSERVED TIME   RECORD YEAR NORMAL DEPARTURE LAST
                VALUE   (LST)  VALUE       VALUE  FROM      YEAR
                                                  NORMAL
..................................................................
TEMPERATURE (F)
 TODAY
  MAXIMUM         77    206 PM  85    1972  75      2       73
  MINIMUM         58    555 AM  43    1941  58      0       54
  AVERAGE         68                        66      2       64

PRECIPITATION (IN)
  TODAY            0.00          T    1971   0.00   0.00     0.00
  MONTH TO DATE    T                         0.07  -0.07     0.00
  SINCE JUL 1      0.01                      0.10  -0.09     0.07
  SINCE JAN 1      5.21                     12.15  -6.94     3.42

SNOWFALL (IN)
  TODAY            0.0
  MONTH TO DATE    0.0
  SINCE JUN 1      0.0
  SINCE JUL 1      0.0

DEGREE DAYS
 HEATING
  TODAY            0                         1     -1        1
  MONTH TO DATE    0                        21    -21       21
  SINCE JUN 1     52                       138    -86       73
  SINCE JUL 1      0                        48    -48       30

 COOLING
  TODAY            3                         2      1        0
  MONTH TO DATE   63                        42     21        6
  SINCE JUN 1    234                       100    134       98
  SINCE JAN 1    302                       114    188      155
..................................................................


WIND (MPH)
  HIGHEST WIND SPEED    15   HIGHEST WIND DIRECTION     W (260)
  HIGHEST GUST SPEED    18   HIGHEST GUST DIRECTION     W (260)
  AVERAGE WIND SPEED     5.6


SKY COVER
  POSSIBLE SUNSHINE  MM
  AVERAGE SKY COVER 0.0


WEATHER CONDITIONS
 THE FOLLOWING WEATHER WAS RECORDED TODAY.
  NO SIGNIFICANT WEATHER WAS OBSERVED.


RELATIVE HUMIDITY (PERCENT)
 HIGHEST    86           500 AM
 LOWEST     54          1200 PM
 AVERAGE    70

..........................................................


THE SANTA BARBARA AIRPORT CA CLIMATE NORMALS FOR TOMORROW
                         NORMAL    RECORD    YEAR
 MAXIMUM TEMPERATURE (F)   75       105      1972
 MINIMUM TEMPERATURE (F)   57        49      1987


SUNRISE AND SUNSET
AUGUST 21 2014........SUNRISE   625 AM PDT   SUNSET   740 PM PDT
AUGUST 22 2014........SUNRISE   625 AM PDT   SUNSET   738 PM PDT


-  INDICATES NEGATIVE NUMBERS.
R  INDICATES RECORD WAS SET OR TIED.
MM INDICATES DATA IS MISSING.
T  INDICATES TRACE AMOUNT.




$$
