000
CDUS46 KLOX 210911
CLISBA


CLIMATE REPORT
NATIONAL WEATHER SERVICE LOS ANGELES/OXNARD CA
111 AM PST WED FEB 21 2018


...................................

...THE SANTA BARBARA AIRPORT CA CLIMATE SUMMARY FOR FEBRUARY 20 2018...

CLIMATE NORMAL PERIOD 1981 TO 2010
CLIMATE RECORD PERIOD 1940 TO 2018


WEATHER ITEM   OBSERVED TIME   RECORD YEAR NORMAL DEPARTURE LAST
                VALUE   (LST)  VALUE       VALUE  FROM      YEAR
                                                  NORMAL
..................................................................
TEMPERATURE (F)
 YESTERDAY
  MAXIMUM         58    242 PM  85    1995  64     -6       59
  MINIMUM         33    445 AM  32    2006  44    -11       52
  AVERAGE         46                        54     -8       56

PRECIPITATION (IN)
  YESTERDAY        0.00          1.32 1980   0.16  -0.16     0.31
  MONTH TO DATE    0.01                      2.81  -2.80     8.56
  SINCE OCT 1      2.80                     11.61  -8.81    22.33
  SINCE JAN 1      2.73                      6.31  -3.58    17.52

SNOWFALL (IN)
  YESTERDAY        0.0
  MONTH TO DATE    0.0
  SINCE DEC 1      0.0
  SINCE JUL 1      0.0

DEGREE DAYS
 HEATING
  YESTERDAY       19                        11      8        9
  MONTH TO DATE  213                       232    -19      171
  SINCE DEC 1    858                      1038   -180      935
  SINCE JUL 1   1109                      1516   -407     1264

 COOLING
  YESTERDAY        0                         0      0        0
  MONTH TO DATE    0                         0      0        0
  SINCE DEC 1      0                         0      0        0
  SINCE JAN 1      0                         0      0        0
..................................................................


WIND (MPH)
  HIGHEST WIND SPEED    16   HIGHEST WIND DIRECTION    SW (230)
  HIGHEST GUST SPEED    20   HIGHEST GUST DIRECTION    NE (40)
  AVERAGE WIND SPEED     6.2


SKY COVER
  POSSIBLE SUNSHINE  MM
  AVERAGE SKY COVER 0.0


WEATHER CONDITIONS
 THE FOLLOWING WEATHER WAS RECORDED YESTERDAY.
  NO SIGNIFICANT WEATHER WAS OBSERVED.


RELATIVE HUMIDITY (PERCENT)
 HIGHEST    62           900 PM
 LOWEST     19           900 AM
 AVERAGE    41

..........................................................


THE SANTA BARBARA AIRPORT CA CLIMATE NORMALS FOR TODAY
                         NORMAL    RECORD    YEAR
 MAXIMUM TEMPERATURE (F)   64        82      2002
 MINIMUM TEMPERATURE (F)   45        32      1987


SUNRISE AND SUNSET
FEBRUARY 21 2018......SUNRISE   638 AM PST   SUNSET   548 PM PST
FEBRUARY 22 2018......SUNRISE   637 AM PST   SUNSET   549 PM PST


-  INDICATES NEGATIVE NUMBERS.
R  INDICATES RECORD WAS SET OR TIED.
MM INDICATES DATA IS MISSING.
T  INDICATES TRACE AMOUNT.




$$
