433
CDUS46 KLOX 230909
CLISBA


CLIMATE REPORT
NATIONAL WEATHER SERVICE LOS ANGELES/OXNARD CA
108 AM PST THU NOV 23 2017


...................................

...THE SANTA BARBARA AIRPORT CA CLIMATE SUMMARY FOR NOVEMBER 22 2017...

CLIMATE NORMAL PERIOD 1981 TO 2010
CLIMATE RECORD PERIOD 1940 TO 2017


WEATHER ITEM   OBSERVED TIME   RECORD YEAR NORMAL DEPARTURE LAST
                VALUE   (LST)  VALUE       VALUE  FROM      YEAR
                                                  NORMAL
..................................................................
TEMPERATURE (F)
 YESTERDAY
  MAXIMUM         90R   232 PM  84    2015  67     23       66
  MINIMUM         49    538 AM  33    1994  43      6       42
  AVERAGE         70                        55     15       54

PRECIPITATION (IN)
  YESTERDAY        0.00          0.79 1965   0.06  -0.06     0.00
  MONTH TO DATE    0.07                      1.13  -1.06     0.48
  SINCE OCT 1      0.07                      1.94  -1.87     1.21
  SINCE JAN 1     19.76                     14.40   5.36    10.55

SNOWFALL (IN)
  YESTERDAY        0.0
  MONTH TO DATE    0.0
  SINCE SEP 1      0.0
  SINCE JUL 1      0.0

DEGREE DAYS
 HEATING
  YESTERDAY        0                        10    -10       11
  MONTH TO DATE  108                       174    -66       93
  SINCE SEP 1    189                       340   -151      215
  SINCE JUL 1    200                       391   -191      237

 COOLING
  YESTERDAY        5                         0      5        0
  MONTH TO DATE    6                         0      6       10
  SINCE SEP 1    159                        59    100      111
  SINCE JAN 1    384                       186    198      259
..................................................................


WIND (MPH)
  HIGHEST WIND SPEED    12   HIGHEST WIND DIRECTION     W (280)
  HIGHEST GUST SPEED    15   HIGHEST GUST DIRECTION     W (280)
  AVERAGE WIND SPEED     2.7


SKY COVER
  POSSIBLE SUNSHINE  MM
  AVERAGE SKY COVER 0.0


WEATHER CONDITIONS
 THE FOLLOWING WEATHER WAS RECORDED YESTERDAY.
  HAZE


RELATIVE HUMIDITY (PERCENT)
 HIGHEST    97          1100 PM
 LOWEST     15          1200 PM
 AVERAGE    56

..........................................................


THE SANTA BARBARA AIRPORT CA CLIMATE NORMALS FOR TODAY
                         NORMAL    RECORD    YEAR
 MAXIMUM TEMPERATURE (F)   67        90      1950
 MINIMUM TEMPERATURE (F)   43        32      2003
                                             1994


SUNRISE AND SUNSET
NOVEMBER 23 2017......SUNRISE   641 AM PST   SUNSET   451 PM PST
NOVEMBER 24 2017......SUNRISE   642 AM PST   SUNSET   451 PM PST


-  INDICATES NEGATIVE NUMBERS.
R  INDICATES RECORD WAS SET OR TIED.
MM INDICATES DATA IS MISSING.
T  INDICATES TRACE AMOUNT.




$$
