000
CDUS46 KLOX 280915
CLISBA


CLIMATE REPORT
NATIONAL WEATHER SERVICE LOS ANGELES/OXNARD CA
215 AM PDT SUN MAY 28 2017


...................................

...THE SANTA BARBARA AIRPORT CA CLIMATE SUMMARY FOR MAY 27 2017...

CLIMATE NORMAL PERIOD 1981 TO 2010
CLIMATE RECORD PERIOD 1940 TO 2017


WEATHER ITEM   OBSERVED TIME   RECORD YEAR NORMAL DEPARTURE LAST
                VALUE   (LST)  VALUE       VALUE  FROM      YEAR
                                                  NORMAL
..................................................................
TEMPERATURE (F)
 YESTERDAY
  MAXIMUM         69   1230 PM  95    1960  69      0       69
  MINIMUM         50    539 AM  44    1987  52     -2       53
  AVERAGE         60                        61     -1       61

PRECIPITATION (IN)
  YESTERDAY        0.00          0.69 1990   0.01  -0.01     0.00
  MONTH TO DATE    0.12                      0.32  -0.20      T
  SINCE OCT 1     24.23                     17.26   6.97    10.19
  SINCE JAN 1     19.42                     11.96   7.46     9.31

SNOWFALL (IN)
  YESTERDAY        0.0
  MONTH TO DATE    0.0
  SINCE MAR 1      0.0
  SINCE JUL 1      0.0

DEGREE DAYS
 HEATING
  YESTERDAY        5                         4      1        4
  MONTH TO DATE  127                       143    -16      150
  SINCE MAR 1    469                       667   -198      466
  SINCE JUL 1   1837                      2268   -431     1529

 COOLING
  YESTERDAY        0                         0      0        0
  MONTH TO DATE    5                         0      5        0
  SINCE MAR 1     27                         7     20        8
  SINCE JAN 1     27                         7     20       10
..................................................................


WIND (MPH)
  HIGHEST WIND SPEED    15   HIGHEST WIND DIRECTION     W (260)
  HIGHEST GUST SPEED    19   HIGHEST GUST DIRECTION     W (270)
  AVERAGE WIND SPEED     5.5


SKY COVER
  POSSIBLE SUNSHINE  MM
  AVERAGE SKY COVER 0.0


WEATHER CONDITIONS
 THE FOLLOWING WEATHER WAS RECORDED YESTERDAY.
  NO SIGNIFICANT WEATHER WAS OBSERVED.


RELATIVE HUMIDITY (PERCENT)
 HIGHEST   100          1200 AM
 LOWEST     58          1200 PM
 AVERAGE    79

..........................................................


THE SANTA BARBARA AIRPORT CA CLIMATE NORMALS FOR TODAY
                         NORMAL    RECORD    YEAR
 MAXIMUM TEMPERATURE (F)   69        85      1978
 MINIMUM TEMPERATURE (F)   52        44      2008
                                             1991


SUNRISE AND SUNSET
MAY 28 2017...........SUNRISE   549 AM PDT   SUNSET   804 PM PDT
MAY 29 2017...........SUNRISE   549 AM PDT   SUNSET   805 PM PDT


-  INDICATES NEGATIVE NUMBERS.
R  INDICATES RECORD WAS SET OR TIED.
MM INDICATES DATA IS MISSING.
T  INDICATES TRACE AMOUNT.




$$
