000
CDUS43 KIWX 240523
CLISBN


CLIMATE REPORT
NATIONAL WEATHER SERVICE NORTHERN INDIANA
123 AM EDT SUN SEP 24 2017


...................................

...THE SOUTH BEND CLIMATE SUMMARY FOR SEPTEMBER 23 2017...

CLIMATE NORMAL PERIOD 1981 TO 2010
CLIMATE RECORD PERIOD 1893 TO 2017


WEATHER ITEM   OBSERVED TIME   RECORD YEAR NORMAL DEPARTURE LAST
                VALUE   (LST)  VALUE       VALUE  FROM      YEAR
                                                  NORMAL
..................................................................
TEMPERATURE (F)
 YESTERDAY
  MAXIMUM         91    407 PM  95    1922  71     20       78
  MINIMUM         64    641 AM  30    1896  51     13       63
  AVERAGE         78                        61     17       71

PRECIPITATION (IN)
  YESTERDAY        0.00          1.27 1946   0.12  -0.12     0.01
  MONTH TO DATE    1.99                      2.72  -0.73     3.06
  SINCE SEP 1      1.99                      2.72  -0.73     3.06
  SINCE JAN 1     29.58                     27.99   1.59    37.47

DEGREE DAYS
 HEATING
  YESTERDAY        0                         6     -6        0
  MONTH TO DATE   67                        66      1        4
  SINCE SEP 1     67                        66      1        4
  SINCE JUL 1     88                        84      4       12

 COOLING
  YESTERDAY       13                         1     12        6
  MONTH TO DATE   84                        73     11      115
  SINCE SEP 1     84                        73     11      115
  SINCE JAN 1    636                       755   -119      924
..................................................................


WIND (MPH)
  HIGHEST WIND SPEED    12   HIGHEST WIND DIRECTION    SE (120)
  HIGHEST GUST SPEED    14   HIGHEST GUST DIRECTION    SE (130)
  AVERAGE WIND SPEED     3.6


SKY COVER
  AVERAGE SKY COVER 0.0


WEATHER CONDITIONS
 THE FOLLOWING WEATHER WAS RECORDED YESTERDAY.
  FOG


RELATIVE HUMIDITY (PERCENT)
 HIGHEST   100           100 AM
 LOWEST     38           400 PM
 AVERAGE    69

..........................................................


THE SOUTH BEND CLIMATE NORMALS FOR TODAY
                         NORMAL    RECORD    YEAR
 MAXIMUM TEMPERATURE (F)   71        94      1922
 MINIMUM TEMPERATURE (F)   50        30      1928


SUNRISE AND SUNSET
SEPTEMBER 24 2017.....SUNRISE   735 AM EDT   SUNSET   739 PM EDT
SEPTEMBER 25 2017.....SUNRISE   736 AM EDT   SUNSET   737 PM EDT


-  INDICATES NEGATIVE NUMBERS.
R  INDICATES RECORD WAS SET OR TIED.
MM INDICATES DATA IS MISSING.
T  INDICATES TRACE AMOUNT.




$$
