000
CDUS43 KIWX 260537
CLISBN


CLIMATE REPORT
NATIONAL WEATHER SERVICE NORTHERN INDIANA
1236 AM EST SUN FEB 26 2017


...................................

...THE SOUTH BEND CLIMATE SUMMARY FOR FEBRUARY 25 2017...

CLIMATE NORMAL PERIOD 1981 TO 2010
CLIMATE RECORD PERIOD 1893 TO 2017


WEATHER ITEM   OBSERVED TIME   RECORD YEAR NORMAL DEPARTURE LAST
                VALUE   (LST)  VALUE       VALUE  FROM      YEAR
                                                  NORMAL
..................................................................
TEMPERATURE (F)
 YESTERDAY
  MAXIMUM         37    216 AM  74    2000  38     -1       32
  MINIMUM         23    219 PM  -7    1950  23      0       28
                                      1900
  AVERAGE         30                        31     -1       30

PRECIPITATION (IN)
  YESTERDAY        0.01          0.75 1960   0.08  -0.07     0.34
  MONTH TO DATE    1.87                      1.72   0.15     2.09
  SINCE DEC 1      7.20                      6.62   0.58     7.81
  SINCE JAN 1      5.21                      4.01   1.20     3.69

SNOWFALL (IN)
  YESTERDAY        0.1           6.1  1965   0.4   -0.3      4.5
  MONTH TO DATE    0.4                      13.7  -13.3     30.1
  SINCE DEC 1     33.2                      51.6  -18.4     50.2
  SINCE JUL 1     33.7                      56.8  -23.1     59.3
  SNOW DEPTH       0

DEGREE DAYS
 HEATING
  YESTERDAY       35                        34      1       35
  MONTH TO DATE  697                       942   -245      927
  SINCE DEC 1   3004                      3321   -317     2953
  SINCE JUL 1   3905                      4590   -685     4020

 COOLING
  YESTERDAY        0                         0      0        0
  MONTH TO DATE    0                         0      0        0
  SINCE DEC 1      0                         0      0        0
  SINCE JAN 1      0                         0      0        0
..................................................................


WIND (MPH)
  HIGHEST WIND SPEED    26   HIGHEST WIND DIRECTION     W (290)
  HIGHEST GUST SPEED    33   HIGHEST GUST DIRECTION    NW (300)
  AVERAGE WIND SPEED    14.5


SKY COVER
  AVERAGE SKY COVER 1.0


WEATHER CONDITIONS
 THE FOLLOWING WEATHER WAS RECORDED YESTERDAY.
  LIGHT SNOW
  FOG
  HAZE


RELATIVE HUMIDITY (PERCENT)
 HIGHEST    92          1200 AM
 LOWEST     68           100 PM
 AVERAGE    80

..........................................................


THE SOUTH BEND CLIMATE NORMALS FOR TODAY
                         NORMAL    RECORD    YEAR
 MAXIMUM TEMPERATURE (F)   39        67      1932
 MINIMUM TEMPERATURE (F)   23        -6      1963


SUNRISE AND SUNSET
FEBRUARY 26 2017......SUNRISE   724 AM EST   SUNSET   632 PM EST
FEBRUARY 27 2017......SUNRISE   723 AM EST   SUNSET   634 PM EST


-  INDICATES NEGATIVE NUMBERS.
R  INDICATES RECORD WAS SET OR TIED.
MM INDICATES DATA IS MISSING.
T  INDICATES TRACE AMOUNT.




$$
