000
CDUS43 KIWX 300530
CLISBN


CLIMATE REPORT
NATIONAL WEATHER SERVICE NORTHERN INDIANA
126 AM EDT MON MAR 30 2015


...................................

...THE SOUTH BEND CLIMATE SUMMARY FOR MARCH 29 2015...

CLIMATE NORMAL PERIOD 1981 TO 2010
CLIMATE RECORD PERIOD 1893 TO 2015


WEATHER ITEM   OBSERVED TIME   RECORD YEAR NORMAL DEPARTURE LAST
                VALUE   (LST)  VALUE       VALUE  FROM      YEAR
                                                  NORMAL
..................................................................
TEMPERATURE (F)
 YESTERDAY
  MAXIMUM         45   1038 PM  82    1910  52     -7       41
  MINIMUM         20    251 AM  12    1923  33    -13       25
  AVERAGE         33                        42     -9       33

PRECIPITATION (IN)
  YESTERDAY        0.01          0.88 1924   0.09  -0.08      T
  MONTH TO DATE    0.75                      2.25  -1.50     1.69
  SINCE MAR 1      0.75                      2.25  -1.50     1.69
  SINCE JAN 1      4.65                      6.49  -1.84     7.63

SNOWFALL (IN)
  YESTERDAY        T             5.3  1954   0.1   -0.1       T
  MONTH TO DATE    6.1                       6.9   -0.8     11.8
  SINCE MAR 1      6.1                       6.9   -0.8     11.8
  SINCE JUL 1     83.9                      65.0   18.9    105.8
  SNOW DEPTH       0

DEGREE DAYS
 HEATING
  YESTERDAY       32                        23      9       32
  MONTH TO DATE  902                       811     91     1036
  SINCE MAR 1    902                       811     91     1036
  SINCE JUL 1   5999                      5500    499     6219

 COOLING
  YESTERDAY        0                         0      0        0
  MONTH TO DATE    0                         0      0        0
  SINCE MAR 1      0                         0      0        0
  SINCE JAN 1      0                         0      0        0
..................................................................


WIND (MPH)
  HIGHEST WIND SPEED    28   HIGHEST WIND DIRECTION    SW (210)
  HIGHEST GUST SPEED    36   HIGHEST GUST DIRECTION     S (190)
  AVERAGE WIND SPEED    14.9


SKY COVER
  AVERAGE SKY COVER 0.5


WEATHER CONDITIONS
 THE FOLLOWING WEATHER WAS RECORDED YESTERDAY.
  LIGHT RAIN
  SLEET


RELATIVE HUMIDITY (PERCENT)
 HIGHEST    70           900 PM
 LOWEST     29          1200 PM
 AVERAGE    50

..........................................................


THE SOUTH BEND CLIMATE NORMALS FOR TODAY
                         NORMAL    RECORD    YEAR
 MAXIMUM TEMPERATURE (F)   53        77      1998
                                             1967
                                             1943
 MINIMUM TEMPERATURE (F)   33        11      1954


SUNRISE AND SUNSET
MARCH 30 2015.........SUNRISE   732 AM EDT   SUNSET   808 PM EDT
MARCH 31 2015.........SUNRISE   730 AM EDT   SUNSET   809 PM EDT


-  INDICATES NEGATIVE NUMBERS.
R  INDICATES RECORD WAS SET OR TIED.
MM INDICATES DATA IS MISSING.
T  INDICATES TRACE AMOUNT.




$$
