000
CDUS41 KAKQ 210646
CLISBY


CLIMATE REPORT
NATIONAL WEATHER SERVICE WAKEFIELD, VA
146 AM EST WED FEB 21 2018


...................................

...THE SALISBURY MD CLIMATE SUMMARY FOR FEBRUARY 20 2018...

CLIMATE NORMAL PERIOD 1981 TO 2010
CLIMATE RECORD PERIOD 1900 TO 2018


WEATHER ITEM   OBSERVED TIME   RECORD YEAR NORMAL DEPARTURE LAST
                VALUE   (LST)  VALUE       VALUE  FROM      YEAR
                                                  NORMAL
..................................................................
TEMPERATURE (F)
 YESTERDAY
  MAXIMUM         68    146 PM  75    1930  48     20       63
  MINIMUM         57    455 AM  -3    2015  29     28       35
  AVERAGE         63                        38     25       49

PRECIPITATION (IN)
  YESTERDAY        0.00          1.54 1981   0.12  -0.12     0.00
  MONTH TO DATE    2.67                      2.38   0.29     0.73
  SINCE DEC 1      7.34                      9.70  -2.36     7.01
  SINCE JAN 1      6.20                      5.99   0.21     4.08

SNOWFALL (IN)
  YESTERDAY        0.0           6.0  1914   0.1   -0.1
  MONTH TO DATE    0.0                       2.6   -2.6
  SINCE NOV 1     16.4                       7.6    8.8
  SINCE JUL 1     16.4                       7.6    8.8
  SNOW DEPTH       0

DEGREE DAYS
 HEATING
  YESTERDAY        2                        27    -25       16
  MONTH TO DATE  438                       561   -123      448
  SINCE DEC 1   2273                      2284    -11     1990
  SINCE JUL 1   2944                      3102   -158     2650

 COOLING
  YESTERDAY        0                         0      0        0
  MONTH TO DATE    0                         0      0        0
  SINCE DEC 1      0                         0      0        0
  SINCE JAN 1      0                         0      0        0
..................................................................


WIND (MPH)
  HIGHEST WIND SPEED    22   HIGHEST WIND DIRECTION     S (200)
  HIGHEST GUST SPEED    26   HIGHEST GUST DIRECTION     S (200)
  AVERAGE WIND SPEED    10.9


SKY COVER
  POSSIBLE SUNSHINE  MM
  AVERAGE SKY COVER 0.9


WEATHER CONDITIONS
 THE FOLLOWING WEATHER WAS RECORDED YESTERDAY.
  FOG


RELATIVE HUMIDITY (PERCENT)
 HIGHEST   100           100 AM
 LOWEST     81           100 PM
 AVERAGE    91

..........................................................


THE SALISBURY MD CLIMATE NORMALS FOR TODAY
                         NORMAL    RECORD    YEAR
 MAXIMUM TEMPERATURE (F)   48        75      1943
 MINIMUM TEMPERATURE (F)   29        -4      2015


SUNRISE AND SUNSET
FEBRUARY 21 2018......SUNRISE   645 AM EST   SUNSET   547 PM EST
FEBRUARY 22 2018......SUNRISE   644 AM EST   SUNSET   548 PM EST


-  INDICATES NEGATIVE NUMBERS.
R  INDICATES RECORD WAS SET OR TIED.
MM INDICATES DATA IS MISSING.
T  INDICATES TRACE AMOUNT.




$$
