000
CDUS41 KAKQ 160829
CLISBY


CLIMATE REPORT
NATIONAL WEATHER SERVICE WAKEFIELD, VA
429 AM EDT TUE SEP 16 2014


...................................

...THE SALISBURY MD CLIMATE SUMMARY FOR SEPTEMBER 15 2014...

CLIMATE NORMAL PERIOD 1981 TO 2010
CLIMATE RECORD PERIOD 1900 TO 2014


WEATHER ITEM   OBSERVED TIME   RECORD YEAR NORMAL DEPARTURE LAST
                VALUE   (LST)  VALUE       VALUE  FROM      YEAR
                                                  NORMAL
..................................................................
TEMPERATURE (F)
 YESTERDAY
  MAXIMUM         76    200 PM  92    1930  79     -3       77
  MINIMUM         53        MM  42    1914  59     -6       47
  AVERAGE         65                        69     -4       62

PRECIPITATION (IN)
  YESTERDAY        0.00          1.92 1951   0.15  -0.15     0.00
  MONTH TO DATE    0.36                      1.97  -1.61     0.32
  SINCE SEP 1      0.36                      1.97  -1.61     0.32
  SINCE JAN 1     20.64                     33.04 -12.40    40.00

SNOWFALL (IN)
  YESTERDAY        0.0           0.0  2002   0.0    0.0
                                      2001
  MONTH TO DATE    0.0                       0.0    0.0
  SINCE NOV 1     22.5                       9.3   13.2
  SINCE JUL 1      0.0                       0.0    0.0
  SNOW DEPTH       0

DEGREE DAYS
 HEATING
  YESTERDAY        0                         1     -1        3
  MONTH TO DATE    0                         7     -7        5
  SINCE SEP 1      0                         7     -7        5
  SINCE JUL 1      0                         9     -9        5

 COOLING
  YESTERDAY        0                         5     -5        0
  MONTH TO DATE  161                        96     65      154
  SINCE SEP 1    161                        96     65      154
  SINCE JAN 1   1283                      1079    204     1517
..................................................................


WIND (MPH)
  HIGHEST WIND SPEED     9   HIGHEST WIND DIRECTION    NW (330)
  HIGHEST GUST SPEED    MM   HIGHEST GUST DIRECTION    MM
  AVERAGE WIND SPEED     2.3


SKY COVER
  POSSIBLE SUNSHINE  MM
  AVERAGE SKY COVER 0.2


WEATHER CONDITIONS
 THE FOLLOWING WEATHER WAS RECORDED YESTERDAY.
  NO SIGNIFICANT WEATHER WAS OBSERVED.


RELATIVE HUMIDITY (PERCENT)
 HIGHEST    89           400 AM
 LOWEST     41          1200 PM
 AVERAGE    65

..........................................................


THE SALISBURY MD CLIMATE NORMALS FOR TODAY
                         NORMAL    RECORD    YEAR
 MAXIMUM TEMPERATURE (F)   79        94      1998
 MINIMUM TEMPERATURE (F)   58        43      2001


SUNRISE AND SUNSET
SEPTEMBER 16 2014.....SUNRISE   644 AM EDT   SUNSET   708 PM EDT
SEPTEMBER 17 2014.....SUNRISE   645 AM EDT   SUNSET   707 PM EDT


-  INDICATES NEGATIVE NUMBERS.
R  INDICATES RECORD WAS SET OR TIED.
MM INDICATES DATA IS MISSING.
T  INDICATES TRACE AMOUNT.




$$
