000
CDUS41 KAKQ 050532
CLISBY


CLIMATE REPORT
NATIONAL WEATHER SERVICE WAKEFIELD, VA
131 AM EDT WED AUG 5 2015


...................................

...THE SALISBURY MD CLIMATE SUMMARY FOR AUGUST 4 2015...

CLIMATE NORMAL PERIOD 1981 TO 2010
CLIMATE RECORD PERIOD 1900 TO 2015


WEATHER ITEM   OBSERVED TIME   RECORD YEAR NORMAL DEPARTURE LAST
                VALUE   (LST)  VALUE       VALUE  FROM      YEAR
                                                  NORMAL
..................................................................
TEMPERATURE (F)
 YESTERDAY
  MAXIMUM         91    238 PM  98    1995  86      5       87
  MINIMUM         71   1159 PM  55    1985  67      4       69
  AVERAGE         81                        76      5       78

PRECIPITATION (IN)
  YESTERDAY        0.03          3.49 1948   0.16  -0.13     0.00
  MONTH TO DATE    0.03                      0.64  -0.61     4.09
  SINCE JUN 1     14.55                      8.73   5.82    10.45
  SINCE JAN 1     31.76                     27.28   4.48    30.16

SNOWFALL (IN)
  YESTERDAY        0.0           0.0  2002   0.0    0.0
                                      2001
  MONTH TO DATE    0.0                       0.0    0.0
  SINCE NOV 1     15.7                       9.3    6.4
  SINCE JUL 1      0.0                       0.0    0.0
  SNOW DEPTH       0

DEGREE DAYS
 HEATING
  YESTERDAY        0                         0      0        0
  MONTH TO DATE    0                         0      0        0
  SINCE JUN 1     15                        20     -5        5
  SINCE JUL 1      0                         1     -1        0

 COOLING
  YESTERDAY       16                        11      5       13
  MONTH TO DATE   57                        44     13       40
  SINCE JUN 1    702                       635     67      723
  SINCE JAN 1    858                       719    139      858
..................................................................


WIND (MPH)
  HIGHEST WIND SPEED    20   HIGHEST WIND DIRECTION     N (20)
  HIGHEST GUST SPEED    25   HIGHEST GUST DIRECTION     N (20)
  AVERAGE WIND SPEED    10.1


SKY COVER
  POSSIBLE SUNSHINE  MM
  AVERAGE SKY COVER 0.1


WEATHER CONDITIONS
 THE FOLLOWING WEATHER WAS RECORDED YESTERDAY.
  THUNDERSTORM
  LIGHT RAIN


RELATIVE HUMIDITY (PERCENT)
 HIGHEST   100           100 AM
 LOWEST     50           200 PM
 AVERAGE    75

..........................................................


THE SALISBURY MD CLIMATE NORMALS FOR TODAY
                         NORMAL    RECORD    YEAR
 MAXIMUM TEMPERATURE (F)   86        98      1998
                                             1930
 MINIMUM TEMPERATURE (F)   67        52      1951


SUNRISE AND SUNSET
AUGUST  5 2015........SUNRISE   608 AM EDT   SUNSET   808 PM EDT
AUGUST  6 2015........SUNRISE   608 AM EDT   SUNSET   807 PM EDT


-  INDICATES NEGATIVE NUMBERS.
R  INDICATES RECORD WAS SET OR TIED.
MM INDICATES DATA IS MISSING.
T  INDICATES TRACE AMOUNT.




$$
