000
CDUS41 KAKQ 262234
CLISBY


CLIMATE REPORT
NATIONAL WEATHER SERVICE WAKEFIELD, VA
534 PM EST SUN FEB 26 2017


...................................

...THE SALISBURY MD CLIMATE SUMMARY FOR FEBRUARY 26 2017...
VALID TODAY AS OF 0500 PM LOCAL TIME.

CLIMATE NORMAL PERIOD 1981 TO 2010
CLIMATE RECORD PERIOD 1900 TO 2017


WEATHER ITEM   OBSERVED TIME   RECORD YEAR NORMAL DEPARTURE LAST
                VALUE   (LST)  VALUE       VALUE  FROM      YEAR
                                                  NORMAL
..................................................................
TEMPERATURE (F)
 TODAY
  MAXIMUM         48   1217 AM  73    1930  50     -2       46
  MINIMUM         36    645 AM  12    1970  30      6       33
  AVERAGE         42

PRECIPITATION (IN)
  TODAY            0.00          1.28 1979   0.12  -0.12     0.00
  MONTH TO DATE    1.02                      3.10  -2.08     3.64
  SINCE DEC 1      7.30                     10.42  -3.12    11.34
  SINCE JAN 1      4.37                      6.71  -2.34     6.85

SNOWFALL (IN)
  TODAY            0.0
  MONTH TO DATE    T
  SINCE NOV 1      9.6
  SINCE JUL 1      9.6
  SNOW DEPTH       0

DEGREE DAYS
 HEATING
  TODAY           23
  MONTH TO DATE  514
  SINCE DEC 1   2056
  SINCE JUL 1   2716

 COOLING
  TODAY            0
  MONTH TO DATE    0
  SINCE DEC 1      0
  SINCE JAN 1      0
..................................................................


WIND (MPH)
  RESULTANT WIND SPEED  12   RESULTANT WIND DIRECTION  NW (310)
  HIGHEST WIND SPEED    24   HIGHEST WIND DIRECTION    NW (320)
  HIGHEST GUST SPEED    31   HIGHEST GUST DIRECTION     N (340)


SKY COVER
  POSSIBLE SUNSHINE  MM
  AVERAGE SKY COVER 0.1


WEATHER CONDITIONS
 THE FOLLOWING WEATHER WAS RECORDED TODAY.
  NO SIGNIFICANT WEATHER WAS OBSERVED.


RELATIVE HUMIDITY (PERCENT)
 HIGHEST    64
 LOWEST     37
 AVERAGE    51

..........................................................


THE SALISBURY MD CLIMATE NORMALS FOR TOMORROW
                         NORMAL    RECORD    YEAR
 MAXIMUM TEMPERATURE (F)   50        79      1997
 MINIMUM TEMPERATURE (F)   30         9      1934


SUNRISE AND SUNSET
FEBRUARY 26 2017......SUNRISE   638 AM EST   SUNSET   552 PM EST
FEBRUARY 27 2017......SUNRISE   636 AM EST   SUNSET   553 PM EST


-  INDICATES NEGATIVE NUMBERS.
R  INDICATES RECORD WAS SET OR TIED.
MM INDICATES DATA IS MISSING.
T  INDICATES TRACE AMOUNT.




$$
