437
CDUS41 KAKQ 030626
CLISBY


CLIMATE REPORT
NATIONAL WEATHER SERVICE WAKEFIELD, VA
126 AM EST SAT DEC 3 2016


...................................

...THE SALISBURY MD CLIMATE SUMMARY FOR DECEMBER 2 2016...

CLIMATE NORMAL PERIOD 1981 TO 2010
CLIMATE RECORD PERIOD 1900 TO 2016


WEATHER ITEM   OBSERVED TIME   RECORD YEAR NORMAL DEPARTURE LAST
                VALUE   (LST)  VALUE       VALUE  FROM      YEAR
                                                  NORMAL
..................................................................
TEMPERATURE (F)
 YESTERDAY
  MAXIMUM         52    250 PM  67    1970  53     -1       62
  MINIMUM         31    629 AM  10    1967  33     -2       54
  AVERAGE         42                        43     -1       58

PRECIPITATION (IN)
  YESTERDAY        0.00          1.31 1986   0.13  -0.13     0.50
  MONTH TO DATE    0.08                      0.26  -0.18     0.95
  SINCE DEC 1      0.08                      0.26  -0.18     0.95
  SINCE JAN 1     51.58                     42.23   9.35    47.83

SNOWFALL (IN)
  YESTERDAY        0.0           0.4  1952   0.1   -0.1
  MONTH TO DATE    0.0                       0.1   -0.1
  SINCE NOV 1      0.0                       0.3   -0.3
  SINCE JUL 1      0.0                       0.3   -0.3
  SNOW DEPTH       0

DEGREE DAYS
 HEATING
  YESTERDAY       23                        22      1        7
  MONTH TO DATE   34                        44    -10       16
  SINCE DEC 1     34                        44    -10       16
  SINCE JUL 1    694                       862   -168      663

 COOLING
  YESTERDAY        0                         0      0        0
  MONTH TO DATE    0                         0      0        0
  SINCE DEC 1      0                         0      0        0
  SINCE JAN 1   1481                      1153    328     1342
..................................................................


WIND (MPH)
  HIGHEST WIND SPEED    20   HIGHEST WIND DIRECTION    NW (320)
  HIGHEST GUST SPEED    25   HIGHEST GUST DIRECTION    NW (320)
  AVERAGE WIND SPEED     7.6


SKY COVER
  POSSIBLE SUNSHINE  MM
  AVERAGE SKY COVER 0.1


WEATHER CONDITIONS
 THE FOLLOWING WEATHER WAS RECORDED YESTERDAY.
  NO SIGNIFICANT WEATHER WAS OBSERVED.


RELATIVE HUMIDITY (PERCENT)
 HIGHEST    96           300 AM
 LOWEST     41          1200 PM
 AVERAGE    69

..........................................................


THE SALISBURY MD CLIMATE NORMALS FOR TODAY
                         NORMAL    RECORD    YEAR
 MAXIMUM TEMPERATURE (F)   52        72      2012
                                             1991
 MINIMUM TEMPERATURE (F)   33        14      1976


SUNRISE AND SUNSET
DECEMBER  3 2016......SUNRISE   702 AM EST   SUNSET   441 PM EST
DECEMBER  4 2016......SUNRISE   703 AM EST   SUNSET   441 PM EST


-  INDICATES NEGATIVE NUMBERS.
R  INDICATES RECORD WAS SET OR TIED.
MM INDICATES DATA IS MISSING.
T  INDICATES TRACE AMOUNT.




$$
