000
CDUS41 KAKQ 280836
CLISBY


CLIMATE REPORT
NATIONAL WEATHER SERVICE WAKEFIELD, VA
435 AM EDT MON JUL 28 2014


...................................

...THE SALISBURY MD CLIMATE SUMMARY FOR JULY 27 2014...

CLIMATE NORMAL PERIOD 1981 TO 2010
CLIMATE RECORD PERIOD 1900 TO 2014


WEATHER ITEM   OBSERVED TIME   RECORD YEAR NORMAL DEPARTURE LAST
                VALUE   (LST)  VALUE       VALUE  FROM      YEAR
                                                  NORMAL
..................................................................
TEMPERATURE (F)
 YESTERDAY
  MAXIMUM         86    358 PM 102    1940  86      0       87
  MINIMUM         72   1232 AM  52    1920  67      5       64
  AVERAGE         79                        77      2       76

PRECIPITATION (IN)
  YESTERDAY        T             2.24 1988   0.16  -0.16     0.00
  MONTH TO DATE    3.28                      3.69  -0.41     3.81
  SINCE JUN 1      4.12                      7.40  -3.28    13.73
  SINCE JAN 1     15.94                     25.95 -10.01    32.38

SNOWFALL (IN)
  YESTERDAY        0.0           0.0  2002   0.0    0.0
                                      2001
  MONTH TO DATE    0.0                       0.0    0.0
  SINCE NOV 1     22.5                       9.3   13.2
  SINCE JUL 1      0.0                       0.0    0.0
  SNOW DEPTH       0

DEGREE DAYS
 HEATING
  YESTERDAY        0                         0      0        0
  MONTH TO DATE    0                         0      0        0
  SINCE JUN 1      5                        19    -14        0
  SINCE JUL 1      0                         0      0        0

 COOLING
  YESTERDAY       14                        12      2       11
  MONTH TO DATE  357                       319     38      463
  SINCE JUN 1    650                       546    104      796
  SINCE JAN 1    785                       630    155      987
..................................................................


WIND (MPH)
  HIGHEST WIND SPEED    28   HIGHEST WIND DIRECTION     S (190)
  HIGHEST GUST SPEED    21   HIGHEST GUST DIRECTION     S (200)
  AVERAGE WIND SPEED     8.2


SKY COVER
  POSSIBLE SUNSHINE  MM
  AVERAGE SKY COVER 0.1


WEATHER CONDITIONS
 THE FOLLOWING WEATHER WAS RECORDED YESTERDAY.
  LIGHT RAIN


RELATIVE HUMIDITY (PERCENT)
 HIGHEST    99
 LOWEST     99
 AVERAGE    99

..........................................................


THE SALISBURY MD CLIMATE NORMALS FOR TODAY
                         NORMAL    RECORD    YEAR
 MAXIMUM TEMPERATURE (F)   86       100      1949
                                             1940
 MINIMUM TEMPERATURE (F)   67        48      1920


SUNRISE AND SUNSET
JULY 28 2014..........SUNRISE   601 AM EDT   SUNSET   816 PM EDT
JULY 29 2014..........SUNRISE   602 AM EDT   SUNSET   815 PM EDT


-  INDICATES NEGATIVE NUMBERS.
R  INDICATES RECORD WAS SET OR TIED.
MM INDICATES DATA IS MISSING.
T  INDICATES TRACE AMOUNT.




$$
