000
CDUS41 KAKQ 192235
CLISBY


CLIMATE REPORT
NATIONAL WEATHER SERVICE WAKEFIELD, VA
535 PM EST THU JAN 19 2017


...................................

...THE SALISBURY MD CLIMATE SUMMARY FOR JANUARY 19 2017...
VALID TODAY AS OF 0500 PM LOCAL TIME.

CLIMATE NORMAL PERIOD 1981 TO 2010
CLIMATE RECORD PERIOD 1900 TO 2017


WEATHER ITEM   OBSERVED TIME   RECORD YEAR NORMAL DEPARTURE LAST
                VALUE   (LST)  VALUE       VALUE  FROM      YEAR
                                                  NORMAL
..................................................................
TEMPERATURE (F)
 TODAY
  MAXIMUM         51   1120 AM  68    1973  44      7       25
  MINIMUM         38    148 AM  -3    1957  27     11       15
  AVERAGE         45

PRECIPITATION (IN)
  TODAY            0.00          1.29 1987   0.11  -0.11     0.00
  MONTH TO DATE    2.06                      2.16  -0.10     1.81
  SINCE DEC 1      4.99                      5.87  -0.88     6.30
  SINCE JAN 1      2.06                      2.16  -0.10     1.81

SNOWFALL (IN)
  TODAY            0.0
  MONTH TO DATE    9.1
  SINCE NOV 1      9.1
  SINCE JUL 1      9.1
  SNOW DEPTH       0

DEGREE DAYS
 HEATING
  TODAY           20
  MONTH TO DATE  485
  SINCE DEC 1   1265
  SINCE JUL 1   1925

 COOLING
  TODAY            0
  MONTH TO DATE    0
  SINCE DEC 1      0
  SINCE JAN 1      0
..................................................................


WIND (MPH)
  RESULTANT WIND SPEED   5   RESULTANT WIND DIRECTION  NW (330)
  HIGHEST WIND SPEED    10   HIGHEST WIND DIRECTION     N (350)
  HIGHEST GUST SPEED    14   HIGHEST GUST DIRECTION     N (340)


SKY COVER
  POSSIBLE SUNSHINE  MM
  AVERAGE SKY COVER 0.9


WEATHER CONDITIONS
 THE FOLLOWING WEATHER WAS RECORDED TODAY.
  NO SIGNIFICANT WEATHER WAS OBSERVED.


RELATIVE HUMIDITY (PERCENT)
 HIGHEST    92
 LOWEST     61
 AVERAGE    77

..........................................................


THE SALISBURY MD CLIMATE NORMALS FOR TOMORROW
                         NORMAL    RECORD    YEAR
 MAXIMUM TEMPERATURE (F)   44        69      1951
 MINIMUM TEMPERATURE (F)   27        -1      1940


SUNRISE AND SUNSET
JANUARY 19 2017.......SUNRISE   716 AM EST   SUNSET   510 PM EST
JANUARY 20 2017.......SUNRISE   715 AM EST   SUNSET   511 PM EST


-  INDICATES NEGATIVE NUMBERS.
R  INDICATES RECORD WAS SET OR TIED.
MM INDICATES DATA IS MISSING.
T  INDICATES TRACE AMOUNT.




$$
