000
CDUS46 KSTO 270045
CLISCK


CLIMATE REPORT
NATIONAL WEATHER SERVICE SACRAMENTO, CA
444 PM PST THU FEB 26 2015


...................................

...THE STOCKTON AIRPORT CA CLIMATE SUMMARY FOR FEBRUARY 26 2015...
VALID TODAY AS OF 0400 PM LOCAL TIME.

CLIMATE NORMAL PERIOD 1981 TO 2010
CLIMATE RECORD PERIOD 1948 TO 2015


WEATHER ITEM   OBSERVED TIME   RECORD YEAR NORMAL DEPARTURE LAST
                VALUE   (LST)  VALUE       VALUE  FROM      YEAR
                                                  NORMAL
..................................................................
TEMPERATURE (F)
 TODAY
  MAXIMUM         74    350 PM  76    1992  63     11       64
  MINIMUM         40    659 AM  26    1964  42     -2       50
  AVERAGE         57

PRECIPITATION (IN)
  TODAY            0.00          0.86 1973   0.09  -0.09     0.13
  MONTH TO DATE    1.43                      2.38  -0.95     1.38
  SINCE OCT 1      9.29                      9.85  -0.56     3.02
  SINCE JAN 1      1.45                      5.12  -3.67     1.59

SNOWFALL (IN)
  TODAY            0.0          MM      MM
  MONTH TO DATE    0.0
  SINCE DEC 1      0.0
  SINCE JUL 1      0.0

DEGREE DAYS
 HEATING
  TODAY            8                        13     -5        8
  MONTH TO DATE  253                       384   -131      317
  SINCE DEC 1   1133                      1582   -449     1418
  SINCE JUL 1   1419                      2039   -620     1817

 COOLING
  TODAY            0                         0      0        0
  MONTH TO DATE    0                         0      0        0
  SINCE DEC 1      0                         0      0        0
  SINCE JAN 1      0                         0      0        0
..................................................................


WIND (MPH)
  RESULTANT WIND SPEED   4   RESULTANT WIND DIRECTION  NW (300)
  HIGHEST WIND SPEED    24   HIGHEST WIND DIRECTION    NW (300)
  HIGHEST GUST SPEED    28   HIGHEST GUST DIRECTION    NW (310)


SKY COVER
  POSSIBLE SUNSHINE  MM
  AVERAGE SKY COVER 0.0


WEATHER CONDITIONS
 THE FOLLOWING WEATHER WAS RECORDED TODAY.
  NO SIGNIFICANT WEATHER WAS OBSERVED.


RELATIVE HUMIDITY (PERCENT)
 HIGHEST    86           500 AM
 LOWEST     33           300 PM
 AVERAGE    60

..........................................................


THE STOCKTON AIRPORT CA CLIMATE NORMALS FOR TOMORROW
                         NORMAL    RECORD    YEAR
 MAXIMUM TEMPERATURE (F)   64        77      1992
 MINIMUM TEMPERATURE (F)   42        27      1962


SUNRISE AND SUNSET
FEBRUARY 26 2015......SUNRISE   641 AM PST   SUNSET   555 PM PST
FEBRUARY 27 2015......SUNRISE   640 AM PST   SUNSET   556 PM PST


-  INDICATES NEGATIVE NUMBERS.
R  INDICATES RECORD WAS SET OR TIED.
MM INDICATES DATA IS MISSING.
T  INDICATES TRACE AMOUNT.




$$
