000
CDUS46 KLOX 080913
CLISDB


CLIMATE REPORT
NATIONAL WEATHER SERVICE LOS ANGELES/OXNARD CA
112 AM PST MON FEB 8 2016


...................................

...THE SANDBERG CA CLIMATE SUMMARY FOR FEBRUARY 7 2016...

CLIMATE NORMAL PERIOD 1981 TO 2010
CLIMATE RECORD PERIOD 1934 TO 2016


WEATHER ITEM   OBSERVED TIME   RECORD YEAR NORMAL DEPARTURE LAST
                VALUE   (LST)  VALUE       VALUE  FROM      YEAR
                                                  NORMAL
..................................................................
TEMPERATURE (F)
 YESTERDAY
  MAXIMUM         60    439 PM  73    1996  49     11       54
  MINIMUM         47    704 AM  17    1989  38      9       47
  AVERAGE         54                        43     11       51

PRECIPITATION (IN)
  YESTERDAY        0.00          1.58 1976   0.09  -0.09      T
  MONTH TO DATE    0.01                      0.53  -0.52      T
  SINCE OCT 1      4.72                      6.57  -1.85     6.40
  SINCE JAN 1      3.02                      2.94   0.08     1.50

DEGREE DAYS
 HEATING
  YESTERDAY       11                        22    -11       14
  MONTH TO DATE  165                       154     11       35
  SINCE DEC 1   1481                      1540    -59     1025
  SINCE JUL 1   2097                      2319   -222     1415

 COOLING
  YESTERDAY        0                         0      0        0
  MONTH TO DATE    0                         0      0        1
  SINCE DEC 1      0                         0      0        1
  SINCE JAN 1      0                         0      0        1
..................................................................


WIND (MPH)
  HIGHEST WIND SPEED    40   HIGHEST WIND DIRECTION     E (80)
  HIGHEST GUST SPEED    50   HIGHEST GUST DIRECTION     E (80)
  AVERAGE WIND SPEED    28.1


SKY COVER
  POSSIBLE SUNSHINE  MM
  AVERAGE SKY COVER 0.0


WEATHER CONDITIONS
 THE FOLLOWING WEATHER WAS RECORDED YESTERDAY.
  NO SIGNIFICANT WEATHER WAS OBSERVED.


RELATIVE HUMIDITY (PERCENT)
 HIGHEST    37          1200 AM
 LOWEST     19           500 PM
 AVERAGE    28

..........................................................


THE SANDBERG CA CLIMATE NORMALS FOR TODAY
                         NORMAL    RECORD    YEAR
 MAXIMUM TEMPERATURE (F)   49        76      1996
 MINIMUM TEMPERATURE (F)   38        19      1989


SUNRISE AND SUNSET
FEBRUARY  8 2016......SUNRISE   648 AM PST   SUNSET   531 PM PST
FEBRUARY  9 2016......SUNRISE   647 AM PST   SUNSET   532 PM PST


-  INDICATES NEGATIVE NUMBERS.
R  INDICATES RECORD WAS SET OR TIED.
MM INDICATES DATA IS MISSING.
T  INDICATES TRACE AMOUNT.




$$
