622
CDUS46 KLOX 240901
CLISDB


CLIMATE REPORT
NATIONAL WEATHER SERVICE LOS ANGELES/OXNARD CA
201 AM PDT MON APR 24 2017


...................................

...THE SANDBERG CA CLIMATE SUMMARY FOR APRIL 23 2017...

CLIMATE NORMAL PERIOD 1981 TO 2010
CLIMATE RECORD PERIOD 1934 TO 2017


WEATHER ITEM   OBSERVED TIME   RECORD YEAR NORMAL DEPARTURE LAST
                VALUE   (LST)  VALUE       VALUE  FROM      YEAR
                                                  NORMAL
..................................................................
TEMPERATURE (F)
 YESTERDAY
  MAXIMUM         65    150 PM  85    1949  60      5       62
  MINIMUM         48    550 AM  26    1964  43      5       40
  AVERAGE         57                        52      5       51

PRECIPITATION (IN)
  YESTERDAY        0.00          0.20 1948   0.01  -0.01     0.00
  MONTH TO DATE    0.09                      0.52  -0.43     0.41
  SINCE OCT 1     12.69                     11.53   1.16     6.58
  SINCE JAN 1      8.85                      7.90   0.95     4.88

DEGREE DAYS
 HEATING
  YESTERDAY        8                        14     -6       14
  MONTH TO DATE  202                       359   -157      156
  SINCE MAR 1    533                       929   -396      541
  SINCE JUL 1   2790                      3688   -898     2801

 COOLING
  YESTERDAY        0                         0      0        0
  MONTH TO DATE    4                         0      4       18
  SINCE MAR 1     20                         1     19       19
  SINCE JAN 1     20                         1     19       19
..................................................................


WIND (MPH)
  HIGHEST WIND SPEED    35   HIGHEST WIND DIRECTION     N (340)
  HIGHEST GUST SPEED    43   HIGHEST GUST DIRECTION     N (340)
  AVERAGE WIND SPEED    16.0


SKY COVER
  POSSIBLE SUNSHINE  MM
  AVERAGE SKY COVER 0.0


WEATHER CONDITIONS
 THE FOLLOWING WEATHER WAS RECORDED YESTERDAY.
  NO SIGNIFICANT WEATHER WAS OBSERVED.


RELATIVE HUMIDITY (PERCENT)
 HIGHEST    80           600 AM
 LOWEST     31           100 PM
 AVERAGE    56

..........................................................


THE SANDBERG CA CLIMATE NORMALS FOR TODAY
                         NORMAL    RECORD    YEAR
 MAXIMUM TEMPERATURE (F)   61        81      1946
 MINIMUM TEMPERATURE (F)   44        25      1964


SUNRISE AND SUNSET
APRIL 24 2017.........SUNRISE   612 AM PDT   SUNSET   735 PM PDT
APRIL 25 2017.........SUNRISE   611 AM PDT   SUNSET   735 PM PDT


-  INDICATES NEGATIVE NUMBERS.
R  INDICATES RECORD WAS SET OR TIED.
MM INDICATES DATA IS MISSING.
T  INDICATES TRACE AMOUNT.




$$
