000
CDUS46 KLOX 230903
CLISDB


CLIMATE REPORT
NATIONAL WEATHER SERVICE LOS ANGELES/OXNARD CA
203 AM PDT WED AUG 23 2017


...................................

...THE SANDBERG CA CLIMATE SUMMARY FOR AUGUST 22 2017...

CLIMATE NORMAL PERIOD 1981 TO 2010
CLIMATE RECORD PERIOD 1934 TO 2017


WEATHER ITEM   OBSERVED TIME   RECORD YEAR NORMAL DEPARTURE LAST
                VALUE   (LST)  VALUE       VALUE  FROM      YEAR
                                                  NORMAL
..................................................................
TEMPERATURE (F)
 YESTERDAY
  MAXIMUM         92    108 PM  93    2013  84      8       88
                                      2006
  MINIMUM         64   1257 AM  40    1968  64      0       67
  AVERAGE         78                        74      4       78

PRECIPITATION (IN)
  YESTERDAY        0.00          0.04 2009   0.00   0.00     0.00
  MONTH TO DATE    0.29                      0.02   0.27     0.00
  SINCE OCT 1     13.08                     12.15   0.93     6.93
  SINCE JAN 1      9.24                      8.52   0.72     5.23

DEGREE DAYS
 HEATING
  YESTERDAY        0                         0      0        0
  MONTH TO DATE    1                         0      1        0
  SINCE JUN 1     41                        92    -51       21
  SINCE JUL 1      1                         8     -7        0

 COOLING
  YESTERDAY       13                         9      4       13
  MONTH TO DATE  272                       214     58      334
  SINCE JUN 1   1137                       632    505     1136
  SINCE JAN 1   1282                       677    605     1217
..................................................................


WIND (MPH)
  HIGHEST WIND SPEED    22   HIGHEST WIND DIRECTION     S (180)
  HIGHEST GUST SPEED    31   HIGHEST GUST DIRECTION    SW (210)
  AVERAGE WIND SPEED    10.0


SKY COVER
  POSSIBLE SUNSHINE  MM
  AVERAGE SKY COVER 0.0


WEATHER CONDITIONS
 THE FOLLOWING WEATHER WAS RECORDED YESTERDAY.
  NO SIGNIFICANT WEATHER WAS OBSERVED.


RELATIVE HUMIDITY (PERCENT)
 HIGHEST    60           100 AM
 LOWEST      9          1000 AM
 AVERAGE    35

..........................................................


THE SANDBERG CA CLIMATE NORMALS FOR TODAY
                         NORMAL    RECORD    YEAR
 MAXIMUM TEMPERATURE (F)   84        96      1991
 MINIMUM TEMPERATURE (F)   63        44      1963


SUNRISE AND SUNSET
AUGUST 23 2017........SUNRISE   622 AM PDT   SUNSET   733 PM PDT
AUGUST 24 2017........SUNRISE   622 AM PDT   SUNSET   731 PM PDT


-  INDICATES NEGATIVE NUMBERS.
R  INDICATES RECORD WAS SET OR TIED.
MM INDICATES DATA IS MISSING.
T  INDICATES TRACE AMOUNT.




$$
