000
CDUS46 KLOX 240858
CLISDB


CLIMATE REPORT
NATIONAL WEATHER SERVICE LOS ANGELES/OXNARD CA
158 AM PDT WED MAY 24 2017


...................................

...THE SANDBERG CA CLIMATE SUMMARY FOR MAY 23 2017...

CLIMATE NORMAL PERIOD 1981 TO 2010
CLIMATE RECORD PERIOD 1934 TO 2017


WEATHER ITEM   OBSERVED TIME   RECORD YEAR NORMAL DEPARTURE LAST
                VALUE   (LST)  VALUE       VALUE  FROM      YEAR
                                                  NORMAL
..................................................................
TEMPERATURE (F)
 YESTERDAY
  MAXIMUM         92R   107 PM  90    2001  70     22       65
  MINIMUM         69    509 AM  28    2010  50     19       43
  AVERAGE         81                        60     21       54

PRECIPITATION (IN)
  YESTERDAY        0.00          0.35 2008   0.01  -0.01     0.00
  MONTH TO DATE    0.02                      0.35  -0.33     0.29
  SINCE OCT 1     12.78                     11.99   0.79     6.93
  SINCE JAN 1      8.94                      8.36   0.58     5.23

DEGREE DAYS
 HEATING
  YESTERDAY        0                         7     -7       11
  MONTH TO DATE  158                       206    -48      145
  SINCE MAR 1    762                      1222   -460      754
  SINCE JUL 1   3019                      3981   -962     3014

 COOLING
  YESTERDAY       16                         2     14        0
  MONTH TO DATE   92                        22     70       30
  SINCE MAR 1    113                        30     83       49
  SINCE JAN 1    113                        30     83       49
..................................................................


WIND (MPH)
  HIGHEST WIND SPEED    22   HIGHEST WIND DIRECTION     N (340)
  HIGHEST GUST SPEED    28   HIGHEST GUST DIRECTION     S (190)
  AVERAGE WIND SPEED    11.5


SKY COVER
  POSSIBLE SUNSHINE  MM
  AVERAGE SKY COVER 0.0


WEATHER CONDITIONS
 THE FOLLOWING WEATHER WAS RECORDED YESTERDAY.
  NO SIGNIFICANT WEATHER WAS OBSERVED.


RELATIVE HUMIDITY (PERCENT)
 HIGHEST    35          1200 AM
 LOWEST      9           100 PM
 AVERAGE    22

..........................................................


THE SANDBERG CA CLIMATE NORMALS FOR TODAY
                         NORMAL    RECORD    YEAR
 MAXIMUM TEMPERATURE (F)   70        87      1936
 MINIMUM TEMPERATURE (F)   51        30      1980


SUNRISE AND SUNSET
MAY 24 2017...........SUNRISE   546 AM PDT   SUNSET   758 PM PDT
MAY 25 2017...........SUNRISE   545 AM PDT   SUNSET   759 PM PDT


-  INDICATES NEGATIVE NUMBERS.
R  INDICATES RECORD WAS SET OR TIED.
MM INDICATES DATA IS MISSING.
T  INDICATES TRACE AMOUNT.




$$
