000
CDUS46 KLOX 300938
CLISDB


CLIMATE REPORT
NATIONAL WEATHER SERVICE LOS ANGELES/OXNARD CA
238 AM PDT FRI SEP 30 2016


...................................

...THE SANDBERG CA CLIMATE SUMMARY FOR SEPTEMBER 29 2016...

CLIMATE NORMAL PERIOD 1981 TO 2010
CLIMATE RECORD PERIOD 1934 TO 2016


WEATHER ITEM   OBSERVED TIME   RECORD YEAR NORMAL DEPARTURE LAST
                VALUE   (LST)  VALUE       VALUE  FROM      YEAR
                                                  NORMAL
..................................................................
TEMPERATURE (F)
 YESTERDAY
  MAXIMUM         87        MM  89    1963  74     13       85
  MINIMUM         66        MM  42    1971  56     10       64
  AVERAGE         77                        65     12       75

PRECIPITATION (IN)
  YESTERDAY        0.00          0.15 1935   0.01  -0.01     0.00
  MONTH TO DATE    T                         0.16  -0.16     0.82
  SINCE OCT 1      6.93                     12.32  -5.39     9.47
  SINCE JAN 1      5.23                      8.69  -3.46     4.57

DEGREE DAYS
 HEATING
  YESTERDAY        0                         4     -4        0
  MONTH TO DATE   33                        58    -25       18
  SINCE SEP 1     33                        58    -25       18
  SINCE JUL 1     33                        75    -42       28

 COOLING
  YESTERDAY       12                         4      8       10
  MONTH TO DATE  231                       184     47      263
  SINCE SEP 1    231                       184     47      263
  SINCE JAN 1   1575                       941    634     1384
..................................................................


WIND (MPH)
  HIGHEST WIND SPEED    14   HIGHEST WIND DIRECTION    SE (140)
  HIGHEST GUST SPEED    18   HIGHEST GUST DIRECTION     S (160)
  AVERAGE WIND SPEED     9.1


SKY COVER
  POSSIBLE SUNSHINE  MM
  AVERAGE SKY COVER 0.1


WEATHER CONDITIONS
 THE FOLLOWING WEATHER WAS RECORDED YESTERDAY.
  NO SIGNIFICANT WEATHER WAS OBSERVED.


RELATIVE HUMIDITY (PERCENT)
 HIGHEST    45           400 AM
 LOWEST     20           100 PM
 AVERAGE    33

..........................................................


THE SANDBERG CA CLIMATE NORMALS FOR TODAY
                         NORMAL    RECORD    YEAR
 MAXIMUM TEMPERATURE (F)   74        91      1980
 MINIMUM TEMPERATURE (F)   56        37      2009
                                             1971


SUNRISE AND SUNSET
SEPTEMBER 30 2016.....SUNRISE   649 AM PDT   SUNSET   640 PM PDT
OCTOBER  1 2016.......SUNRISE   650 AM PDT   SUNSET   638 PM PDT


-  INDICATES NEGATIVE NUMBERS.
R  INDICATES RECORD WAS SET OR TIED.
MM INDICATES DATA IS MISSING.
T  INDICATES TRACE AMOUNT.




$$
