000
CDUS46 KLOX 280856
CLISDB


CLIMATE REPORT
NATIONAL WEATHER SERVICE LOS ANGELES/OXNARD CA
1256 AM PST WED JAN 28 2015


...................................

...THE SANDBERG CA CLIMATE SUMMARY FOR JANUARY 27 2015...

CLIMATE NORMAL PERIOD 1981 TO 2010
CLIMATE RECORD PERIOD 1934 TO 2015


WEATHER ITEM   OBSERVED TIME   RECORD YEAR NORMAL DEPARTURE LAST
                VALUE   (LST)  VALUE       VALUE  FROM      YEAR
                                                  NORMAL
..................................................................
TEMPERATURE (F)
 YESTERDAY
  MAXIMUM         53    412 PM  65    2003  49      4       62
  MINIMUM         44   1156 PM  18    1957  37      7       46
  AVERAGE         49                        43      6       54

PRECIPITATION (IN)
  YESTERDAY        0.30          2.35 2008   0.04   0.26     0.00
  MONTH TO DATE    1.46                      2.20  -0.74     0.00
  SINCE OCT 1      6.36                      5.83   0.53     0.70
  SINCE JAN 1      1.46                      2.20  -0.74     0.00

DEGREE DAYS
 HEATING
  YESTERDAY       16                        22     -6       11
  MONTH TO DATE  362                       597   -235      277
  SINCE DEC 1    935                      1299   -364      799
  SINCE JUL 1   1325                      2078   -753     1353

 COOLING
  YESTERDAY        0                         0      0        0
  MONTH TO DATE    0                         0      0        0
  SINCE DEC 1      0                         0      0        0
  SINCE JAN 1      0                         0      0        0
..................................................................


WIND (MPH)
  HIGHEST WIND SPEED    18   HIGHEST WIND DIRECTION    SE (120)
  HIGHEST GUST SPEED    25   HIGHEST GUST DIRECTION    SE (120)
  AVERAGE WIND SPEED     4.3


SKY COVER
  POSSIBLE SUNSHINE  MM
  AVERAGE SKY COVER 0.8


WEATHER CONDITIONS
 THE FOLLOWING WEATHER WAS RECORDED YESTERDAY.
  RAIN
  LIGHT RAIN
  FOG
  FOG W/VISIBILITY <= 1/4 MILE
  HAZE


RELATIVE HUMIDITY (PERCENT)
 HIGHEST    92          1200 AM
 LOWEST     71           200 PM
 AVERAGE    82

..........................................................


THE SANDBERG CA CLIMATE NORMALS FOR TODAY
                         NORMAL    RECORD    YEAR
 MAXIMUM TEMPERATURE (F)   49        65      2014
                                             1993
 MINIMUM TEMPERATURE (F)   37        14      1957


SUNRISE AND SUNSET
JANUARY 28 2015.......SUNRISE   656 AM PST   SUNSET   520 PM PST
JANUARY 29 2015.......SUNRISE   655 AM PST   SUNSET   521 PM PST


-  INDICATES NEGATIVE NUMBERS.
R  INDICATES RECORD WAS SET OR TIED.
MM INDICATES DATA IS MISSING.
T  INDICATES TRACE AMOUNT.




$$
