000
CDUS46 KLOX 310926
CLISDB


CLIMATE REPORT
NATIONAL WEATHER SERVICE LOS ANGELES/OXNARD CA
225 AM PDT TUE MAY 31 2016


...................................

...THE SANDBERG CA CLIMATE SUMMARY FOR MAY 30 2016...

CLIMATE NORMAL PERIOD 1981 TO 2010
CLIMATE RECORD PERIOD 1934 TO 2016


WEATHER ITEM   OBSERVED TIME   RECORD YEAR NORMAL DEPARTURE LAST
                VALUE   (LST)  VALUE       VALUE  FROM      YEAR
                                                  NORMAL
..................................................................
TEMPERATURE (F)
 YESTERDAY
  MAXIMUM         83    158 PM  92    2001  72     11       90
  MINIMUM         61    356 AM  33    1935  52      9       69
  AVERAGE         72                        62     10       80

PRECIPITATION (IN)
  YESTERDAY        0.00          0.02 1948   0.00   0.00     0.00
  MONTH TO DATE    0.29                      0.40  -0.11     0.26
  SINCE OCT 1      6.93                     12.04  -5.11     7.28
  SINCE JAN 1      5.23                      8.41  -3.18     2.38

DEGREE DAYS
 HEATING
  YESTERDAY        0                         5     -5        0
  MONTH TO DATE  175                       247    -72      245
  SINCE MAR 1    784                      1263   -479      751
  SINCE JUL 1   3044                      4022   -978     2382

 COOLING
  YESTERDAY        7                         2      5       15
  MONTH TO DATE   47                        36     11       46
  SINCE MAR 1     66                        44     22      101
  SINCE JAN 1     66                        44     22      104
..................................................................


WIND (MPH)
  HIGHEST WIND SPEED    28   HIGHEST WIND DIRECTION    NW (330)
  HIGHEST GUST SPEED    38   HIGHEST GUST DIRECTION     N (350)
  AVERAGE WIND SPEED    16.8


SKY COVER
  POSSIBLE SUNSHINE  MM
  AVERAGE SKY COVER 0.0


WEATHER CONDITIONS
 THE FOLLOWING WEATHER WAS RECORDED YESTERDAY.
  LIGHT RAIN


RELATIVE HUMIDITY (PERCENT)
 HIGHEST    48           200 AM
 LOWEST     16          1100 AM
 AVERAGE    32

..........................................................


THE SANDBERG CA CLIMATE NORMALS FOR TODAY
                         NORMAL    RECORD    YEAR
 MAXIMUM TEMPERATURE (F)   72        94      2001
 MINIMUM TEMPERATURE (F)   52        32      1967


SUNRISE AND SUNSET
MAY 31 2016...........SUNRISE   543 AM PDT   SUNSET   803 PM PDT
JUNE  1 2016..........SUNRISE   543 AM PDT   SUNSET   803 PM PDT


-  INDICATES NEGATIVE NUMBERS.
R  INDICATES RECORD WAS SET OR TIED.
MM INDICATES DATA IS MISSING.
T  INDICATES TRACE AMOUNT.




$$
