000
CDUS46 KLOX 010117
CLISDB


CLIMATE REPORT
NATIONAL WEATHER SERVICE LOS ANGELES/OXNARD CA
617 PM PDT FRI JUL 31 2015


...................................

...THE SANDBERG CA CLIMATE SUMMARY FOR JULY 31 2015...
VALID TODAY AS OF 0600 PM LOCAL TIME.

CLIMATE NORMAL PERIOD 1981 TO 2010
CLIMATE RECORD PERIOD 1934 TO 2015


WEATHER ITEM   OBSERVED TIME   RECORD YEAR NORMAL DEPARTURE LAST
                VALUE   (LST)  VALUE       VALUE  FROM      YEAR
                                                  NORMAL
..................................................................
TEMPERATURE (F)
 TODAY
  MAXIMUM         88    230 PM  98    1995  86      2       94
  MINIMUM         69   1240 AM  53    1998  65      4       75
  AVERAGE         79                        75      4       85

PRECIPITATION (IN)
  TODAY            0.00          T    2011   0.00   0.00     0.00
  MONTH TO DATE    1.26                      0.02   1.24     0.01
  SINCE OCT 1      8.65                     12.13  -3.48     4.29
  SINCE JAN 1      3.75                      8.50  -4.75     3.59

DEGREE DAYS
 HEATING
  TODAY            0                         0      0        0
  MONTH TO DATE   10                         4      6        0
  SINCE JUN 1     29                        92    -63        7
  SINCE JUL 1     10                         8      2        0

 COOLING
  TODAY           14                        10      4       20
  MONTH TO DATE  246                       287    -41      430
  SINCE JUN 1    586                       418    168      670
  SINCE JAN 1    699                       463    236      820
..................................................................


WIND (MPH)
  HIGHEST WIND SPEED    23   HIGHEST WIND DIRECTION     S (180)
  HIGHEST GUST SPEED    32   HIGHEST GUST DIRECTION     S (160)
  AVERAGE WIND SPEED    10.7


SKY COVER
  POSSIBLE SUNSHINE  MM
  AVERAGE SKY COVER 0.1


WEATHER CONDITIONS
 THE FOLLOWING WEATHER WAS RECORDED TODAY.
  NO SIGNIFICANT WEATHER WAS OBSERVED.


RELATIVE HUMIDITY (PERCENT)
 HIGHEST    73          1200 AM
 LOWEST     32           400 PM
 AVERAGE    53

..........................................................


THE SANDBERG CA CLIMATE NORMALS FOR TOMORROW
                         NORMAL    RECORD    YEAR
 MAXIMUM TEMPERATURE (F)   86       101      1993
 MINIMUM TEMPERATURE (F)   65        50      1976


SUNRISE AND SUNSET
JULY 31 2015..........SUNRISE   604 AM PDT   SUNSET   758 PM PDT
AUGUST  1 2015........SUNRISE   605 AM PDT   SUNSET   757 PM PDT


-  INDICATES NEGATIVE NUMBERS.
R  INDICATES RECORD WAS SET OR TIED.
MM INDICATES DATA IS MISSING.
T  INDICATES TRACE AMOUNT.




$$
