000
CDUS43 KLMK 230627
CLISDF


CLIMATE REPORT
NATIONAL WEATHER SERVICE LOUISVILLE KY
226 AM EDT THU MAR 23 2017


...................................

...THE LOUISVILLE KY CLIMATE SUMMARY FOR MARCH 22 2017...

CLIMATE NORMAL PERIOD 1981 TO 2010
CLIMATE RECORD PERIOD 1871 TO 2017


WEATHER ITEM   OBSERVED TIME   RECORD YEAR NORMAL DEPARTURE LAST
                VALUE   (LST)  VALUE       VALUE  FROM      YEAR
                                                  NORMAL
..................................................................
TEMPERATURE (F)
 YESTERDAY
  MAXIMUM         51    350 PM  88    1907  60     -9       70
  MINIMUM         36    755 AM  14    1888  40     -4       39
  AVERAGE         44                        50     -6       55

PRECIPITATION (IN)
  YESTERDAY        0.00          1.55 1879   0.15  -0.15     0.00
  MONTH TO DATE    2.54                      2.90  -0.36     2.92
  SINCE MAR 1      2.54                      2.90  -0.36     2.92
  SINCE JAN 1      8.81                      9.32  -0.51     8.74

SNOWFALL (IN)
  YESTERDAY        0.0          12.0  1968   0.1   -0.1      0.0
  MONTH TO DATE    T                         1.2   -1.2      0.5
  SINCE MAR 1      T                         1.2   -1.2      0.5
  SINCE JUL 1      2.7                      12.2   -9.5     14.9
  SNOW DEPTH       0

DEGREE DAYS
 HEATING
  YESTERDAY       21                        15      6       10
  MONTH TO DATE  422                       414      8      263
  SINCE MAR 1    422                       414      8      263
  SINCE JUL 1   2887                      3655   -768     2885

 COOLING
  YESTERDAY        0                         0      0        0
  MONTH TO DATE    0                         0      0        6
  SINCE MAR 1      0                         0      0        6
  SINCE JAN 1      5                         0      5        6
..................................................................


WIND (MPH)
  HIGHEST WIND SPEED    26   HIGHEST WIND DIRECTION     N (10)
  HIGHEST GUST SPEED    32   HIGHEST GUST DIRECTION     N (10)
  AVERAGE WIND SPEED    12.9


SKY COVER
  POSSIBLE SUNSHINE  MM
  AVERAGE SKY COVER 0.2


WEATHER CONDITIONS
 THE FOLLOWING WEATHER WAS RECORDED YESTERDAY.
  NO SIGNIFICANT WEATHER WAS OBSERVED.


RELATIVE HUMIDITY (PERCENT)
 HIGHEST    49           100 AM
 LOWEST     20           300 PM
 AVERAGE    35

..........................................................


THE LOUISVILLE KY CLIMATE NORMALS FOR TODAY
                         NORMAL    RECORD    YEAR
 MAXIMUM TEMPERATURE (F)   61        85      1907
 MINIMUM TEMPERATURE (F)   40        17      1885


SUNRISE AND SUNSET
MARCH 23 2017.........SUNRISE   741 AM EDT   SUNSET   758 PM EDT
MARCH 24 2017.........SUNRISE   740 AM EDT   SUNSET   759 PM EDT


-  INDICATES NEGATIVE NUMBERS.
R  INDICATES RECORD WAS SET OR TIED.
MM INDICATES DATA IS MISSING.
T  INDICATES TRACE AMOUNT.




$$
