000
CDUS43 KLMK 310626
CLISDF


CLIMATE REPORT
NATIONAL WEATHER SERVICE LOUISVILLE KY
226 AM EDT TUE MAY 31 2016


...................................

...THE LOUISVILLE KY CLIMATE SUMMARY FOR MAY 30 2016...

CLIMATE NORMAL PERIOD 1981 TO 2010
CLIMATE RECORD PERIOD 1871 TO 2016


WEATHER ITEM   OBSERVED TIME   RECORD YEAR NORMAL DEPARTURE LAST
                VALUE   (LST)  VALUE       VALUE  FROM      YEAR
                                                  NORMAL
..................................................................
TEMPERATURE (F)
 YESTERDAY
  MAXIMUM         88    507 PM  94    2011  81      7       87
                                      1895
  MINIMUM         68    539 AM  40    1947  61      7       70
                                      1889
  AVERAGE         78                        71      7       79

PRECIPITATION (IN)
  YESTERDAY        0.00          2.31 2004   0.16  -0.16     0.12
  MONTH TO DATE    4.56                      5.11  -0.55     2.38
  SINCE MAR 1     13.24                     13.29  -0.05    21.02
  SINCE JAN 1     19.06                     19.71  -0.65    24.12

SNOWFALL (IN)
  YESTERDAY        0.0          MM      MM   0.0    0.0      0.0
  MONTH TO DATE    0.0                       0.0    0.0      0.0
  SINCE MAR 1      0.5                       1.5   -1.0     11.9
  SINCE JUL 1     14.9                      12.5    2.4     27.6
  SNOW DEPTH       0

DEGREE DAYS
 HEATING
  YESTERDAY        0                         1     -1        0
  MONTH TO DATE   91                        67     24       24
  SINCE MAR 1    630                       851   -221      767
  SINCE JUL 1   3252                      4092   -840     4387

 COOLING
  YESTERDAY       13                         7      6       14
  MONTH TO DATE  117                       123     -6      206
  SINCE MAR 1    180                       166     14      248
  SINCE JAN 1    180                       166     14      248
..................................................................


WIND (MPH)
  HIGHEST WIND SPEED    15   HIGHEST WIND DIRECTION     N (10)
  HIGHEST GUST SPEED    17   HIGHEST GUST DIRECTION     N (20)
  AVERAGE WIND SPEED     3.9


SKY COVER
  POSSIBLE SUNSHINE  MM
  AVERAGE SKY COVER 0.6


WEATHER CONDITIONS
 THE FOLLOWING WEATHER WAS RECORDED YESTERDAY.
  NO SIGNIFICANT WEATHER WAS OBSERVED.


RELATIVE HUMIDITY (PERCENT)
 HIGHEST    76           500 AM
 LOWEST     31           500 PM
 AVERAGE    54

..........................................................


THE LOUISVILLE KY CLIMATE NORMALS FOR TODAY
                         NORMAL    RECORD    YEAR
 MAXIMUM TEMPERATURE (F)   81        94      2011
                                             1937
                                             1895
 MINIMUM TEMPERATURE (F)   62        37      1889


SUNRISE AND SUNSET
MAY 31 2016...........SUNRISE   622 AM EDT   SUNSET   900 PM EDT
JUNE  1 2016..........SUNRISE   621 AM EDT   SUNSET   901 PM EDT


-  INDICATES NEGATIVE NUMBERS.
R  INDICATES RECORD WAS SET OR TIED.
MM INDICATES DATA IS MISSING.
T  INDICATES TRACE AMOUNT.




$$
