000
CDUS46 KSEW 250122
CLISEA


CLIMATE REPORT
NATIONAL WEATHER SERVICE SEATTLE WA
621 PM PDT THU APR 24 2014


...................................

...THE SEATTLE-TACOMA WA AIRPORT CLIMATE SUMMARY FOR APRIL 24 2014...
VALID TODAY AS OF 0600 PM LOCAL TIME.

CLIMATE NORMAL PERIOD 1981 TO 2010
CLIMATE RECORD PERIOD 1945 TO 2014


WEATHER ITEM   OBSERVED TIME   RECORD YEAR NORMAL DEPARTURE LAST
                VALUE   (LST)  VALUE       VALUE  FROM      YEAR
                                                  NORMAL
..................................................................
TEMPERATURE (F)
 TODAY
  MAXIMUM         57   1046 AM  76    1977  60     -3       70
  MINIMUM         49    652 AM  30    1950  43      6       43
  AVERAGE         53                        52      1       57

PRECIPITATION (IN)
  TODAY            0.47          0.70 1948   0.08   0.39     0.00
  MONTH TO DATE    3.76                      2.27   1.49     5.70
  SINCE OCT 1     30.00                     30.46  -0.46    36.02
  SINCE JAN 1     23.01                     15.06   7.95    14.18

SNOWFALL (IN)
  TODAY            0.0           T    1991                   0.0
  MONTH TO DATE    0.0                                       0.0
  SINCE OCT 1      4.0                                       0.6
  SINCE JUL 1      4.0                                       0.6
  SNOW DEPTH       0

DEGREE DAYS
 HEATING
  TODAY           12                        13     -1        8
  MONTH TO DATE  320                       363    -43      349
  SINCE MAR 1    824                       937   -113      872
  SINCE JUL 1   3899                      4191   -292     4013

 COOLING
  TODAY            0                         0      0        0
  MONTH TO DATE    0                         0      0        0
  SINCE MAR 1      0                         0      0        0
  SINCE JAN 1      0                         0      0        0
..................................................................


WIND (MPH)
  RESULTANT WIND SPEED  12   RESULTANT WIND DIRECTION  SW (210)
  HIGHEST WIND SPEED    26   HIGHEST WIND DIRECTION     S (200)
  HIGHEST GUST SPEED    36   HIGHEST GUST DIRECTION    SW (210)
  AVERAGE WIND SPEED    13.9


SKY COVER
  AVERAGE SKY COVER 0.9


WEATHER CONDITIONS
 THE FOLLOWING WEATHER WAS RECORDED TODAY.
  HEAVY RAIN
  RAIN
  LIGHT RAIN
  FOG


RELATIVE HUMIDITY (PERCENT)
 HIGHEST    89           500 AM
 LOWEST     59           400 PM
 AVERAGE    74

..........................................................


THE SEATTLE-TACOMA WA AIRPORT CLIMATE NORMALS FOR TOMORROW
                         NORMAL    RECORD    YEAR
 MAXIMUM TEMPERATURE (F)   60        77      1992
 MINIMUM TEMPERATURE (F)   43        34      1948


SUNRISE AND SUNSET
APRIL 24 2014.........SUNRISE   604 AM PDT   SUNSET   811 PM PDT
APRIL 25 2014.........SUNRISE   602 AM PDT   SUNSET   813 PM PDT


-  INDICATES NEGATIVE NUMBERS.
R  INDICATES RECORD WAS SET OR TIED.
MM INDICATES DATA IS MISSING.
T  INDICATES TRACE AMOUNT.




$$
