974
CDUS46 KSEW 290839
CLISEW


CLIMATE REPORT
NATIONAL WEATHER SERVICE SEATTLE WA
138 AM PDT SAT APR 29 2017


...................................

...THE SEATTLE WA WFO CLIMATE SUMMARY FOR APRIL 28 2017...

CLIMATE NORMAL PERIOD 1981 TO 2010
CLIMATE RECORD PERIOD 1986 TO 2017


WEATHER ITEM   OBSERVED TIME   RECORD YEAR     LAST
                VALUE   (LST)  VALUE           YEAR
....................................................
TEMPERATURE (F)
 YESTERDAY
  MAXIMUM         60        MM  72    2006    64
  MINIMUM         44        MM  37    2002    50
  AVERAGE         52                          57

PRECIPITATION (IN)
  YESTERDAY        0.04          0.37 1997     0.00
  MONTH TO DATE    3.93                        1.43
  SINCE OCT 1     44.00                       38.31
  SINCE JAN 1     22.28                       17.91

SNOWFALL (IN)
  YESTERDAY        0.0                         0.0
  MONTH TO DATE    0.0                         0.0
  SINCE OCT 1      3.6                          T
  SINCE JUL 1      3.6                          T
  SNOW DEPTH       0

DEGREE DAYS
 HEATING
  YESTERDAY       13                           8
  MONTH TO DATE  388                         239
  SINCE MAR 1    953                         716
  SINCE JUL 1   4033                        3521

 COOLING
  YESTERDAY        0                           0
  MONTH TO DATE    0                           6
  SINCE MAR 1      0                           6
  SINCE JAN 1      0                           6
....................................................


WIND (MPH)
  HIGHEST WIND SPEED    MM   HIGHEST WIND DIRECTION    MM
  HIGHEST GUST SPEED    MM   HIGHEST GUST DIRECTION    MM
  AVERAGE WIND SPEED    MM



WEATHER CONDITIONS
 THE FOLLOWING WEATHER WAS RECORDED YESTERDAY.
  LIGHT RAIN






-  INDICATES NEGATIVE NUMBERS.
R  INDICATES RECORD WAS SET OR TIED.
MM INDICATES DATA IS MISSING.
T  INDICATES TRACE AMOUNT.




$$
