000
CDUS46 KMTR 290827
CLISFD


CLIMATE REPORT
NATIONAL WEATHER SERVICE SAN FRANCISCO BAY AREA
127 AM PDT SUN MAR 29 2015


...................................

...THE SAN FRANCISCO DWTN CA CLIMATE SUMMARY FOR MARCH 28 2015...

CLIMATE NORMAL PERIOD 1981 TO 2010
CLIMATE RECORD PERIOD 1850 TO 2015


WEATHER ITEM   OBSERVED TIME   RECORD YEAR NORMAL DEPARTURE LAST
                VALUE   (LST)  VALUE       VALUE  FROM      YEAR
                                                  NORMAL
..................................................................
TEMPERATURE (F)
 YESTERDAY
  MAXIMUM         71   1243 PM  81    1986  62      9       67
  MINIMUM         52    543 AM  42    1897  49      3       54
  AVERAGE         62                        55      7       61

PRECIPITATION (IN)
  YESTERDAY        0.00          1.33 1897   0.09  -0.09     0.00
  MONTH TO DATE    0.12                      3.03  -2.91     1.45
  SINCE OCT 1     16.04                     20.83  -4.79     8.98
  SINCE JAN 1      1.59                     11.99 -10.40     7.33

DEGREE DAYS
 HEATING
  YESTERDAY        3                        MM     MM        4
  MONTH TO DATE  139                        MM     MM      166
  SINCE MAR 1    139                        MM     MM      166
  SINCE JUL 1   1213                        MM     MM     1829

 COOLING
  YESTERDAY        0                        MM     MM        0
  MONTH TO DATE    8                         0      8        1
  SINCE MAR 1      8                         0      8        1
  SINCE JAN 1      8                         0      8        1
..................................................................







THE SAN FRANCISCO DWTN CA CLIMATE NORMALS FOR TODAY
                         NORMAL    RECORD    YEAR
 MAXIMUM TEMPERATURE (F)   62        79      1987
 MINIMUM TEMPERATURE (F)   49        39      1897


SUNRISE AND SUNSET
MARCH 29 2015.........SUNRISE   700 AM PDT   SUNSET   730 PM PDT
MARCH 30 2015.........SUNRISE   658 AM PDT   SUNSET   731 PM PDT


-  INDICATES NEGATIVE NUMBERS.
R  INDICATES RECORD WAS SET OR TIED.
MM INDICATES DATA IS MISSING.
T  INDICATES TRACE AMOUNT.




$$
