000
CDUS46 KOTX 290826
CLISFF


CLIMATE REPORT
NATIONAL WEATHER SERVICE SPOKANE, WA
124 AM PDT SAT AUG 29 2015


...................................

...THE SPOKANE WA FELTS AIRPORT CLIMATE SUMMARY FOR AUGUST 28 2015...

CLIMATE NORMAL PERIOD 1981 TO 2010
CLIMATE RECORD PERIOD 9999 TO 9999


WEATHER ITEM   OBSERVED TIME   RECORD YEAR NORMAL DEPARTURE LAST
                VALUE   (LST)  VALUE       VALUE  FROM      YEAR
                                                  NORMAL
..................................................................
TEMPERATURE (F)
 YESTERDAY
  MAXIMUM         83    344 PM  MM      MM  81      2       86
  MINIMUM         62    523 AM  MM      MM  52     10       61
  AVERAGE         73                        67      6       74

PRECIPITATION (IN)
  YESTERDAY        0.00         MM      MM   0.03  -0.03     0.00
  MONTH TO DATE    0.02                      0.61  -0.59     0.48
  SINCE OCT 1     13.20                     16.85  -3.65    13.40
  SINCE JAN 1      8.47                     10.65  -2.18    11.12

SNOWFALL (IN)
  YESTERDAY       MM

DEGREE DAYS
 HEATING
  YESTERDAY        0                         2     -2        0
  MONTH TO DATE    2                        16    -14        0
  SINCE JUN 1     17                       155   -138       83
  SINCE JUL 1      2                        37    -35        4

 COOLING
  YESTERDAY        8                         3      5        9
  MONTH TO DATE  241                       149     92      233
  SINCE JUN 1    779                       360    419      592
  SINCE JAN 1    817                       367    450      597
..................................................................


WIND (MPH)
  HIGHEST WIND SPEED    13   HIGHEST WIND DIRECTION    SW (220)
  HIGHEST GUST SPEED    17   HIGHEST GUST DIRECTION    SW (210)
  AVERAGE WIND SPEED     4.1


SKY COVER
  POSSIBLE SUNSHINE  MM
  AVERAGE SKY COVER 0.2


WEATHER CONDITIONS
 THE FOLLOWING WEATHER WAS RECORDED YESTERDAY.
  HAZE


RELATIVE HUMIDITY (PERCENT)
 HIGHEST    56           700 AM
 LOWEST     24           500 PM
 AVERAGE    40

..........................................................


THE SPOKANE WA FELTS AIRPORT CLIMATE NORMALS FOR TODAY
                         NORMAL    RECORD    YEAR
 MAXIMUM TEMPERATURE (F)   81        MM        MM
 MINIMUM TEMPERATURE (F)   52        MM        MM


SUNRISE AND SUNSET
AUGUST 29 2015........SUNRISE   604 AM PDT   SUNSET   736 PM PDT
AUGUST 30 2015........SUNRISE   605 AM PDT   SUNSET   734 PM PDT


-  INDICATES NEGATIVE NUMBERS.
R  INDICATES RECORD WAS SET OR TIED.
MM INDICATES DATA IS MISSING.
T  INDICATES TRACE AMOUNT.




$$
