000
CDUS46 KOTX 010824
CLISFF


CLIMATE REPORT
NATIONAL WEATHER SERVICE SPOKANE, WA
123 AM PDT WED OCT 1 2014


...................................

...THE SPOKANE WA FELTS AIRPORT CLIMATE SUMMARY FOR SEPTEMBER 30 2014...

CLIMATE NORMAL PERIOD 1981 TO 2010
CLIMATE RECORD PERIOD 9999 TO 9999


WEATHER ITEM   OBSERVED TIME   RECORD YEAR NORMAL DEPARTURE LAST
                VALUE   (LST)  VALUE       VALUE  FROM      YEAR
                                                  NORMAL
..................................................................
TEMPERATURE (F)
 YESTERDAY
  MAXIMUM         69    151 PM  MM      MM  68      1       61
  MINIMUM         41   1147 PM  MM      MM  41      0       46
  AVERAGE         55                        55      0       54

PRECIPITATION (IN)
  YESTERDAY        0.09         MM      MM   0.03   0.06     0.05
  MONTH TO DATE    0.29                      0.84  -0.55     2.00
  SINCE OCT 1     13.69                     17.78  -4.09    18.32
  SINCE JAN 1     11.41                     11.58  -0.17    11.68

SNOWFALL (IN)
  YESTERDAY       MM            MM      MM  MM     MM       MM
  MONTH TO DATE   MM                        MM     MM       MM
  SINCE SEP 1     MM                        MM     MM       MM
  SINCE JUL 1     MM                        MM     MM       MM
  SNOW DEPTH      MM

DEGREE DAYS
 HEATING
  YESTERDAY       10                        10      0       11
  MONTH TO DATE   86                       166    -80      129
  SINCE SEP 1     86                       165    -79      129
  SINCE JUL 1     92                       211   -119      134

 COOLING
  YESTERDAY        0                         0      0        0
  MONTH TO DATE   33                        30      3      101
  SINCE SEP 1     33                        30      3      101
  SINCE JAN 1    638                       406    232      704
..................................................................


WIND (MPH)
  HIGHEST WIND SPEED    23   HIGHEST WIND DIRECTION     N (350)
  HIGHEST GUST SPEED    31   HIGHEST GUST DIRECTION     N (340)
  AVERAGE WIND SPEED     6.4


SKY COVER
  POSSIBLE SUNSHINE  MM
  AVERAGE SKY COVER 0.6


WEATHER CONDITIONS
 THE FOLLOWING WEATHER WAS RECORDED YESTERDAY.
  LIGHT RAIN


RELATIVE HUMIDITY (PERCENT)
 HIGHEST    89          1000 PM
 LOWEST     24           200 PM
 AVERAGE    57

..........................................................


THE SPOKANE WA FELTS AIRPORT CLIMATE NORMALS FOR TODAY
                         NORMAL    RECORD    YEAR
 MAXIMUM TEMPERATURE (F)   68        MM        MM
 MINIMUM TEMPERATURE (F)   41        MM        MM


SUNRISE AND SUNSET
OCTOBER  1 2014.......SUNRISE   648 AM PDT   SUNSET   629 PM PDT
OCTOBER  2 2014.......SUNRISE   650 AM PDT   SUNSET   627 PM PDT


-  INDICATES NEGATIVE NUMBERS.
R  INDICATES RECORD WAS SET OR TIED.
MM INDICATES DATA IS MISSING.
T  INDICATES TRACE AMOUNT.




$$
